NOAA-Style Climate Reports
Select a Year or Month report
2024: Jan Feb Mar Apr May Jun Jul Aug Sep Oct Nov Dec
2023: Jan Feb Mar Apr May Jun Jul Aug Sep Oct Nov Dec
2022: Jan Feb Mar Apr May Jun Jul Aug Sep Oct Nov Dec
2021: Jan Feb Mar Apr May Jun Jul Aug Sep Oct Nov Dec
2020: Jan Feb Mar Apr May Jun Jul Aug Sep Oct Nov Dec
2019: Jan Feb Mar Apr May Jun Jul Aug Sep Oct Nov Dec
2018: Jan Feb Mar Apr May Jun Jul Aug Sep Oct Nov Dec
2017: Jan Feb Mar Apr May Jun Jul Aug Sep Oct Nov Dec
2016: Jan Feb Mar Apr May Jun Jul Aug Sep Oct Nov Dec
2015: Jan Feb Mar Apr May Jun Jul Aug Sep Oct Nov Dec
2014: Jan Feb Mar Apr May Jun Jul Aug Sep Oct Nov Dec
2013: Jan Feb Mar Apr May Jun Jul Aug Sep Oct Nov Dec
2012: Jan Feb Mar Apr May Jun Jul Aug Sep Oct Nov Dec
2011: Jan Feb Mar Apr May Jun Jul Aug Sep Oct Nov Dec
2024: Jan Feb Mar Apr May Jun Jul Aug Sep Oct Nov Dec
2023: Jan Feb Mar Apr May Jun Jul Aug Sep Oct Nov Dec
2022: Jan Feb Mar Apr May Jun Jul Aug Sep Oct Nov Dec
2021: Jan Feb Mar Apr May Jun Jul Aug Sep Oct Nov Dec
2020: Jan Feb Mar Apr May Jun Jul Aug Sep Oct Nov Dec
2019: Jan Feb Mar Apr May Jun Jul Aug Sep Oct Nov Dec
2018: Jan Feb Mar Apr May Jun Jul Aug Sep Oct Nov Dec
2017: Jan Feb Mar Apr May Jun Jul Aug Sep Oct Nov Dec
2016: Jan Feb Mar Apr May Jun Jul Aug Sep Oct Nov Dec
2015: Jan Feb Mar Apr May Jun Jul Aug Sep Oct Nov Dec
2014: Jan Feb Mar Apr May Jun Jul Aug Sep Oct Nov Dec
2013: Jan Feb Mar Apr May Jun Jul Aug Sep Oct Nov Dec
2012: Jan Feb Mar Apr May Jun Jul Aug Sep Oct Nov Dec
2011: Jan Feb Mar Apr May Jun Jul Aug Sep Oct Nov Dec
Report for 2024 January
MONTHLY CLIMATOLOGICAL SUMMARY for Apr 2015 NAME: High Mosser Gate ELEV: 670 feet LAT: 54-36.48 N LONG: 003-22.02 W TEMPERATURE (C), RAIN (mm), WIND SPEED (knots) HEAT COOL AVG MEAN DEG DEG WIND DOM DAY TEMP HIGH TIME LOW TIME DAYS DAYS RAIN SPEED HIGH TIME DIR --------------------------------------------------------------------------------------- 01 4.0 5.5 13:30 2.2 07:30 14.4 0.0 1.2 5.9 23.5 13:00 281 02 4.1 7.3 13:30 0.3 07:00 14.2 0.0 0.2 0.8 8.7 04:00 301 03 5.8 6.8 12:00 3.6 03:30 12.6 0.0 4.8 1.4 13.9 17:00 317 04 7.7 10.5 15:00 5.0 05:00 10.6 0.0 0.0 0.8 7.8 15:00 311 05 7.5 11.1 17:30 3.0 23:30 10.8 0.0 0.0 0.7 7.8 15:00 273 06 7.3 13.8 17:00 1.9 06:00 11.0 0.0 0.2 0.5 7.0 17:30 300 07 8.4 11.7 15:30 5.4 07:00 9.9 0.0 0.0 1.4 9.6 16:00 284 08 8.8 12.8 15:30 4.1 05:30 9.6 0.0 0.0 1.0 7.8 14:00 253 09 11.3 15.7 17:00 7.7 07:30 7.0 0.0 0.0 1.8 11.3 14:30 198 10 11.3 17.7 15:00 7.1 06:00 7.0 0.0 0.0 4.3 21.7 23:00 137 11 6.3 9.2 17:00 2.3 06:00 12.1 0.0 6.2 4.9 24.3 02:30 232 12 4.9 8.0 18:00 1.1 12:30 13.5 0.0 23.2 2.6 26.9 11:00 115 13 6.9 10.0 13:00 2.8 05:30 11.4 0.0 0.0 3.1 20.0 00:00 137 14 8.4 10.9 15:00 7.4 00:00 9.9 0.0 0.2 2.6 14.8 00:30 132 15 7.4 10.1 16:00 3.6 00:00 11.0 0.0 6.4 3.0 15.6 05:30 257 16 6.4 10.7 15:30 2.4 05:00 11.9 0.0 0.0 1.2 10.4 14:30 308 17 9.2 13.1 11:00 5.1 00:00 9.1 0.0 0.0 2.4 11.3 17:00 111 18 8.5 13.9 16:00 2.5 06:00 9.9 0.0 0.0 1.9 13.9 03:00 67 19 6.2 11.3 17:00 1.4 05:00 12.2 0.0 0.2 3.0 18.2 15:30 48 20 7.5 11.7 15:00 2.5 06:00 10.8 0.0 0.4 1.0 8.7 13:00 307 21 10.0 14.5 14:30 4.7 05:00 8.4 0.0 0.0 1.2 10.4 16:00 331 22 11.3 15.1 16:30 6.0 06:00 7.0 0.0 0.0 1.1 8.7 15:30 307 23 11.9 15.4 15:00 7.4 06:30 6.4 0.0 0.0 1.0 10.4 15:00 277 24 9.0 11.2 08:00 7.2 11:30 9.4 0.0 1.8 1.7 14.8 23:00 133 25 6.8 9.3 19:00 3.2 12:00 11.5 0.0 1.8 2.3 12.2 11:00 340 26 5.6 8.5 15:08 0.4 23:55 12.7 0.0 0.2 4.3 18.2 15:30 296 27 3.6 8.8 12:52 -2.5 04:37 14.7 0.0 4.2 1.9 17.4 18:38 139 28 5.1 8.8 16:31 2.6 04:01 13.2 0.0 5.4 5.3 21.7 22:42 258 29 5.6 8.7 16:53 2.3 07:17 12.7 0.0 18.0 2.6 23.5 00:30 132 30 5.8 10.2 16:31 2.9 23:02 12.6 0.0 2.8 1.9 12.2 11:28 43 --------------------------------------------------------------------------------------- 7.4 17.7 10 -2.5 27 327.4 0.0 77.2 2.2 26.9 12 231