NOAA-Style Climate Reports
Select a Year or Month report
2024: Jan Feb Mar Apr May Jun Jul Aug Sep Oct Nov Dec
2023: Jan Feb Mar Apr May Jun Jul Aug Sep Oct Nov Dec
2022: Jan Feb Mar Apr May Jun Jul Aug Sep Oct Nov Dec
2021: Jan Feb Mar Apr May Jun Jul Aug Sep Oct Nov Dec
2020: Jan Feb Mar Apr May Jun Jul Aug Sep Oct Nov Dec
2019: Jan Feb Mar Apr May Jun Jul Aug Sep Oct Nov Dec
2018: Jan Feb Mar Apr May Jun Jul Aug Sep Oct Nov Dec
2017: Jan Feb Mar Apr May Jun Jul Aug Sep Oct Nov Dec
2016: Jan Feb Mar Apr May Jun Jul Aug Sep Oct Nov Dec
2015: Jan Feb Mar Apr May Jun Jul Aug Sep Oct Nov Dec
2014: Jan Feb Mar Apr May Jun Jul Aug Sep Oct Nov Dec
2013: Jan Feb Mar Apr May Jun Jul Aug Sep Oct Nov Dec
2012: Jan Feb Mar Apr May Jun Jul Aug Sep Oct Nov Dec
2011: Jan Feb Mar Apr May Jun Jul Aug Sep Oct Nov Dec
2024: Jan Feb Mar Apr May Jun Jul Aug Sep Oct Nov Dec
2023: Jan Feb Mar Apr May Jun Jul Aug Sep Oct Nov Dec
2022: Jan Feb Mar Apr May Jun Jul Aug Sep Oct Nov Dec
2021: Jan Feb Mar Apr May Jun Jul Aug Sep Oct Nov Dec
2020: Jan Feb Mar Apr May Jun Jul Aug Sep Oct Nov Dec
2019: Jan Feb Mar Apr May Jun Jul Aug Sep Oct Nov Dec
2018: Jan Feb Mar Apr May Jun Jul Aug Sep Oct Nov Dec
2017: Jan Feb Mar Apr May Jun Jul Aug Sep Oct Nov Dec
2016: Jan Feb Mar Apr May Jun Jul Aug Sep Oct Nov Dec
2015: Jan Feb Mar Apr May Jun Jul Aug Sep Oct Nov Dec
2014: Jan Feb Mar Apr May Jun Jul Aug Sep Oct Nov Dec
2013: Jan Feb Mar Apr May Jun Jul Aug Sep Oct Nov Dec
2012: Jan Feb Mar Apr May Jun Jul Aug Sep Oct Nov Dec
2011: Jan Feb Mar Apr May Jun Jul Aug Sep Oct Nov Dec
Report for 2023 January
MONTHLY CLIMATOLOGICAL SUMMARY for Jan 2023 NAME: High Mosser Gate ELEV: 673 feet LAT: 54-36.48 N LONG: 003-22.02 W TEMPERATURE (C), RAIN (mm), WIND SPEED (knots) HEAT COOL AVG MEAN DEG DEG WIND DOM DAY TEMP HIGH TIME LOW TIME DAYS DAYS RAIN SPEED HIGH TIME DIR --------------------------------------------------------------------------------------- 01 5.1 6.5 11:14 4.0 23:55 13.3 0.0 11.0 0.2 12.2 11:30 160 02 2.8 4.2 00:18 0.1 09:30 15.6 0.0 0.2 0.9 13.0 22:05 135 03 9.1 11.0 23:23 2.6 01:38 9.2 0.0 19.4 4.5 26.1 15:00 134 04 8.7 10.7 00:51 8.1 23:59 9.6 0.0 1.2 1.9 16.5 20:00 227 05 8.7 9.8 17:16 6.2 23:54 9.6 0.0 14.0 2.6 25.2 15:00 133 06 8.2 10.4 23:58 5.9 10:03 10.2 0.0 2.0 3.9 26.1 00:00 135 07 7.5 10.4 00:00 6.4 15:41 10.8 0.0 8.0 4.6 26.9 01:00 134 08 4.9 7.7 00:00 3.1 16:39 13.4 0.0 6.6 1.6 21.7 11:11 132 09 5.5 6.2 16:16 4.9 23:55 12.9 0.0 2.4 2.5 17.4 16:31 268 10 9.6 10.4 15:03 4.9 00:00 8.8 0.0 17.4 5.6 25.2 10:30 130 11 5.7 6.3 12:24 4.5 13:30 12.7 0.0 4.8 2.3 15.6 13:00 238 12 6.8 9.1 10:24 5.9 22:30 11.6 0.0 5.8 3.5 24.3 22:00 173 13 6.1 6.6 00:30 5.3 16:30 12.3 0.0 11.0 4.2 22.6 00:30 263 14 4.6 6.8 01:00 3.7 14:00 13.7 0.0 3.8 5.1 27.8 01:00 235 15 3.3 4.9 13:30 2.1 21:00 15.0 0.0 0.0 0.6 20.9 00:30 226 16 -0.6 2.3 00:30 -3.6 23:28 19.0 0.0 0.4 0.0 3.5 01:30 90 17 -1.6 0.9 11:49 -4.1 01:52 19.9 0.0 0.0 0.0 0.9 00:00 90 18 1.7 3.4 11:52 -0.9 23:30 16.6 0.0 0.6 1.4 10.4 12:01 292 19 1.4 3.5 17:07 -0.4 00:30 17.0 0.0 0.2 1.4 11.3 16:30 275 20 2.3 3.4 12:43 -0.6 09:26 16.0 0.0 0.0 0.0 0.0 00:00 90 21 4.2 5.6 13:15 3.1 16:19 14.2 0.0 0.0 3.1 13.0 18:10 142 22 6.0 7.0 19:21 4.1 01:49 12.3 0.0 0.0 4.2 19.1 11:00 135 23 7.3 8.2 13:26 6.4 00:00 11.0 0.0 0.2 1.8 12.2 00:00 134 24 7.4 7.8 17:00 6.9 00:00 10.9 0.0 0.0 3.1 11.3 00:22 135 25 7.6 7.6 11:00 7.6 11:00 10.7 0.0 1.4 4.8 15.6 11:00 270 26 N/A N/A N/A N/A N/A 0.0 0.0 0.0 N/A 0.0 00:30 90 27 3.1 4.2 12:27 0.6 08:41 15.2 0.0 0.0 0.0 0.0 00:00 90 28 N/A N/A N/A N/A N/A 0.0 0.0 0.0 N/A 0.0 00:00 90 29 6.7 8.1 19:00 5.3 00:00 11.7 0.0 1.2 3.9 19.1 22:00 281 30 5.9 6.8 12:56 5.2 00:30 12.4 0.0 0.4 1.3 13.0 00:30 264 31 5.8 6.7 01:41 4.8 17:29 12.6 0.0 0.4 4.0 20.0 12:30 259 --------------------------------------------------------------------------------------- 5.8 11.0 03 -4.1 17 378.0 0.0 112.4 2.7 27.8 14 175