NOAA-Style Climate Reports
Select a Year or Month report
2024: Jan Feb Mar Apr May Jun Jul Aug Sep Oct Nov Dec
2023: Jan Feb Mar Apr May Jun Jul Aug Sep Oct Nov Dec
2022: Jan Feb Mar Apr May Jun Jul Aug Sep Oct Nov Dec
2021: Jan Feb Mar Apr May Jun Jul Aug Sep Oct Nov Dec
2020: Jan Feb Mar Apr May Jun Jul Aug Sep Oct Nov Dec
2019: Jan Feb Mar Apr May Jun Jul Aug Sep Oct Nov Dec
2018: Jan Feb Mar Apr May Jun Jul Aug Sep Oct Nov Dec
2017: Jan Feb Mar Apr May Jun Jul Aug Sep Oct Nov Dec
2016: Jan Feb Mar Apr May Jun Jul Aug Sep Oct Nov Dec
2015: Jan Feb Mar Apr May Jun Jul Aug Sep Oct Nov Dec
2014: Jan Feb Mar Apr May Jun Jul Aug Sep Oct Nov Dec
2013: Jan Feb Mar Apr May Jun Jul Aug Sep Oct Nov Dec
2012: Jan Feb Mar Apr May Jun Jul Aug Sep Oct Nov Dec
2011: Jan Feb Mar Apr May Jun Jul Aug Sep Oct Nov Dec
2024: Jan Feb Mar Apr May Jun Jul Aug Sep Oct Nov Dec
2023: Jan Feb Mar Apr May Jun Jul Aug Sep Oct Nov Dec
2022: Jan Feb Mar Apr May Jun Jul Aug Sep Oct Nov Dec
2021: Jan Feb Mar Apr May Jun Jul Aug Sep Oct Nov Dec
2020: Jan Feb Mar Apr May Jun Jul Aug Sep Oct Nov Dec
2019: Jan Feb Mar Apr May Jun Jul Aug Sep Oct Nov Dec
2018: Jan Feb Mar Apr May Jun Jul Aug Sep Oct Nov Dec
2017: Jan Feb Mar Apr May Jun Jul Aug Sep Oct Nov Dec
2016: Jan Feb Mar Apr May Jun Jul Aug Sep Oct Nov Dec
2015: Jan Feb Mar Apr May Jun Jul Aug Sep Oct Nov Dec
2014: Jan Feb Mar Apr May Jun Jul Aug Sep Oct Nov Dec
2013: Jan Feb Mar Apr May Jun Jul Aug Sep Oct Nov Dec
2012: Jan Feb Mar Apr May Jun Jul Aug Sep Oct Nov Dec
2011: Jan Feb Mar Apr May Jun Jul Aug Sep Oct Nov Dec
Report for 2022 November
MONTHLY CLIMATOLOGICAL SUMMARY for Nov 2022 NAME: High Mosser Gate ELEV: 673 feet LAT: 54-36.48 N LONG: 003-22.02 W TEMPERATURE (C), RAIN (mm), WIND SPEED (knots) HEAT COOL AVG MEAN DEG DEG WIND DOM DAY TEMP HIGH TIME LOW TIME DAYS DAYS RAIN SPEED HIGH TIME DIR --------------------------------------------------------------------------------------- 01 9.2 11.6 13:22 6.2 22:30 9.1 0.0 14.8 0.6 13.0 00:00 145 02 9.3 10.8 11:39 7.1 00:12 9.1 0.0 3.2 5.1 29.5 12:00 134 03 6.6 10.4 13:12 3.2 23:59 11.7 0.0 2.8 0.5 8.7 11:38 136 04 7.8 9.4 13:50 3.0 00:49 10.6 0.0 0.4 1.0 13.0 12:47 292 05 9.2 11.5 13:20 7.6 18:51 9.1 0.0 5.8 1.9 22.6 09:30 137 06 9.6 11.2 10:32 8.0 23:25 8.7 0.0 8.4 3.7 19.1 10:00 135 07 12.6 13.4 18:00 7.6 00:04 5.7 0.0 14.4 6.7 29.5 22:30 133 08 9.3 10.4 10:55 7.9 19:03 9.0 0.0 25.4 4.1 23.5 11:30 133 09 9.9 10.9 11:01 8.8 17:05 8.4 0.0 0.0 0.8 12.2 11:22 232 10 12.8 13.2 18:51 12.4 08:58 5.5 0.0 2.0 4.3 23.5 14:24 110 11 13.8 14.6 12:04 12.4 22:12 4.6 0.0 6.8 5.1 29.5 14:00 126 12 11.7 12.3 11:13 9.8 15:58 6.6 0.0 0.0 2.7 13.9 12:00 135 13 16.2 18.1 12:36 12.9 08:16 2.1 0.0 0.0 4.7 16.5 12:11 134 14 13.7 15.8 13:46 12.1 08:17 4.6 0.0 0.0 3.2 13.9 13:30 135 15 9.3 15.6 10:48 7.4 14:50 9.0 0.0 4.6 1.4 13.9 10:00 157 16 7.7 8.9 15:26 4.6 08:33 10.7 0.0 0.0 0.8 10.4 13:45 121 17 7.1 7.6 10:18 6.8 10:07 11.2 0.0 0.4 0.3 7.8 10:07 22 18 7.8 15.2 13:06 6.7 12:08 10.6 0.0 0.0 2.9 12.2 12:11 291 19 8.2 16.2 15:15 6.1 08:35 10.2 0.0 0.0 0.6 5.2 10:59 133 20 6.1 7.9 10:46 3.9 12:48 12.2 0.0 4.6 0.5 12.2 12:30 257 21 5.8 7.8 12:35 3.2 16:53 12.6 0.0 0.0 4.2 23.5 11:24 111 22 6.2 30.7 15:40 5.1 09:15 12.1 0.0 0.0 0.0 4.3 08:56 90 23 8.2 25.5 13:51 7.3 09:41 10.1 0.0 0.2 0.9 17.4 10:00 129 24 8.8 9.6 11:53 7.9 13:33 9.5 0.0 7.2 7.1 26.1 13:00 135 25 9.0 12.3 15:22 7.3 08:55 9.4 0.0 0.0 0.1 10.4 15:00 225 26 10.2 11.1 14:02 9.7 09:18 8.1 0.0 1.4 7.4 23.5 11:14 135 27 9.3 9.8 15:40 8.8 15:38 9.1 0.0 0.6 2.8 20.9 15:00 135 28 7.9 9.3 13:36 4.8 16:15 10.5 0.0 0.0 0.4 7.8 09:39 135 29 5.6 8.4 14:47 3.8 08:57 12.8 0.0 0.0 0.0 1.7 09:42 90 30 1.7 2.7 12:05 -0.1 08:51 16.6 0.0 0.0 0.0 0.0 00:00 90 --------------------------------------------------------------------------------------- 9.2 30.7 22 -0.1 30 279.5 0.0 103.0 2.5 29.5 02 132