NOAA-Style Climate Reports
Select a Year or Month report
2024: Jan Feb Mar Apr May Jun Jul Aug Sep Oct Nov Dec
2023: Jan Feb Mar Apr May Jun Jul Aug Sep Oct Nov Dec
2022: Jan Feb Mar Apr May Jun Jul Aug Sep Oct Nov Dec
2021: Jan Feb Mar Apr May Jun Jul Aug Sep Oct Nov Dec
2020: Jan Feb Mar Apr May Jun Jul Aug Sep Oct Nov Dec
2019: Jan Feb Mar Apr May Jun Jul Aug Sep Oct Nov Dec
2018: Jan Feb Mar Apr May Jun Jul Aug Sep Oct Nov Dec
2017: Jan Feb Mar Apr May Jun Jul Aug Sep Oct Nov Dec
2016: Jan Feb Mar Apr May Jun Jul Aug Sep Oct Nov Dec
2015: Jan Feb Mar Apr May Jun Jul Aug Sep Oct Nov Dec
2014: Jan Feb Mar Apr May Jun Jul Aug Sep Oct Nov Dec
2013: Jan Feb Mar Apr May Jun Jul Aug Sep Oct Nov Dec
2012: Jan Feb Mar Apr May Jun Jul Aug Sep Oct Nov Dec
2011: Jan Feb Mar Apr May Jun Jul Aug Sep Oct Nov Dec
2024: Jan Feb Mar Apr May Jun Jul Aug Sep Oct Nov Dec
2023: Jan Feb Mar Apr May Jun Jul Aug Sep Oct Nov Dec
2022: Jan Feb Mar Apr May Jun Jul Aug Sep Oct Nov Dec
2021: Jan Feb Mar Apr May Jun Jul Aug Sep Oct Nov Dec
2020: Jan Feb Mar Apr May Jun Jul Aug Sep Oct Nov Dec
2019: Jan Feb Mar Apr May Jun Jul Aug Sep Oct Nov Dec
2018: Jan Feb Mar Apr May Jun Jul Aug Sep Oct Nov Dec
2017: Jan Feb Mar Apr May Jun Jul Aug Sep Oct Nov Dec
2016: Jan Feb Mar Apr May Jun Jul Aug Sep Oct Nov Dec
2015: Jan Feb Mar Apr May Jun Jul Aug Sep Oct Nov Dec
2014: Jan Feb Mar Apr May Jun Jul Aug Sep Oct Nov Dec
2013: Jan Feb Mar Apr May Jun Jul Aug Sep Oct Nov Dec
2012: Jan Feb Mar Apr May Jun Jul Aug Sep Oct Nov Dec
2011: Jan Feb Mar Apr May Jun Jul Aug Sep Oct Nov Dec
Report for 2022 August
MONTHLY CLIMATOLOGICAL SUMMARY for Aug 2022 NAME: High Mosser Gate ELEV: 673 feet LAT: 54-36.48 N LONG: 003-22.02 W TEMPERATURE (C), RAIN (mm), WIND SPEED (knots) HEAT COOL AVG MEAN DEG DEG WIND DOM DAY TEMP HIGH TIME LOW TIME DAYS DAYS RAIN SPEED HIGH TIME DIR --------------------------------------------------------------------------------------- 01 N/A N/A N/A N/A N/A 0.0 0.0 0.0 N/A 0.0 00:00 90 02 N/A N/A N/A N/A N/A 0.0 0.0 0.0 N/A 0.0 00:00 90 03 N/A N/A N/A N/A N/A 0.0 0.0 0.0 N/A 0.0 00:00 90 04 N/A N/A N/A N/A N/A 0.0 0.0 0.0 N/A 0.0 00:00 90 05 N/A N/A N/A N/A N/A 0.0 0.0 0.0 N/A 0.0 00:00 90 06 N/A N/A N/A N/A N/A 0.0 0.0 0.0 N/A 0.0 00:00 90 07 N/A N/A N/A N/A N/A 0.0 0.0 0.0 N/A 0.0 00:00 90 08 17.5 17.8 12:34 17.4 12:25 0.8 0.0 0.0 0.0 0.0 00:00 90 09 N/A N/A N/A N/A N/A 0.0 0.0 0.0 N/A 0.0 00:00 90 10 N/A N/A N/A N/A N/A 0.0 0.0 0.0 N/A 0.0 02:30 90 11 N/A N/A N/A N/A N/A 0.0 0.0 0.0 N/A 0.0 19:36 90 12 N/A N/A N/A N/A N/A 0.0 0.0 0.0 N/A 0.0 00:00 90 13 22.8 27.1 19:27 19.3 21:45 0.0 4.5 0.0 0.0 0.0 02:30 90 14 23.3 26.4 09:03 17.4 06:28 0.0 4.9 0.0 0.0 0.9 20:30 90 15 18.2 32.4 18:34 15.4 07:08 0.1 0.0 1.0 0.0 0.9 17:49 90 16 15.2 17.7 16:49 12.0 23:41 3.1 0.0 0.4 0.0 3.5 19:00 90 17 14.6 18.9 13:40 10.3 05:41 3.7 0.0 0.0 0.0 0.9 04:00 90 18 15.6 16.9 18:05 13.2 00:30 2.7 0.0 6.4 0.1 10.4 05:00 116 19 14.6 45.9 18:54 10.8 05:02 3.7 0.0 0.0 0.2 8.7 12:19 74 20 13.9 16.3 13:05 12.1 14:47 4.4 0.0 12.0 0.0 7.8 08:41 90 21 14.2 17.1 15:08 10.1 21:28 4.1 0.0 0.0 0.3 7.8 10:36 291 22 17.3 19.4 15:32 11.1 07:56 1.0 0.0 0.8 0.5 13.0 12:07 130 23 17.6 20.5 15:33 15.2 20:45 0.7 0.0 1.2 0.0 1.7 09:19 90 24 16.2 18.7 14:22 13.3 20:04 2.1 0.0 1.4 0.1 11.3 07:30 135 25 15.7 19.0 19:18 11.3 07:25 2.6 0.0 0.0 0.2 7.8 15:19 292 26 17.0 19.4 16:23 13.9 07:11 1.4 0.0 0.0 0.0 4.3 14:53 90 27 14.9 17.9 17:41 10.9 21:15 3.4 0.0 0.0 0.0 5.2 11:43 90 28 16.8 26.9 15:30 10.7 03:46 1.5 0.0 0.0 0.0 0.9 11:47 90 29 17.2 19.4 12:40 13.8 07:23 1.2 0.0 0.0 0.0 0.9 12:38 90 30 16.0 18.7 18:23 11.7 07:42 2.3 0.0 0.0 0.0 7.0 16:31 90 31 16.8 19.7 18:46 8.4 07:11 1.6 0.0 0.0 0.0 5.2 15:39 90 --------------------------------------------------------------------------------------- 16.5 45.9 19 8.4 31 40.5 9.4 23.2 0.1 13.0 22 113