NOAA-Style Climate Reports
Select a Year or Month report
2024: Jan Feb Mar Apr May Jun Jul Aug Sep Oct Nov Dec
2023: Jan Feb Mar Apr May Jun Jul Aug Sep Oct Nov Dec
2022: Jan Feb Mar Apr May Jun Jul Aug Sep Oct Nov Dec
2021: Jan Feb Mar Apr May Jun Jul Aug Sep Oct Nov Dec
2020: Jan Feb Mar Apr May Jun Jul Aug Sep Oct Nov Dec
2019: Jan Feb Mar Apr May Jun Jul Aug Sep Oct Nov Dec
2018: Jan Feb Mar Apr May Jun Jul Aug Sep Oct Nov Dec
2017: Jan Feb Mar Apr May Jun Jul Aug Sep Oct Nov Dec
2016: Jan Feb Mar Apr May Jun Jul Aug Sep Oct Nov Dec
2015: Jan Feb Mar Apr May Jun Jul Aug Sep Oct Nov Dec
2014: Jan Feb Mar Apr May Jun Jul Aug Sep Oct Nov Dec
2013: Jan Feb Mar Apr May Jun Jul Aug Sep Oct Nov Dec
2012: Jan Feb Mar Apr May Jun Jul Aug Sep Oct Nov Dec
2011: Jan Feb Mar Apr May Jun Jul Aug Sep Oct Nov Dec
2024: Jan Feb Mar Apr May Jun Jul Aug Sep Oct Nov Dec
2023: Jan Feb Mar Apr May Jun Jul Aug Sep Oct Nov Dec
2022: Jan Feb Mar Apr May Jun Jul Aug Sep Oct Nov Dec
2021: Jan Feb Mar Apr May Jun Jul Aug Sep Oct Nov Dec
2020: Jan Feb Mar Apr May Jun Jul Aug Sep Oct Nov Dec
2019: Jan Feb Mar Apr May Jun Jul Aug Sep Oct Nov Dec
2018: Jan Feb Mar Apr May Jun Jul Aug Sep Oct Nov Dec
2017: Jan Feb Mar Apr May Jun Jul Aug Sep Oct Nov Dec
2016: Jan Feb Mar Apr May Jun Jul Aug Sep Oct Nov Dec
2015: Jan Feb Mar Apr May Jun Jul Aug Sep Oct Nov Dec
2014: Jan Feb Mar Apr May Jun Jul Aug Sep Oct Nov Dec
2013: Jan Feb Mar Apr May Jun Jul Aug Sep Oct Nov Dec
2012: Jan Feb Mar Apr May Jun Jul Aug Sep Oct Nov Dec
2011: Jan Feb Mar Apr May Jun Jul Aug Sep Oct Nov Dec
Report for 2022 February
MONTHLY CLIMATOLOGICAL SUMMARY for Feb 2022 NAME: High Mosser Gate ELEV: 673 feet LAT: 54-36.48 N LONG: 003-22.02 W TEMPERATURE (C), RAIN (mm), WIND SPEED (knots) HEAT COOL AVG MEAN DEG DEG WIND DOM DAY TEMP HIGH TIME LOW TIME DAYS DAYS RAIN SPEED HIGH TIME DIR --------------------------------------------------------------------------------------- 01 8.1 8.8 13:08 6.7 22:53 10.2 0.0 0.0 5.4 19.1 11:00 290 02 7.9 10.3 10:42 6.6 22:00 10.5 0.0 0.0 1.9 13.0 10:42 255 03 7.6 8.2 13:04 6.8 09:42 10.7 0.0 0.0 1.6 12.2 12:41 133 04 3.4 5.4 09:13 1.8 13:15 14.9 0.0 0.6 5.1 16.5 11:32 287 05 11.8 26.1 11:58 5.4 10:13 6.5 0.0 0.2 3.3 14.8 13:14 156 06 3.8 14.0 16:25 1.3 15:15 14.6 0.0 1.6 9.1 28.7 16:30 289 07 7.0 9.3 16:08 4.4 08:46 11.4 0.0 0.8 2.3 16.5 12:00 130 08 7.0 19.1 14:18 6.3 15:17 11.4 0.0 0.0 1.4 13.0 09:37 271 09 5.2 5.9 13:59 3.8 16:45 13.1 0.0 0.0 3.5 16.5 11:43 258 10 4.2 5.3 12:28 3.0 09:35 14.1 0.0 0.2 3.7 17.4 14:06 261 11 4.8 8.7 17:22 0.9 08:18 13.6 0.0 0.0 1.7 13.9 16:30 137 12 6.8 8.3 15:03 5.3 08:59 11.5 0.0 5.2 5.7 31.3 12:30 132 13 7.9 8.9 15:46 7.3 14:02 10.4 0.0 4.6 6.8 25.2 10:30 135 14 5.8 6.9 14:21 4.0 09:20 12.5 0.0 0.4 3.3 13.9 14:29 303 15 5.6 7.7 15:44 4.7 15:41 12.7 0.0 0.2 2.6 15.6 11:10 252 16 9.2 11.2 15:11 7.7 17:29 9.1 0.0 1.4 4.8 23.5 15:40 216 17 4.3 6.2 14:48 3.0 17:34 14.0 0.0 0.0 3.0 23.5 09:00 274 18 4.5 9.4 16:23 2.2 16:21 13.9 0.0 0.6 6.3 28.7 14:30 289 19 3.5 4.9 15:05 2.1 17:29 14.8 0.0 0.0 0.4 5.2 12:49 289 20 7.4 9.2 10:31 4.6 16:28 10.9 0.0 0.8 3.9 18.2 15:30 250 21 6.6 12.1 09:36 5.3 20:00 11.7 0.0 0.0 3.9 25.2 10:00 299 22 6.1 7.1 15:07 4.6 17:41 12.2 0.0 1.0 3.6 22.6 15:33 275 23 7.2 8.5 14:48 6.3 08:24 11.1 0.0 1.8 3.0 24.3 11:22 136 24 2.9 6.1 14:58 1.6 09:30 15.4 0.0 2.0 4.7 20.0 13:05 261 25 5.7 7.2 13:28 3.3 08:08 12.6 0.0 0.0 1.4 10.4 10:21 282 26 7.6 10.8 19:32 5.8 08:00 10.7 0.0 0.4 7.7 29.5 19:30 137 27 7.7 8.8 14:58 3.4 08:03 10.6 0.0 0.2 6.1 27.8 00:00 136 28 7.8 8.5 11:58 5.9 16:18 10.5 0.0 6.2 4.1 26.9 00:00 137 --------------------------------------------------------------------------------------- 6.2 26.1 05 0.9 11 335.8 0.0 28.2 4.0 31.3 12 234