NOAA-Style Climate Reports
Select a Year or Month report
2024: Jan Feb Mar Apr May Jun Jul Aug Sep Oct Nov Dec
2023: Jan Feb Mar Apr May Jun Jul Aug Sep Oct Nov Dec
2022: Jan Feb Mar Apr May Jun Jul Aug Sep Oct Nov Dec
2021: Jan Feb Mar Apr May Jun Jul Aug Sep Oct Nov Dec
2020: Jan Feb Mar Apr May Jun Jul Aug Sep Oct Nov Dec
2019: Jan Feb Mar Apr May Jun Jul Aug Sep Oct Nov Dec
2018: Jan Feb Mar Apr May Jun Jul Aug Sep Oct Nov Dec
2017: Jan Feb Mar Apr May Jun Jul Aug Sep Oct Nov Dec
2016: Jan Feb Mar Apr May Jun Jul Aug Sep Oct Nov Dec
2015: Jan Feb Mar Apr May Jun Jul Aug Sep Oct Nov Dec
2014: Jan Feb Mar Apr May Jun Jul Aug Sep Oct Nov Dec
2013: Jan Feb Mar Apr May Jun Jul Aug Sep Oct Nov Dec
2012: Jan Feb Mar Apr May Jun Jul Aug Sep Oct Nov Dec
2011: Jan Feb Mar Apr May Jun Jul Aug Sep Oct Nov Dec
2024: Jan Feb Mar Apr May Jun Jul Aug Sep Oct Nov Dec
2023: Jan Feb Mar Apr May Jun Jul Aug Sep Oct Nov Dec
2022: Jan Feb Mar Apr May Jun Jul Aug Sep Oct Nov Dec
2021: Jan Feb Mar Apr May Jun Jul Aug Sep Oct Nov Dec
2020: Jan Feb Mar Apr May Jun Jul Aug Sep Oct Nov Dec
2019: Jan Feb Mar Apr May Jun Jul Aug Sep Oct Nov Dec
2018: Jan Feb Mar Apr May Jun Jul Aug Sep Oct Nov Dec
2017: Jan Feb Mar Apr May Jun Jul Aug Sep Oct Nov Dec
2016: Jan Feb Mar Apr May Jun Jul Aug Sep Oct Nov Dec
2015: Jan Feb Mar Apr May Jun Jul Aug Sep Oct Nov Dec
2014: Jan Feb Mar Apr May Jun Jul Aug Sep Oct Nov Dec
2013: Jan Feb Mar Apr May Jun Jul Aug Sep Oct Nov Dec
2012: Jan Feb Mar Apr May Jun Jul Aug Sep Oct Nov Dec
2011: Jan Feb Mar Apr May Jun Jul Aug Sep Oct Nov Dec
Report for 2021 December
MONTHLY CLIMATOLOGICAL SUMMARY for Dec 2021 NAME: High Mosser Gate ELEV: 673 feet LAT: 54-36.48 N LONG: 003-22.02 W TEMPERATURE (C), RAIN (mm), WIND SPEED (knots) HEAT COOL AVG MEAN DEG DEG WIND DOM DAY TEMP HIGH TIME LOW TIME DAYS DAYS RAIN SPEED HIGH TIME DIR --------------------------------------------------------------------------------------- 01 4.9 10.2 15:41 2.2 15:39 13.4 0.0 0.2 4.4 16.5 13:36 29 02 1.5 5.2 21:16 -1.6 08:53 16.9 0.0 0.2 0.2 7.8 20:30 72 03 6.4 7.3 11:22 5.2 17:52 11.9 0.0 0.0 0.6 7.8 11:46 252 04 5.6 10.5 12:52 3.3 13:51 12.8 0.0 1.6 4.1 16.5 14:00 297 05 2.0 3.8 14:36 0.3 20:43 16.3 0.0 0.0 0.1 7.8 22:44 34 06 4.8 5.9 11:49 2.8 17:50 13.5 0.0 0.4 0.1 10.4 12:38 292 07 9.6 29.7 13:58 2.1 10:41 8.7 0.0 3.2 9.0 37.4 13:30 134 08 4.3 7.0 10:30 3.1 10:27 14.1 0.0 0.2 0.8 10.4 09:45 292 09 5.5 6.7 16:57 4.6 16:56 12.8 0.0 0.0 1.6 16.5 16:30 135 10 3.8 4.6 11:47 2.8 08:54 14.5 0.0 0.0 0.9 12.2 12:30 292 11 7.5 10.3 14:08 6.7 09:25 10.8 0.0 0.4 5.7 23.5 14:08 135 12 9.9 10.9 12:08 8.8 09:20 8.5 0.0 0.2 2.4 20.9 12:59 135 13 6.3 8.2 12:10 3.7 22:54 12.1 0.0 0.0 0.1 6.1 09:49 135 14 7.8 8.4 22:23 7.1 18:39 10.6 0.0 0.0 1.4 13.0 18:01 132 15 9.3 9.6 14:30 8.7 14:29 9.1 0.0 0.0 1.1 13.0 10:30 121 16 8.9 9.8 13:16 7.7 22:33 9.4 0.0 0.0 0.0 0.0 00:00 90 17 5.1 7.7 10:24 2.8 18:56 13.2 0.0 0.0 0.0 0.0 00:00 90 18 3.7 6.1 19:00 2.3 20:56 14.7 0.0 0.0 0.0 0.0 00:00 90 19 5.6 7.3 14:04 2.7 15:46 12.7 0.0 0.0 0.0 0.0 00:00 90 20 3.1 3.9 13:02 0.9 09:29 15.2 0.0 0.0 0.1 4.3 19:36 124 21 1.0 1.6 12:54 -0.5 21:05 17.3 0.0 0.0 0.0 0.0 00:00 90 22 2.8 7.4 14:36 0.5 10:08 15.6 0.0 0.4 0.2 7.0 13:17 150 23 13.5 38.0 11:26 9.2 13:58 4.9 0.0 0.4 2.5 13.9 13:00 139 24 6.8 7.3 11:43 5.8 15:22 11.5 0.0 0.0 2.4 11.3 12:41 110 25 4.2 5.9 19:42 3.6 16:33 14.2 0.0 0.4 8.8 27.8 20:00 117 26 4.9 5.8 23:27 3.5 18:03 13.5 0.0 0.0 1.1 10.4 10:43 134 27 6.2 7.4 14:02 3.7 09:13 12.2 0.0 0.0 1.4 12.2 19:00 118 28 6.0 7.1 14:41 4.2 20:59 12.3 0.0 0.0 0.2 7.0 13:19 50 29 10.0 10.7 10:54 8.5 10:27 8.4 0.0 0.2 2.8 24.3 11:00 130 30 10.8 11.7 13:10 9.9 13:40 7.5 0.0 0.4 1.5 10.4 13:31 124 31 10.5 11.1 21:52 10.2 17:58 7.8 0.0 0.0 1.9 15.6 22:00 125 --------------------------------------------------------------------------------------- 5.7 38.0 23 -1.6 02 376.1 0.0 8.2 1.4 37.4 07 123