NOAA-Style Climate Reports
Select a Year or Month report
2024: Jan Feb Mar Apr May Jun Jul Aug Sep Oct Nov Dec
2023: Jan Feb Mar Apr May Jun Jul Aug Sep Oct Nov Dec
2022: Jan Feb Mar Apr May Jun Jul Aug Sep Oct Nov Dec
2021: Jan Feb Mar Apr May Jun Jul Aug Sep Oct Nov Dec
2020: Jan Feb Mar Apr May Jun Jul Aug Sep Oct Nov Dec
2019: Jan Feb Mar Apr May Jun Jul Aug Sep Oct Nov Dec
2018: Jan Feb Mar Apr May Jun Jul Aug Sep Oct Nov Dec
2017: Jan Feb Mar Apr May Jun Jul Aug Sep Oct Nov Dec
2016: Jan Feb Mar Apr May Jun Jul Aug Sep Oct Nov Dec
2015: Jan Feb Mar Apr May Jun Jul Aug Sep Oct Nov Dec
2014: Jan Feb Mar Apr May Jun Jul Aug Sep Oct Nov Dec
2013: Jan Feb Mar Apr May Jun Jul Aug Sep Oct Nov Dec
2012: Jan Feb Mar Apr May Jun Jul Aug Sep Oct Nov Dec
2011: Jan Feb Mar Apr May Jun Jul Aug Sep Oct Nov Dec
2024: Jan Feb Mar Apr May Jun Jul Aug Sep Oct Nov Dec
2023: Jan Feb Mar Apr May Jun Jul Aug Sep Oct Nov Dec
2022: Jan Feb Mar Apr May Jun Jul Aug Sep Oct Nov Dec
2021: Jan Feb Mar Apr May Jun Jul Aug Sep Oct Nov Dec
2020: Jan Feb Mar Apr May Jun Jul Aug Sep Oct Nov Dec
2019: Jan Feb Mar Apr May Jun Jul Aug Sep Oct Nov Dec
2018: Jan Feb Mar Apr May Jun Jul Aug Sep Oct Nov Dec
2017: Jan Feb Mar Apr May Jun Jul Aug Sep Oct Nov Dec
2016: Jan Feb Mar Apr May Jun Jul Aug Sep Oct Nov Dec
2015: Jan Feb Mar Apr May Jun Jul Aug Sep Oct Nov Dec
2014: Jan Feb Mar Apr May Jun Jul Aug Sep Oct Nov Dec
2013: Jan Feb Mar Apr May Jun Jul Aug Sep Oct Nov Dec
2012: Jan Feb Mar Apr May Jun Jul Aug Sep Oct Nov Dec
2011: Jan Feb Mar Apr May Jun Jul Aug Sep Oct Nov Dec
Report for 2021 October
MONTHLY CLIMATOLOGICAL SUMMARY for Oct 2021 NAME: High Mosser Gate ELEV: 673 feet LAT: 54-36.48 N LONG: 003-22.02 W TEMPERATURE (C), RAIN (mm), WIND SPEED (knots) HEAT COOL AVG MEAN DEG DEG WIND DOM DAY TEMP HIGH TIME LOW TIME DAYS DAYS RAIN SPEED HIGH TIME DIR --------------------------------------------------------------------------------------- 01 10.2 11.6 13:38 8.6 18:29 8.1 0.0 2.8 2.1 13.0 09:30 266 02 10.0 11.2 15:24 8.9 07:55 8.3 0.0 12.4 3.8 24.3 09:00 135 03 11.4 31.4 18:13 9.1 09:03 7.0 0.0 2.2 1.4 13.9 13:52 274 04 11.3 13.3 14:51 9.2 09:08 7.1 0.0 2.8 0.2 7.0 13:00 103 05 8.4 9.8 16:28 7.4 09:40 9.9 0.0 4.6 3.2 14.8 10:38 319 06 11.2 13.3 14:24 3.9 08:03 7.1 0.0 0.0 1.3 18.2 22:30 132 07 15.4 16.3 16:54 14.4 19:11 3.0 0.0 2.4 3.4 18.2 18:46 116 08 15.0 17.8 12:37 12.1 22:21 3.4 0.0 0.0 1.3 13.0 08:30 127 09 14.3 25.8 16:55 12.7 16:46 4.1 0.0 0.6 0.5 7.8 10:24 105 10 11.5 12.8 14:30 9.2 08:30 6.8 0.0 0.0 1.6 13.9 16:30 292 11 11.8 13.0 16:30 10.5 21:30 6.5 0.0 0.0 0.8 7.8 16:00 292 12 13.0 14.0 15:00 11.0 01:30 5.4 0.0 0.0 0.7 10.4 00:30 310 13 11.4 12.4 13:30 10.4 22:30 7.0 0.0 0.0 1.1 9.6 12:00 289 14 11.6 15.3 21:23 10.4 00:30 6.7 0.0 0.2 0.9 13.9 19:55 245 15 6.0 10.8 14:42 2.7 20:43 12.3 0.0 0.0 0.2 5.2 14:49 292 16 12.0 13.6 15:35 4.2 00:00 6.3 0.0 0.4 0.0 11.3 19:27 90 17 14.0 15.0 10:15 12.9 09:56 4.3 0.0 1.0 0.0 7.0 12:09 90 18 14.5 15.5 14:00 13.2 11:30 3.8 0.0 0.4 4.2 25.2 12:00 133 19 15.0 16.2 12:13 13.3 09:39 3.3 0.0 0.2 2.3 17.4 11:57 120 20 9.6 10.2 10:34 8.1 17:37 8.8 0.0 0.6 0.8 7.8 13:04 288 21 7.8 9.6 15:27 3.2 09:15 10.5 0.0 0.2 2.8 13.9 14:57 292 22 9.7 11.2 14:32 7.7 19:46 8.6 0.0 0.0 1.5 11.3 10:00 292 23 10.4 12.2 17:31 9.5 08:44 8.0 0.0 1.8 2.5 18.2 14:47 124 24 11.8 20.8 17:33 9.8 10:11 6.5 0.0 4.4 3.6 26.1 09:30 134 25 9.0 11.3 15:06 7.4 20:14 9.3 0.0 0.0 0.0 10.4 10:07 90 26 12.9 13.8 22:37 7.8 01:22 5.5 0.0 0.2 0.7 19.1 21:54 90 27 13.8 15.5 10:10 13.2 10:08 4.5 0.0 0.6 1.7 18.2 15:00 89 28 12.8 15.4 16:04 11.8 18:01 5.6 0.0 6.6 5.8 29.5 14:00 133 29 9.6 12.8 11:20 7.4 13:46 8.7 0.0 3.8 3.2 21.7 10:52 204 30 8.7 14.2 17:19 7.1 10:03 9.7 0.0 1.0 0.2 9.6 14:32 253 31 9.5 12.7 09:59 6.7 12:46 8.9 0.0 0.8 2.9 20.0 09:04 135 --------------------------------------------------------------------------------------- 11.4 31.4 03 2.7 15 214.9 0.0 50.0 1.6 29.5 28 143