NOAA-Style Climate Reports
Select a Year or Month report
2024: Jan Feb Mar Apr May Jun Jul Aug Sep Oct Nov Dec
2023: Jan Feb Mar Apr May Jun Jul Aug Sep Oct Nov Dec
2022: Jan Feb Mar Apr May Jun Jul Aug Sep Oct Nov Dec
2021: Jan Feb Mar Apr May Jun Jul Aug Sep Oct Nov Dec
2020: Jan Feb Mar Apr May Jun Jul Aug Sep Oct Nov Dec
2019: Jan Feb Mar Apr May Jun Jul Aug Sep Oct Nov Dec
2018: Jan Feb Mar Apr May Jun Jul Aug Sep Oct Nov Dec
2017: Jan Feb Mar Apr May Jun Jul Aug Sep Oct Nov Dec
2016: Jan Feb Mar Apr May Jun Jul Aug Sep Oct Nov Dec
2015: Jan Feb Mar Apr May Jun Jul Aug Sep Oct Nov Dec
2014: Jan Feb Mar Apr May Jun Jul Aug Sep Oct Nov Dec
2013: Jan Feb Mar Apr May Jun Jul Aug Sep Oct Nov Dec
2012: Jan Feb Mar Apr May Jun Jul Aug Sep Oct Nov Dec
2011: Jan Feb Mar Apr May Jun Jul Aug Sep Oct Nov Dec
2024: Jan Feb Mar Apr May Jun Jul Aug Sep Oct Nov Dec
2023: Jan Feb Mar Apr May Jun Jul Aug Sep Oct Nov Dec
2022: Jan Feb Mar Apr May Jun Jul Aug Sep Oct Nov Dec
2021: Jan Feb Mar Apr May Jun Jul Aug Sep Oct Nov Dec
2020: Jan Feb Mar Apr May Jun Jul Aug Sep Oct Nov Dec
2019: Jan Feb Mar Apr May Jun Jul Aug Sep Oct Nov Dec
2018: Jan Feb Mar Apr May Jun Jul Aug Sep Oct Nov Dec
2017: Jan Feb Mar Apr May Jun Jul Aug Sep Oct Nov Dec
2016: Jan Feb Mar Apr May Jun Jul Aug Sep Oct Nov Dec
2015: Jan Feb Mar Apr May Jun Jul Aug Sep Oct Nov Dec
2014: Jan Feb Mar Apr May Jun Jul Aug Sep Oct Nov Dec
2013: Jan Feb Mar Apr May Jun Jul Aug Sep Oct Nov Dec
2012: Jan Feb Mar Apr May Jun Jul Aug Sep Oct Nov Dec
2011: Jan Feb Mar Apr May Jun Jul Aug Sep Oct Nov Dec
Report for 2021 September
MONTHLY CLIMATOLOGICAL SUMMARY for Sep 2021 NAME: High Mosser Gate ELEV: 673 feet LAT: 54-36.48 N LONG: 003-22.02 W TEMPERATURE (C), RAIN (mm), WIND SPEED (knots) HEAT COOL AVG MEAN DEG DEG WIND DOM DAY TEMP HIGH TIME LOW TIME DAYS DAYS RAIN SPEED HIGH TIME DIR --------------------------------------------------------------------------------------- 01 13.6 17.6 14:48 8.2 00:00 4.7 0.0 0.0 0.3 7.8 08:11 48 02 15.6 21.2 16:28 9.0 01:29 2.7 0.0 0.0 0.2 7.8 12:27 87 03 13.7 16.6 15:26 10.1 01:41 4.7 0.0 0.0 0.3 6.1 00:00 98 04 14.6 18.0 14:05 10.9 03:03 3.7 0.0 0.0 0.5 7.8 12:06 117 05 16.8 21.3 13:49 10.2 02:51 1.5 0.0 0.0 0.1 6.1 11:11 128 06 16.8 20.1 14:56 12.7 23:55 1.5 0.0 0.0 0.1 7.8 15:30 292 07 18.5 28.2 19:19 10.9 03:18 0.0 0.2 0.4 0.1 4.3 11:23 315 08 25.1 28.4 18:49 18.1 07:09 0.0 6.8 0.0 0.3 8.7 12:36 116 09 17.4 32.2 14:06 16.2 14:04 0.9 0.0 2.2 0.0 2.6 13:15 90 10 17.6 19.5 19:02 15.6 07:42 0.8 0.0 0.0 0.0 4.3 13:20 90 11 14.9 16.4 15:06 13.3 09:27 3.4 0.0 0.0 0.6 10.4 12:02 290 12 13.4 15.7 18:34 10.6 08:04 4.9 0.0 0.0 0.0 3.5 21:51 90 13 13.2 15.3 15:10 10.2 02:31 5.2 0.0 0.0 0.3 10.4 13:53 122 14 14.0 17.1 14:38 11.5 23:52 4.3 0.0 0.0 0.0 0.9 00:00 90 15 14.7 18.1 14:43 8.9 02:33 3.6 0.0 0.0 0.0 0.0 00:00 90 16 14.8 17.7 15:17 11.4 07:43 3.5 0.0 0.0 0.0 5.2 23:43 90 17 16.0 19.6 13:51 13.2 23:52 2.4 0.0 0.0 0.0 7.0 01:30 90 18 14.9 17.1 14:38 12.4 02:43 3.4 0.0 0.0 0.0 0.0 00:00 90 19 12.6 14.6 14:58 8.7 23:22 5.8 0.0 0.0 0.1 6.1 14:18 292 20 13.7 16.9 15:14 6.4 02:46 4.7 0.0 0.0 0.0 3.5 15:42 90 21 14.7 17.0 13:55 11.1 07:53 3.6 0.0 0.0 0.0 6.1 15:29 90 22 15.4 17.5 13:56 12.1 08:03 3.0 0.0 0.0 0.5 11.3 18:00 71 23 13.1 13.7 23:49 12.2 09:20 5.2 0.0 0.0 0.2 8.7 09:38 277 24 15.8 17.0 17:17 12.6 01:04 2.6 0.0 0.0 0.7 11.3 11:00 249 25 16.4 18.3 14:00 14.3 02:30 1.9 0.0 0.0 0.3 7.8 17:28 129 26 15.9 17.5 17:38 14.6 15:35 2.4 0.0 0.2 2.3 21.7 18:01 118 27 11.4 13.7 14:49 8.0 08:55 6.9 0.0 0.8 1.2 12.2 14:26 254 28 10.7 12.8 13:15 8.9 15:25 7.7 0.0 10.6 1.0 14.8 13:00 131 29 10.1 14.7 18:36 8.2 08:08 8.2 0.0 0.0 3.3 18.2 15:33 292 30 13.3 14.8 12:12 10.5 08:38 5.0 0.0 5.8 1.7 23.5 08:59 98 --------------------------------------------------------------------------------------- 15.0 32.2 09 6.4 20 108.2 7.0 20.0 0.4 23.5 30 127