NOAA-Style Climate Reports
Select a Year or Month report
2024: Jan Feb Mar Apr May Jun Jul Aug Sep Oct Nov Dec
2023: Jan Feb Mar Apr May Jun Jul Aug Sep Oct Nov Dec
2022: Jan Feb Mar Apr May Jun Jul Aug Sep Oct Nov Dec
2021: Jan Feb Mar Apr May Jun Jul Aug Sep Oct Nov Dec
2020: Jan Feb Mar Apr May Jun Jul Aug Sep Oct Nov Dec
2019: Jan Feb Mar Apr May Jun Jul Aug Sep Oct Nov Dec
2018: Jan Feb Mar Apr May Jun Jul Aug Sep Oct Nov Dec
2017: Jan Feb Mar Apr May Jun Jul Aug Sep Oct Nov Dec
2016: Jan Feb Mar Apr May Jun Jul Aug Sep Oct Nov Dec
2015: Jan Feb Mar Apr May Jun Jul Aug Sep Oct Nov Dec
2014: Jan Feb Mar Apr May Jun Jul Aug Sep Oct Nov Dec
2013: Jan Feb Mar Apr May Jun Jul Aug Sep Oct Nov Dec
2012: Jan Feb Mar Apr May Jun Jul Aug Sep Oct Nov Dec
2011: Jan Feb Mar Apr May Jun Jul Aug Sep Oct Nov Dec
2024: Jan Feb Mar Apr May Jun Jul Aug Sep Oct Nov Dec
2023: Jan Feb Mar Apr May Jun Jul Aug Sep Oct Nov Dec
2022: Jan Feb Mar Apr May Jun Jul Aug Sep Oct Nov Dec
2021: Jan Feb Mar Apr May Jun Jul Aug Sep Oct Nov Dec
2020: Jan Feb Mar Apr May Jun Jul Aug Sep Oct Nov Dec
2019: Jan Feb Mar Apr May Jun Jul Aug Sep Oct Nov Dec
2018: Jan Feb Mar Apr May Jun Jul Aug Sep Oct Nov Dec
2017: Jan Feb Mar Apr May Jun Jul Aug Sep Oct Nov Dec
2016: Jan Feb Mar Apr May Jun Jul Aug Sep Oct Nov Dec
2015: Jan Feb Mar Apr May Jun Jul Aug Sep Oct Nov Dec
2014: Jan Feb Mar Apr May Jun Jul Aug Sep Oct Nov Dec
2013: Jan Feb Mar Apr May Jun Jul Aug Sep Oct Nov Dec
2012: Jan Feb Mar Apr May Jun Jul Aug Sep Oct Nov Dec
2011: Jan Feb Mar Apr May Jun Jul Aug Sep Oct Nov Dec
Report for 2021 August
MONTHLY CLIMATOLOGICAL SUMMARY for Aug 2021 NAME: High Mosser Gate ELEV: 673 feet LAT: 54-36.48 N LONG: 003-22.02 W TEMPERATURE (C), RAIN (mm), WIND SPEED (knots) HEAT COOL AVG MEAN DEG DEG WIND DOM DAY TEMP HIGH TIME LOW TIME DAYS DAYS RAIN SPEED HIGH TIME DIR --------------------------------------------------------------------------------------- 01 14.8 25.6 19:46 9.6 21:26 3.5 0.0 0.0 0.4 7.0 14:11 15 02 13.0 47.2 18:56 9.0 21:47 5.3 0.0 0.0 0.7 10.4 13:19 291 03 16.5 35.7 20:36 9.7 00:37 1.8 0.0 0.0 0.7 7.8 13:39 292 04 16.8 20.4 15:55 9.2 06:20 1.5 0.0 0.0 0.4 9.6 13:51 289 05 16.1 19.5 12:34 13.7 02:37 2.3 0.0 1.0 2.3 18.2 15:50 119 06 15.5 18.2 12:54 12.8 20:10 2.9 0.0 8.2 0.5 9.6 18:52 70 07 16.0 25.5 20:21 12.5 06:45 2.3 0.0 2.4 1.3 10.4 06:38 132 08 14.7 16.5 13:13 13.0 19:59 3.6 0.0 4.8 1.7 13.0 12:41 290 09 14.6 16.7 14:36 12.6 07:16 3.8 0.0 0.4 0.3 8.7 12:25 65 10 15.8 29.5 20:27 12.5 20:25 2.6 0.0 0.0 0.5 7.0 10:40 291 11 16.2 21.7 19:23 13.9 19:21 2.1 0.0 13.8 2.5 15.6 11:52 127 12 15.3 33.1 19:34 11.4 06:39 3.0 0.0 0.2 1.7 15.6 16:00 107 13 15.3 17.4 17:06 12.8 06:39 3.0 0.0 0.0 1.2 11.3 09:30 70 14 14.0 16.5 14:24 11.9 22:18 4.4 0.0 0.0 0.7 8.7 00:38 292 15 13.1 15.9 17:53 11.1 07:34 5.2 0.0 4.6 0.5 10.4 22:35 296 16 13.6 16.3 15:59 11.4 01:17 4.7 0.0 0.2 2.4 11.3 09:30 292 17 15.9 43.7 08:44 12.5 07:24 2.4 0.0 0.0 3.0 13.0 17:00 292 18 14.0 18.4 16:41 12.1 07:16 4.3 0.0 0.0 1.1 8.7 12:05 292 19 14.6 28.7 19:34 12.2 07:41 3.8 0.0 0.8 0.4 5.2 13:44 282 20 16.8 39.4 07:38 11.5 07:01 1.6 0.0 0.2 0.4 7.0 14:20 121 21 16.0 18.5 17:13 14.1 10:09 2.3 0.0 2.6 0.0 3.5 09:06 90 22 16.7 21.7 19:04 13.6 21:43 1.7 0.0 0.4 0.3 6.1 16:38 292 23 18.3 47.4 07:39 13.1 07:02 0.1 0.0 0.2 0.3 7.0 16:51 290 24 16.6 20.6 15:14 12.5 06:55 1.7 0.0 0.0 0.3 7.0 16:39 298 25 18.0 27.7 19:49 11.9 02:52 0.3 0.0 0.0 0.4 7.0 13:00 296 26 15.9 19.2 15:16 9.6 23:54 2.4 0.0 0.0 0.5 7.8 08:59 49 27 13.3 18.4 16:28 6.7 03:29 5.0 0.0 0.0 0.3 7.8 14:19 25 28 13.9 18.0 14:04 7.7 03:27 4.4 0.0 0.0 0.3 6.1 15:00 292 29 14.2 18.2 16:40 10.0 03:50 4.2 0.0 0.0 0.3 9.6 15:29 43 30 13.4 29.7 17:18 10.7 22:38 4.9 0.0 0.0 0.5 9.6 19:01 32 31 13.0 15.8 14:58 8.2 23:59 5.3 0.0 0.0 0.4 7.8 12:05 40 --------------------------------------------------------------------------------------- 15.1 47.4 23 6.7 27 96.4 0.0 39.8 0.8 18.2 05 322