NOAA-Style Climate Reports
Select a Year or Month report
2024: Jan Feb Mar Apr May Jun Jul Aug Sep Oct Nov Dec
2023: Jan Feb Mar Apr May Jun Jul Aug Sep Oct Nov Dec
2022: Jan Feb Mar Apr May Jun Jul Aug Sep Oct Nov Dec
2021: Jan Feb Mar Apr May Jun Jul Aug Sep Oct Nov Dec
2020: Jan Feb Mar Apr May Jun Jul Aug Sep Oct Nov Dec
2019: Jan Feb Mar Apr May Jun Jul Aug Sep Oct Nov Dec
2018: Jan Feb Mar Apr May Jun Jul Aug Sep Oct Nov Dec
2017: Jan Feb Mar Apr May Jun Jul Aug Sep Oct Nov Dec
2016: Jan Feb Mar Apr May Jun Jul Aug Sep Oct Nov Dec
2015: Jan Feb Mar Apr May Jun Jul Aug Sep Oct Nov Dec
2014: Jan Feb Mar Apr May Jun Jul Aug Sep Oct Nov Dec
2013: Jan Feb Mar Apr May Jun Jul Aug Sep Oct Nov Dec
2012: Jan Feb Mar Apr May Jun Jul Aug Sep Oct Nov Dec
2011: Jan Feb Mar Apr May Jun Jul Aug Sep Oct Nov Dec
2024: Jan Feb Mar Apr May Jun Jul Aug Sep Oct Nov Dec
2023: Jan Feb Mar Apr May Jun Jul Aug Sep Oct Nov Dec
2022: Jan Feb Mar Apr May Jun Jul Aug Sep Oct Nov Dec
2021: Jan Feb Mar Apr May Jun Jul Aug Sep Oct Nov Dec
2020: Jan Feb Mar Apr May Jun Jul Aug Sep Oct Nov Dec
2019: Jan Feb Mar Apr May Jun Jul Aug Sep Oct Nov Dec
2018: Jan Feb Mar Apr May Jun Jul Aug Sep Oct Nov Dec
2017: Jan Feb Mar Apr May Jun Jul Aug Sep Oct Nov Dec
2016: Jan Feb Mar Apr May Jun Jul Aug Sep Oct Nov Dec
2015: Jan Feb Mar Apr May Jun Jul Aug Sep Oct Nov Dec
2014: Jan Feb Mar Apr May Jun Jul Aug Sep Oct Nov Dec
2013: Jan Feb Mar Apr May Jun Jul Aug Sep Oct Nov Dec
2012: Jan Feb Mar Apr May Jun Jul Aug Sep Oct Nov Dec
2011: Jan Feb Mar Apr May Jun Jul Aug Sep Oct Nov Dec
Report for 2021 July
MONTHLY CLIMATOLOGICAL SUMMARY for Jul 2021 NAME: High Mosser Gate ELEV: 673 feet LAT: 54-36.48 N LONG: 003-22.02 W TEMPERATURE (C), RAIN (mm), WIND SPEED (knots) HEAT COOL AVG MEAN DEG DEG WIND DOM DAY TEMP HIGH TIME LOW TIME DAYS DAYS RAIN SPEED HIGH TIME DIR --------------------------------------------------------------------------------------- 01 16.4 20.2 07:16 10.1 05:54 2.0 0.0 0.0 0.8 9.6 14:00 298 02 16.0 19.4 17:00 11.9 06:04 2.3 0.0 0.0 0.4 13.9 15:30 311 03 15.5 18.0 16:32 12.1 05:37 2.9 0.0 0.0 0.1 6.1 15:56 113 04 16.6 19.5 14:32 14.3 06:21 1.7 0.0 5.6 0.2 7.0 13:18 300 05 15.1 20.9 20:50 11.7 08:13 3.2 0.0 1.2 0.7 9.6 07:51 30 06 14.2 17.8 16:32 10.5 06:29 4.1 0.0 0.2 0.7 9.6 15:57 312 07 17.1 48.7 19:19 9.1 05:50 1.3 0.0 0.0 1.0 9.6 14:13 292 08 15.3 48.6 08:03 12.3 07:37 3.0 0.0 0.0 0.3 5.2 12:25 292 09 15.5 48.6 19:46 13.2 08:27 2.9 0.0 0.0 0.3 6.1 16:20 290 10 18.1 48.6 07:27 12.9 06:34 0.3 0.0 5.2 0.0 4.3 13:19 90 11 17.3 19.7 15:50 13.2 08:04 1.0 0.0 0.2 0.1 5.2 11:11 68 12 16.8 19.9 16:27 12.9 23:57 1.5 0.0 0.0 0.2 7.0 14:13 32 13 16.5 19.4 16:22 11.3 01:30 1.8 0.0 0.0 0.6 7.8 17:00 302 14 15.5 19.8 18:15 9.2 04:54 2.8 0.0 0.0 0.6 9.6 12:51 291 15 17.5 21.8 16:52 12.7 04:11 0.9 0.0 0.0 0.5 7.0 00:43 302 16 18.4 23.1 18:29 11.7 02:41 0.0 0.1 0.0 0.5 7.8 12:31 309 17 19.6 24.6 16:46 13.4 04:07 0.0 1.3 0.0 0.5 7.0 13:00 292 18 18.8 22.8 18:00 13.3 23:52 0.0 0.5 0.0 0.5 7.0 11:10 292 19 18.5 23.1 14:01 11.5 04:43 0.0 0.1 0.0 0.4 7.0 14:46 292 20 19.5 23.4 13:31 11.8 04:39 0.0 1.1 0.0 0.4 7.0 14:00 292 21 22.6 48.8 19:34 15.6 22:58 0.0 4.2 0.0 0.5 7.8 14:00 292 22 24.6 48.8 19:35 15.4 06:09 0.0 6.3 0.0 0.6 8.7 13:12 304 23 23.0 48.8 19:44 15.7 22:38 0.0 4.6 0.0 0.4 11.3 18:15 6 24 19.1 48.8 19:18 11.8 05:48 0.0 0.8 0.0 0.4 5.2 09:18 360 25 19.0 32.3 19:37 10.4 06:26 0.0 0.7 0.0 0.8 8.7 15:27 344 26 17.7 20.7 10:56 13.2 06:07 0.6 0.0 0.0 0.7 9.6 14:52 292 27 15.8 47.7 19:40 13.6 04:35 2.6 0.0 0.0 0.2 8.7 15:50 292 28 14.4 30.3 20:10 11.2 12:37 3.9 0.0 7.8 0.4 9.6 11:42 308 29 14.1 17.9 07:47 12.1 07:45 4.2 0.0 1.6 1.0 11.3 10:31 291 30 14.0 48.8 18:56 12.0 06:35 4.3 0.0 0.8 0.0 6.1 13:54 22 31 14.0 15.3 20:44 11.9 20:42 4.3 0.0 0.2 0.3 7.0 14:03 292 --------------------------------------------------------------------------------------- 17.4 48.8 23 9.1 07 51.5 19.7 22.8 0.5 13.9 02 303