NOAA-Style Climate Reports
Select a Year or Month report
2024: Jan Feb Mar Apr May Jun Jul Aug Sep Oct Nov Dec
2023: Jan Feb Mar Apr May Jun Jul Aug Sep Oct Nov Dec
2022: Jan Feb Mar Apr May Jun Jul Aug Sep Oct Nov Dec
2021: Jan Feb Mar Apr May Jun Jul Aug Sep Oct Nov Dec
2020: Jan Feb Mar Apr May Jun Jul Aug Sep Oct Nov Dec
2019: Jan Feb Mar Apr May Jun Jul Aug Sep Oct Nov Dec
2018: Jan Feb Mar Apr May Jun Jul Aug Sep Oct Nov Dec
2017: Jan Feb Mar Apr May Jun Jul Aug Sep Oct Nov Dec
2016: Jan Feb Mar Apr May Jun Jul Aug Sep Oct Nov Dec
2015: Jan Feb Mar Apr May Jun Jul Aug Sep Oct Nov Dec
2014: Jan Feb Mar Apr May Jun Jul Aug Sep Oct Nov Dec
2013: Jan Feb Mar Apr May Jun Jul Aug Sep Oct Nov Dec
2012: Jan Feb Mar Apr May Jun Jul Aug Sep Oct Nov Dec
2011: Jan Feb Mar Apr May Jun Jul Aug Sep Oct Nov Dec
2024: Jan Feb Mar Apr May Jun Jul Aug Sep Oct Nov Dec
2023: Jan Feb Mar Apr May Jun Jul Aug Sep Oct Nov Dec
2022: Jan Feb Mar Apr May Jun Jul Aug Sep Oct Nov Dec
2021: Jan Feb Mar Apr May Jun Jul Aug Sep Oct Nov Dec
2020: Jan Feb Mar Apr May Jun Jul Aug Sep Oct Nov Dec
2019: Jan Feb Mar Apr May Jun Jul Aug Sep Oct Nov Dec
2018: Jan Feb Mar Apr May Jun Jul Aug Sep Oct Nov Dec
2017: Jan Feb Mar Apr May Jun Jul Aug Sep Oct Nov Dec
2016: Jan Feb Mar Apr May Jun Jul Aug Sep Oct Nov Dec
2015: Jan Feb Mar Apr May Jun Jul Aug Sep Oct Nov Dec
2014: Jan Feb Mar Apr May Jun Jul Aug Sep Oct Nov Dec
2013: Jan Feb Mar Apr May Jun Jul Aug Sep Oct Nov Dec
2012: Jan Feb Mar Apr May Jun Jul Aug Sep Oct Nov Dec
2011: Jan Feb Mar Apr May Jun Jul Aug Sep Oct Nov Dec
Report for 2021 May
MONTHLY CLIMATOLOGICAL SUMMARY for May 2021 NAME: High Mosser Gate ELEV: 673 feet LAT: 54-36.48 N LONG: 003-22.02 W TEMPERATURE (C), RAIN (mm), WIND SPEED (knots) HEAT COOL AVG MEAN DEG DEG WIND DOM DAY TEMP HIGH TIME LOW TIME DAYS DAYS RAIN SPEED HIGH TIME DIR --------------------------------------------------------------------------------------- 01 7.2 10.4 13:35 2.9 06:31 11.1 0.0 0.0 0.0 3.5 07:55 90 02 6.8 10.2 16:06 2.7 04:00 11.5 0.0 0.0 1.0 9.6 12:30 290 03 5.9 9.2 17:51 3.3 02:56 12.4 0.0 22.2 3.0 23.5 14:47 136 04 5.2 25.2 20:00 3.1 19:58 13.2 0.0 5.2 4.3 18.2 13:30 312 05 5.5 9.4 16:52 0.7 06:10 12.8 0.0 0.0 1.8 13.0 15:18 295 06 3.6 8.1 20:19 -1.2 04:14 14.7 0.0 3.8 2.2 16.5 14:00 307 07 7.9 9.6 14:25 3.6 06:20 10.4 0.0 0.8 0.9 11.3 15:00 291 08 8.9 12.9 14:01 4.4 08:39 9.4 0.0 5.8 5.6 26.9 11:08 120 09 12.2 24.3 20:43 9.1 06:17 6.1 0.0 0.6 4.3 21.7 13:50 135 10 11.9 14.1 15:13 8.7 20:01 6.4 0.0 0.4 3.5 20.9 18:40 133 11 11.7 19.2 19:57 7.3 19:55 6.6 0.0 0.4 1.7 13.9 07:19 129 12 10.6 12.7 17:27 6.7 06:26 7.7 0.0 0.4 0.9 11.3 16:00 133 13 10.2 13.8 12:14 4.4 06:11 8.2 0.0 10.2 0.8 7.8 12:49 354 14 8.3 10.4 17:21 5.4 05:57 10.0 0.0 0.0 0.1 8.7 23:08 112 15 10.3 13.2 15:05 7.6 03:53 8.1 0.0 0.4 1.1 11.3 09:38 115 16 9.8 13.9 06:11 7.3 07:34 8.5 0.0 8.0 0.3 7.0 14:19 44 17 10.0 12.4 15:17 5.9 05:57 8.4 0.0 0.0 1.5 12.2 15:00 289 18 9.8 13.9 17:55 6.3 23:48 8.5 0.0 0.0 1.0 10.4 13:19 290 19 10.1 13.4 17:46 6.4 00:00 8.2 0.0 0.0 1.2 10.4 12:24 290 20 8.8 10.1 15:00 6.9 01:35 9.5 0.0 12.6 3.7 25.2 13:29 117 21 9.6 11.0 11:40 7.4 18:46 8.7 0.0 2.4 2.9 20.0 15:43 45 22 8.6 11.2 20:59 4.6 06:32 9.8 0.0 0.2 1.2 12.2 17:25 292 23 8.8 12.1 12:35 6.2 07:18 9.5 0.0 12.4 3.2 23.5 13:30 135 24 9.4 11.9 16:37 6.7 06:18 9.0 0.0 1.2 2.0 15.6 15:49 292 25 9.5 11.9 13:38 7.5 20:49 8.9 0.0 4.6 1.8 12.2 12:51 292 26 10.3 14.7 20:28 6.3 08:16 8.0 0.0 0.8 0.0 4.3 16:00 90 27 13.3 17.7 17:03 7.7 05:39 5.0 0.0 0.0 0.0 2.6 13:08 90 28 11.7 14.7 16:18 9.8 07:02 6.6 0.0 0.8 0.0 0.0 00:15 90 29 14.3 16.2 11:03 12.1 05:50 4.1 0.0 0.2 0.0 0.9 16:00 90 30 15.9 19.8 17:07 9.6 04:32 2.5 0.0 0.0 0.0 2.6 22:57 90 31 16.5 21.3 16:31 9.7 05:06 1.8 0.0 0.0 0.4 10.4 15:48 123 --------------------------------------------------------------------------------------- 9.9 25.2 04 -1.2 06 265.6 0.0 93.4 1.5 26.9 08 132