NOAA-Style Climate Reports
Select a Year or Month report
2024: Jan Feb Mar Apr May Jun Jul Aug Sep Oct Nov Dec
2023: Jan Feb Mar Apr May Jun Jul Aug Sep Oct Nov Dec
2022: Jan Feb Mar Apr May Jun Jul Aug Sep Oct Nov Dec
2021: Jan Feb Mar Apr May Jun Jul Aug Sep Oct Nov Dec
2020: Jan Feb Mar Apr May Jun Jul Aug Sep Oct Nov Dec
2019: Jan Feb Mar Apr May Jun Jul Aug Sep Oct Nov Dec
2018: Jan Feb Mar Apr May Jun Jul Aug Sep Oct Nov Dec
2017: Jan Feb Mar Apr May Jun Jul Aug Sep Oct Nov Dec
2016: Jan Feb Mar Apr May Jun Jul Aug Sep Oct Nov Dec
2015: Jan Feb Mar Apr May Jun Jul Aug Sep Oct Nov Dec
2014: Jan Feb Mar Apr May Jun Jul Aug Sep Oct Nov Dec
2013: Jan Feb Mar Apr May Jun Jul Aug Sep Oct Nov Dec
2012: Jan Feb Mar Apr May Jun Jul Aug Sep Oct Nov Dec
2011: Jan Feb Mar Apr May Jun Jul Aug Sep Oct Nov Dec
2024: Jan Feb Mar Apr May Jun Jul Aug Sep Oct Nov Dec
2023: Jan Feb Mar Apr May Jun Jul Aug Sep Oct Nov Dec
2022: Jan Feb Mar Apr May Jun Jul Aug Sep Oct Nov Dec
2021: Jan Feb Mar Apr May Jun Jul Aug Sep Oct Nov Dec
2020: Jan Feb Mar Apr May Jun Jul Aug Sep Oct Nov Dec
2019: Jan Feb Mar Apr May Jun Jul Aug Sep Oct Nov Dec
2018: Jan Feb Mar Apr May Jun Jul Aug Sep Oct Nov Dec
2017: Jan Feb Mar Apr May Jun Jul Aug Sep Oct Nov Dec
2016: Jan Feb Mar Apr May Jun Jul Aug Sep Oct Nov Dec
2015: Jan Feb Mar Apr May Jun Jul Aug Sep Oct Nov Dec
2014: Jan Feb Mar Apr May Jun Jul Aug Sep Oct Nov Dec
2013: Jan Feb Mar Apr May Jun Jul Aug Sep Oct Nov Dec
2012: Jan Feb Mar Apr May Jun Jul Aug Sep Oct Nov Dec
2011: Jan Feb Mar Apr May Jun Jul Aug Sep Oct Nov Dec
Report for 2021 April
MONTHLY CLIMATOLOGICAL SUMMARY for Apr 2021 NAME: High Mosser Gate ELEV: 673 feet LAT: 54-36.48 N LONG: 003-22.02 W TEMPERATURE (C), RAIN (mm), WIND SPEED (knots) HEAT COOL AVG MEAN DEG DEG WIND DOM DAY TEMP HIGH TIME LOW TIME DAYS DAYS RAIN SPEED HIGH TIME DIR --------------------------------------------------------------------------------------- 01 7.0 10.1 16:16 1.7 23:47 11.3 0.0 0.0 2.1 13.0 01:32 69 02 6.2 11.0 16:01 0.7 03:08 12.1 0.0 0.0 1.9 10.4 11:51 56 03 6.8 10.9 16:43 1.8 07:33 11.5 0.0 0.0 1.7 8.7 12:02 12 04 5.6 7.1 20:07 2.7 03:23 12.7 0.0 0.0 2.9 21.7 00:00 263 05 2.5 5.6 00:00 -1.5 07:30 15.9 0.0 0.0 6.1 20.9 00:00 324 06 1.6 4.5 15:43 -1.7 22:56 16.7 0.0 0.0 3.8 20.0 15:03 320 07 2.1 5.2 14:37 -3.8 03:33 16.2 0.0 0.0 1.7 12.2 14:30 297 08 6.0 7.7 14:51 3.2 00:00 12.3 0.0 1.6 1.5 15.6 16:43 221 09 4.1 6.6 15:08 -0.6 23:57 14.2 0.0 0.0 1.0 13.9 17:00 302 10 2.5 7.1 16:05 -2.3 03:37 15.8 0.0 0.0 1.4 12.2 17:08 7 11 1.5 4.9 12:34 -2.7 03:30 16.8 0.0 0.0 1.2 12.2 14:08 314 12 3.2 6.7 16:50 -2.3 03:34 15.1 0.0 0.0 1.1 12.2 13:29 297 13 5.9 9.5 16:21 1.1 03:33 12.4 0.0 0.2 0.8 7.8 14:19 282 14 7.3 10.5 17:51 3.6 21:07 11.1 0.0 0.0 1.1 8.7 13:23 300 15 6.6 9.8 17:40 2.4 03:45 11.7 0.0 0.0 1.2 8.7 11:32 302 16 7.0 11.2 14:32 1.5 22:40 11.3 0.0 0.0 1.2 9.6 14:05 260 17 7.8 12.4 16:03 2.9 00:56 10.6 0.0 0.0 0.8 8.7 15:49 292 18 8.3 10.8 12:16 4.3 03:45 10.1 0.0 0.0 0.5 8.7 14:34 216 19 9.9 14.7 13:42 5.1 03:49 8.4 0.0 0.0 0.9 14.8 15:48 262 20 9.3 12.9 12:40 4.6 03:44 9.1 0.0 0.0 0.9 11.3 12:49 314 21 8.5 12.1 16:59 5.0 21:47 9.8 0.0 0.0 1.2 12.2 11:47 65 22 7.9 11.8 16:57 2.3 06:50 10.4 0.0 0.0 1.1 8.7 17:30 312 23 10.9 14.4 16:10 4.6 01:13 7.4 0.0 0.0 0.9 8.7 13:30 311 24 11.5 16.2 15:02 7.0 22:55 6.8 0.0 0.0 1.7 13.9 15:07 39 25 8.6 12.8 19:46 3.1 02:56 9.8 0.0 0.0 1.0 13.0 12:18 312 26 8.4 12.8 11:59 3.4 03:55 10.0 0.0 0.0 0.7 9.6 20:00 217 27 8.4 11.2 12:44 5.1 20:07 10.0 0.0 0.0 2.1 16.5 13:06 46 28 6.2 10.8 14:17 1.7 22:56 12.1 0.0 0.0 0.0 13.0 08:56 90 29 5.0 8.9 12:20 0.4 04:09 13.3 0.0 0.0 0.0 6.1 12:32 90 30 5.7 9.6 15:28 1.6 04:22 12.6 0.0 0.0 0.0 9.6 13:30 90 --------------------------------------------------------------------------------------- 6.5 16.2 24 -3.8 07 357.6 0.0 1.8 1.4 21.7 05 323