NOAA-Style Climate Reports
Select a Year or Month report
2024: Jan Feb Mar Apr May Jun Jul Aug Sep Oct Nov Dec
2023: Jan Feb Mar Apr May Jun Jul Aug Sep Oct Nov Dec
2022: Jan Feb Mar Apr May Jun Jul Aug Sep Oct Nov Dec
2021: Jan Feb Mar Apr May Jun Jul Aug Sep Oct Nov Dec
2020: Jan Feb Mar Apr May Jun Jul Aug Sep Oct Nov Dec
2019: Jan Feb Mar Apr May Jun Jul Aug Sep Oct Nov Dec
2018: Jan Feb Mar Apr May Jun Jul Aug Sep Oct Nov Dec
2017: Jan Feb Mar Apr May Jun Jul Aug Sep Oct Nov Dec
2016: Jan Feb Mar Apr May Jun Jul Aug Sep Oct Nov Dec
2015: Jan Feb Mar Apr May Jun Jul Aug Sep Oct Nov Dec
2014: Jan Feb Mar Apr May Jun Jul Aug Sep Oct Nov Dec
2013: Jan Feb Mar Apr May Jun Jul Aug Sep Oct Nov Dec
2012: Jan Feb Mar Apr May Jun Jul Aug Sep Oct Nov Dec
2011: Jan Feb Mar Apr May Jun Jul Aug Sep Oct Nov Dec
2024: Jan Feb Mar Apr May Jun Jul Aug Sep Oct Nov Dec
2023: Jan Feb Mar Apr May Jun Jul Aug Sep Oct Nov Dec
2022: Jan Feb Mar Apr May Jun Jul Aug Sep Oct Nov Dec
2021: Jan Feb Mar Apr May Jun Jul Aug Sep Oct Nov Dec
2020: Jan Feb Mar Apr May Jun Jul Aug Sep Oct Nov Dec
2019: Jan Feb Mar Apr May Jun Jul Aug Sep Oct Nov Dec
2018: Jan Feb Mar Apr May Jun Jul Aug Sep Oct Nov Dec
2017: Jan Feb Mar Apr May Jun Jul Aug Sep Oct Nov Dec
2016: Jan Feb Mar Apr May Jun Jul Aug Sep Oct Nov Dec
2015: Jan Feb Mar Apr May Jun Jul Aug Sep Oct Nov Dec
2014: Jan Feb Mar Apr May Jun Jul Aug Sep Oct Nov Dec
2013: Jan Feb Mar Apr May Jun Jul Aug Sep Oct Nov Dec
2012: Jan Feb Mar Apr May Jun Jul Aug Sep Oct Nov Dec
2011: Jan Feb Mar Apr May Jun Jul Aug Sep Oct Nov Dec
Report for 2021 February
MONTHLY CLIMATOLOGICAL SUMMARY for Feb 2021 NAME: High Mosser Gate ELEV: 673 feet LAT: 54-36.48 N LONG: 003-22.02 W TEMPERATURE (C), RAIN (mm), WIND SPEED (knots) HEAT COOL AVG MEAN DEG DEG WIND DOM DAY TEMP HIGH TIME LOW TIME DAYS DAYS RAIN SPEED HIGH TIME DIR --------------------------------------------------------------------------------------- 01 3.5 4.9 14:30 -0.6 08:44 14.8 0.0 0.0 2.2 20.0 22:30 114 02 3.9 5.7 16:02 1.5 09:36 14.4 0.0 1.2 9.6 26.9 10:27 121 03 4.2 5.7 14:59 2.9 16:33 14.1 0.0 5.4 1.9 13.9 09:53 112 04 6.3 7.7 14:42 4.0 09:28 12.1 0.0 0.2 3.4 13.9 09:28 129 05 6.5 7.1 12:55 4.8 17:10 11.8 0.0 0.2 0.0 7.8 09:21 112 06 3.7 11.1 12:41 2.4 23:35 14.6 0.0 0.2 3.8 21.7 19:15 72 07 0.4 2.4 00:00 -0.3 21:58 17.9 0.0 0.0 3.9 23.5 12:06 68 08 -1.2 1.0 14:21 -3.3 21:13 19.5 0.0 0.0 2.1 17.4 12:26 64 09 -1.3 0.5 13:20 -4.3 23:31 19.6 0.0 0.0 2.4 18.2 20:37 73 10 -2.4 0.3 13:14 -5.2 23:10 20.8 0.0 0.0 0.7 8.7 11:53 60 11 0.4 2.2 13:39 -3.6 00:34 18.0 0.0 0.0 3.9 17.4 13:11 111 12 -0.5 2.0 13:49 -2.8 21:53 18.9 0.0 0.0 8.0 28.7 20:13 115 13 0.2 2.1 23:30 -3.5 01:07 18.1 0.0 0.0 8.6 30.4 17:30 130 14 5.1 6.1 14:51 4.1 08:51 13.2 0.0 14.6 12.7 31.3 09:28 136 15 8.3 15.8 16:35 7.5 16:33 10.0 0.0 0.6 4.0 19.1 13:00 135 16 6.9 8.8 12:27 5.0 21:51 11.4 0.0 3.8 1.2 17.4 11:03 137 17 7.2 7.9 15:11 5.9 08:20 11.1 0.0 0.6 4.6 22.6 16:30 137 18 4.8 5.9 15:05 3.6 08:48 13.5 0.0 1.0 3.0 20.0 12:07 128 19 8.5 9.5 13:33 6.1 08:42 9.9 0.0 37.2 12.7 34.8 12:30 147 20 10.9 11.7 14:55 8.7 08:45 7.4 0.0 7.8 9.0 33.9 15:38 140 21 8.5 10.1 14:08 7.4 08:23 9.8 0.0 0.0 2.5 16.5 08:25 136 22 7.5 9.4 15:12 5.9 17:42 10.8 0.0 0.0 2.2 22.6 00:00 142 23 8.6 21.7 13:18 6.6 01:15 9.7 0.0 10.6 11.3 34.8 12:11 146 24 7.4 18.1 08:48 6.3 16:38 10.9 0.0 9.0 1.4 10.4 13:10 132 25 6.1 7.1 14:26 4.2 17:50 12.2 0.0 0.0 2.3 15.6 15:11 257 26 7.8 9.7 14:15 3.2 08:06 10.6 0.0 0.0 0.7 13.0 17:00 135 27 7.0 10.3 13:13 3.7 23:45 11.4 0.0 0.0 0.4 8.7 13:51 203 28 5.6 8.7 13:20 2.1 01:42 12.8 0.0 0.0 0.5 7.0 14:56 316 --------------------------------------------------------------------------------------- 4.0 21.7 23 -5.2 10 379.2 0.0 92.4 3.8 34.8 19 123