NOAA-Style Climate Reports
Select a Year or Month report
2024: Jan Feb Mar Apr May Jun Jul Aug Sep Oct Nov Dec
2023: Jan Feb Mar Apr May Jun Jul Aug Sep Oct Nov Dec
2022: Jan Feb Mar Apr May Jun Jul Aug Sep Oct Nov Dec
2021: Jan Feb Mar Apr May Jun Jul Aug Sep Oct Nov Dec
2020: Jan Feb Mar Apr May Jun Jul Aug Sep Oct Nov Dec
2019: Jan Feb Mar Apr May Jun Jul Aug Sep Oct Nov Dec
2018: Jan Feb Mar Apr May Jun Jul Aug Sep Oct Nov Dec
2017: Jan Feb Mar Apr May Jun Jul Aug Sep Oct Nov Dec
2016: Jan Feb Mar Apr May Jun Jul Aug Sep Oct Nov Dec
2015: Jan Feb Mar Apr May Jun Jul Aug Sep Oct Nov Dec
2014: Jan Feb Mar Apr May Jun Jul Aug Sep Oct Nov Dec
2013: Jan Feb Mar Apr May Jun Jul Aug Sep Oct Nov Dec
2012: Jan Feb Mar Apr May Jun Jul Aug Sep Oct Nov Dec
2011: Jan Feb Mar Apr May Jun Jul Aug Sep Oct Nov Dec
2024: Jan Feb Mar Apr May Jun Jul Aug Sep Oct Nov Dec
2023: Jan Feb Mar Apr May Jun Jul Aug Sep Oct Nov Dec
2022: Jan Feb Mar Apr May Jun Jul Aug Sep Oct Nov Dec
2021: Jan Feb Mar Apr May Jun Jul Aug Sep Oct Nov Dec
2020: Jan Feb Mar Apr May Jun Jul Aug Sep Oct Nov Dec
2019: Jan Feb Mar Apr May Jun Jul Aug Sep Oct Nov Dec
2018: Jan Feb Mar Apr May Jun Jul Aug Sep Oct Nov Dec
2017: Jan Feb Mar Apr May Jun Jul Aug Sep Oct Nov Dec
2016: Jan Feb Mar Apr May Jun Jul Aug Sep Oct Nov Dec
2015: Jan Feb Mar Apr May Jun Jul Aug Sep Oct Nov Dec
2014: Jan Feb Mar Apr May Jun Jul Aug Sep Oct Nov Dec
2013: Jan Feb Mar Apr May Jun Jul Aug Sep Oct Nov Dec
2012: Jan Feb Mar Apr May Jun Jul Aug Sep Oct Nov Dec
2011: Jan Feb Mar Apr May Jun Jul Aug Sep Oct Nov Dec
Report for 2021 January
MONTHLY CLIMATOLOGICAL SUMMARY for Jan 2021 NAME: High Mosser Gate ELEV: 673 feet LAT: 54-36.48 N LONG: 003-22.02 W TEMPERATURE (C), RAIN (mm), WIND SPEED (knots) HEAT COOL AVG MEAN DEG DEG WIND DOM DAY TEMP HIGH TIME LOW TIME DAYS DAYS RAIN SPEED HIGH TIME DIR --------------------------------------------------------------------------------------- 01 0.6 1.9 14:38 -0.9 22:05 17.7 0.0 0.0 0.0 2.6 14:35 90 02 -1.0 0.2 22:58 -2.3 09:28 19.3 0.0 0.0 0.0 3.5 00:07 90 03 0.6 1.2 18:25 -0.9 01:15 17.7 0.0 0.0 0.4 7.8 21:34 13 04 0.6 2.1 15:02 -1.3 23:59 17.8 0.0 0.0 1.2 10.4 14:54 45 05 0.4 1.4 12:47 -1.2 00:26 17.9 0.0 0.0 0.7 8.7 14:36 44 06 -0.6 0.8 14:30 -1.9 19:30 19.0 0.0 0.0 0.1 5.2 01:30 101 07 0.6 2.7 12:50 -1.9 01:00 17.7 0.0 0.0 0.0 3.5 11:39 158 08 -3.2 0.9 00:09 -5.0 20:50 21.5 0.0 0.0 0.1 4.3 00:24 45 09 0.7 2.8 12:29 -3.8 00:00 17.6 0.0 0.4 0.0 6.1 14:00 90 10 4.8 29.1 14:17 4.3 14:14 13.5 0.0 1.0 0.7 9.6 14:14 235 11 7.1 20.3 10:10 5.2 10:07 11.2 0.0 0.6 3.9 18.2 13:29 254 12 -0.0 1.6 13:40 -1.7 09:16 18.4 0.0 0.0 0.1 3.5 17:03 112 13 2.7 12.3 10:19 0.8 10:16 15.6 0.0 0.8 0.0 1.7 14:45 90 14 1.5 3.1 10:54 0.1 18:17 16.8 0.0 1.0 0.1 4.3 12:07 146 15 1.7 3.8 23:48 -1.4 09:02 16.7 0.0 0.0 2.2 19.1 23:37 136 16 6.5 7.4 14:11 3.1 00:08 11.8 0.0 0.0 4.1 19.1 00:00 267 17 5.0 5.3 13:16 3.8 09:28 13.3 0.0 0.6 1.5 12.2 18:10 254 18 5.4 6.3 19:50 4.8 09:42 12.9 0.0 0.4 0.7 13.0 17:19 221 19 6.2 7.6 11:43 5.4 10:27 12.1 0.0 0.2 0.0 1.7 11:37 90 20 3.4 7.0 14:35 1.7 14:29 15.0 0.0 0.0 0.2 4.3 11:49 248 21 3.4 4.8 14:21 1.7 23:59 15.0 0.0 0.0 3.5 17.4 13:00 282 22 3.0 3.8 13:54 0.9 16:35 15.3 0.0 0.0 2.4 10.4 13:39 269 23 1.0 1.8 13:51 -0.9 16:25 17.4 0.0 0.0 0.4 6.1 13:00 292 24 0.2 2.3 13:18 -1.8 19:38 18.1 0.0 0.0 0.0 4.3 14:37 0 25 2.4 3.6 14:24 -0.4 00:16 16.0 0.0 0.0 1.2 12.2 14:06 288 26 3.1 4.9 11:18 1.4 00:36 15.2 0.0 0.8 3.4 15.6 12:28 135 27 6.0 7.2 14:00 4.3 19:39 12.3 0.0 0.0 0.9 16.5 23:50 139 28 6.1 10.3 12:02 4.0 10:18 12.3 0.0 0.6 0.7 16.5 00:00 134 29 4.5 9.0 15:32 3.9 15:29 13.8 0.0 0.2 0.8 7.8 13:58 39 30 2.3 4.3 16:42 0.7 16:40 16.1 0.0 0.2 7.1 28.7 09:29 74 31 2.1 2.9 13:39 0.1 22:20 16.2 0.0 0.0 4.5 22.6 12:16 122 --------------------------------------------------------------------------------------- 1.8 29.1 10 -5.0 08 491.3 0.0 6.8 1.2 28.7 30 146