NOAA-Style Climate Reports
Select a Year or Month report
2024: Jan Feb Mar Apr May Jun Jul Aug Sep Oct Nov Dec
2023: Jan Feb Mar Apr May Jun Jul Aug Sep Oct Nov Dec
2022: Jan Feb Mar Apr May Jun Jul Aug Sep Oct Nov Dec
2021: Jan Feb Mar Apr May Jun Jul Aug Sep Oct Nov Dec
2020: Jan Feb Mar Apr May Jun Jul Aug Sep Oct Nov Dec
2019: Jan Feb Mar Apr May Jun Jul Aug Sep Oct Nov Dec
2018: Jan Feb Mar Apr May Jun Jul Aug Sep Oct Nov Dec
2017: Jan Feb Mar Apr May Jun Jul Aug Sep Oct Nov Dec
2016: Jan Feb Mar Apr May Jun Jul Aug Sep Oct Nov Dec
2015: Jan Feb Mar Apr May Jun Jul Aug Sep Oct Nov Dec
2014: Jan Feb Mar Apr May Jun Jul Aug Sep Oct Nov Dec
2013: Jan Feb Mar Apr May Jun Jul Aug Sep Oct Nov Dec
2012: Jan Feb Mar Apr May Jun Jul Aug Sep Oct Nov Dec
2011: Jan Feb Mar Apr May Jun Jul Aug Sep Oct Nov Dec
2024: Jan Feb Mar Apr May Jun Jul Aug Sep Oct Nov Dec
2023: Jan Feb Mar Apr May Jun Jul Aug Sep Oct Nov Dec
2022: Jan Feb Mar Apr May Jun Jul Aug Sep Oct Nov Dec
2021: Jan Feb Mar Apr May Jun Jul Aug Sep Oct Nov Dec
2020: Jan Feb Mar Apr May Jun Jul Aug Sep Oct Nov Dec
2019: Jan Feb Mar Apr May Jun Jul Aug Sep Oct Nov Dec
2018: Jan Feb Mar Apr May Jun Jul Aug Sep Oct Nov Dec
2017: Jan Feb Mar Apr May Jun Jul Aug Sep Oct Nov Dec
2016: Jan Feb Mar Apr May Jun Jul Aug Sep Oct Nov Dec
2015: Jan Feb Mar Apr May Jun Jul Aug Sep Oct Nov Dec
2014: Jan Feb Mar Apr May Jun Jul Aug Sep Oct Nov Dec
2013: Jan Feb Mar Apr May Jun Jul Aug Sep Oct Nov Dec
2012: Jan Feb Mar Apr May Jun Jul Aug Sep Oct Nov Dec
2011: Jan Feb Mar Apr May Jun Jul Aug Sep Oct Nov Dec
Report for 2020 October
MONTHLY CLIMATOLOGICAL SUMMARY for Oct 2020 NAME: High Mosser Gate ELEV: 673 feet LAT: 54-36.48 N LONG: 003-22.02 W TEMPERATURE (C), RAIN (mm), WIND SPEED (knots) HEAT COOL AVG MEAN DEG DEG WIND DOM DAY TEMP HIGH TIME LOW TIME DAYS DAYS RAIN SPEED HIGH TIME DIR --------------------------------------------------------------------------------------- 01 8.0 12.9 16:18 3.7 21:21 10.3 0.0 4.4 0.2 6.1 14:04 289 02 8.5 12.8 15:29 2.2 04:13 9.8 0.0 0.0 0.4 10.4 18:45 51 03 8.5 9.1 10:23 7.3 02:44 9.9 0.0 26.2 1.2 15.6 18:39 341 04 11.3 14.9 14:09 8.6 20:49 7.0 0.0 0.0 0.6 9.6 16:01 61 05 11.0 13.6 15:37 8.2 08:23 7.3 0.0 2.6 1.1 11.3 20:49 289 06 10.8 12.8 16:23 7.3 03:49 7.5 0.0 2.4 1.8 14.8 21:26 289 07 10.0 11.9 15:26 8.3 23:57 8.3 0.0 1.4 3.0 15.6 08:30 291 08 8.2 11.3 13:29 5.3 08:31 10.2 0.0 5.6 0.7 11.3 16:13 293 09 7.2 8.8 03:09 5.2 21:23 11.1 0.0 5.4 1.7 19.1 11:30 295 10 9.2 11.4 16:46 6.4 22:05 9.2 0.0 0.2 2.2 13.9 12:30 295 11 8.9 11.8 15:50 4.2 08:40 9.5 0.0 0.0 0.3 7.0 14:49 323 12 9.1 11.0 12:07 6.6 22:53 9.3 0.0 4.6 2.0 19.1 13:41 293 13 7.9 11.3 14:05 2.9 08:23 10.4 0.0 1.4 1.5 15.6 14:10 45 14 10.0 13.7 15:13 7.0 23:59 8.3 0.0 0.4 0.6 9.6 00:00 49 15 7.0 11.0 15:04 4.2 08:20 11.3 0.0 0.0 0.5 7.8 21:27 71 16 7.3 10.1 14:25 2.8 03:44 11.1 0.0 0.0 0.2 6.1 12:25 81 17 8.0 10.3 14:03 5.4 01:59 10.3 0.0 0.2 0.1 6.1 13:52 48 18 9.0 10.6 14:27 6.6 02:55 9.3 0.0 0.2 0.1 7.8 21:30 140 19 10.5 11.3 12:35 9.5 02:57 7.9 0.0 2.8 3.7 17.4 09:00 135 20 13.0 15.3 12:41 9.9 03:16 5.4 0.0 1.2 5.1 20.9 17:00 135 21 11.5 13.7 12:51 8.3 23:51 6.8 0.0 1.4 1.2 19.1 02:00 135 22 8.5 10.1 11:11 6.5 20:21 9.9 0.0 2.0 1.2 13.9 00:00 281 23 7.9 9.8 15:13 5.9 19:09 10.5 0.0 9.6 1.0 18.2 10:30 159 24 8.5 10.0 15:48 6.9 19:35 9.9 0.0 10.8 2.7 25.2 00:47 136 25 8.6 10.1 14:26 6.1 00:31 9.7 0.0 3.6 1.5 13.0 08:24 117 26 8.8 10.6 12:25 7.9 23:43 9.5 0.0 1.2 4.0 19.1 11:51 289 27 8.2 9.8 14:00 6.6 20:30 10.1 0.0 5.2 2.4 25.2 14:30 147 28 8.1 9.7 12:05 7.1 17:47 10.2 0.0 2.6 1.5 15.6 23:30 235 29 11.4 12.7 23:22 7.4 01:58 7.0 0.0 24.8 2.8 20.0 10:47 128 30 7.8 10.6 12:33 4.3 23:11 10.5 0.0 0.0 1.0 9.6 09:30 279 31 9.8 14.4 09:35 6.2 00:00 8.5 0.0 18.0 4.5 37.4 10:30 143 --------------------------------------------------------------------------------------- 9.1 15.3 20 2.2 02 285.9 0.0 138.2 1.6 37.4 31 183