NOAA-Style Climate Reports
Select a Year or Month report
2024: Jan Feb Mar Apr May Jun Jul Aug Sep Oct Nov Dec
2023: Jan Feb Mar Apr May Jun Jul Aug Sep Oct Nov Dec
2022: Jan Feb Mar Apr May Jun Jul Aug Sep Oct Nov Dec
2021: Jan Feb Mar Apr May Jun Jul Aug Sep Oct Nov Dec
2020: Jan Feb Mar Apr May Jun Jul Aug Sep Oct Nov Dec
2019: Jan Feb Mar Apr May Jun Jul Aug Sep Oct Nov Dec
2018: Jan Feb Mar Apr May Jun Jul Aug Sep Oct Nov Dec
2017: Jan Feb Mar Apr May Jun Jul Aug Sep Oct Nov Dec
2016: Jan Feb Mar Apr May Jun Jul Aug Sep Oct Nov Dec
2015: Jan Feb Mar Apr May Jun Jul Aug Sep Oct Nov Dec
2014: Jan Feb Mar Apr May Jun Jul Aug Sep Oct Nov Dec
2013: Jan Feb Mar Apr May Jun Jul Aug Sep Oct Nov Dec
2012: Jan Feb Mar Apr May Jun Jul Aug Sep Oct Nov Dec
2011: Jan Feb Mar Apr May Jun Jul Aug Sep Oct Nov Dec
2024: Jan Feb Mar Apr May Jun Jul Aug Sep Oct Nov Dec
2023: Jan Feb Mar Apr May Jun Jul Aug Sep Oct Nov Dec
2022: Jan Feb Mar Apr May Jun Jul Aug Sep Oct Nov Dec
2021: Jan Feb Mar Apr May Jun Jul Aug Sep Oct Nov Dec
2020: Jan Feb Mar Apr May Jun Jul Aug Sep Oct Nov Dec
2019: Jan Feb Mar Apr May Jun Jul Aug Sep Oct Nov Dec
2018: Jan Feb Mar Apr May Jun Jul Aug Sep Oct Nov Dec
2017: Jan Feb Mar Apr May Jun Jul Aug Sep Oct Nov Dec
2016: Jan Feb Mar Apr May Jun Jul Aug Sep Oct Nov Dec
2015: Jan Feb Mar Apr May Jun Jul Aug Sep Oct Nov Dec
2014: Jan Feb Mar Apr May Jun Jul Aug Sep Oct Nov Dec
2013: Jan Feb Mar Apr May Jun Jul Aug Sep Oct Nov Dec
2012: Jan Feb Mar Apr May Jun Jul Aug Sep Oct Nov Dec
2011: Jan Feb Mar Apr May Jun Jul Aug Sep Oct Nov Dec
Report for 2020 August
MONTHLY CLIMATOLOGICAL SUMMARY for Aug 2020 NAME: High Mosser Gate ELEV: 673 feet LAT: 54-36.48 N LONG: 003-22.02 W TEMPERATURE (C), RAIN (mm), WIND SPEED (knots) HEAT COOL AVG MEAN DEG DEG WIND DOM DAY TEMP HIGH TIME LOW TIME DAYS DAYS RAIN SPEED HIGH TIME DIR --------------------------------------------------------------------------------------- 01 14.4 16.5 17:30 12.3 00:00 3.9 0.0 0.6 0.8 9.6 15:30 286 02 12.9 16.7 15:29 10.5 21:52 5.4 0.0 2.8 0.9 11.3 16:00 290 03 12.1 15.5 15:54 7.1 03:26 6.3 0.0 0.0 0.7 7.8 13:07 289 04 13.3 15.1 17:00 10.0 00:22 5.0 0.0 12.8 2.8 22.6 18:54 118 05 15.5 17.6 15:17 14.1 03:51 2.9 0.0 20.2 1.8 21.7 12:47 110 06 16.8 21.2 13:52 12.8 04:35 1.6 0.0 0.0 0.2 8.7 14:01 122 07 17.8 21.7 15:50 13.7 02:30 0.5 0.0 0.0 0.4 8.7 10:34 98 08 16.4 21.6 15:50 9.7 06:22 1.9 0.0 0.0 0.7 8.7 21:02 51 09 17.7 22.5 16:16 11.7 01:31 0.6 0.0 0.0 0.7 10.4 17:50 107 10 18.7 22.6 15:01 12.7 06:12 0.0 0.4 14.0 0.4 8.7 13:15 8 11 20.7 25.2 16:47 16.0 05:36 0.0 2.4 19.2 0.4 8.7 03:24 344 12 22.8 27.2 16:47 16.7 05:37 0.0 4.4 0.2 0.2 8.7 17:29 354 13 19.4 23.9 15:40 14.1 23:56 0.0 1.1 3.8 0.5 9.6 13:22 37 14 18.1 23.3 14:47 12.1 06:03 0.3 0.0 0.0 0.5 8.7 12:23 3 15 18.1 24.1 15:35 13.3 06:01 0.2 0.0 0.0 0.3 7.8 12:13 345 16 16.0 18.3 13:12 13.7 06:04 2.4 0.0 1.8 0.1 6.1 21:51 111 17 15.0 18.6 18:15 12.9 05:38 3.3 0.0 7.8 0.0 5.2 03:57 90 18 15.4 17.8 12:45 13.8 01:39 2.9 0.0 3.0 0.2 7.0 11:22 122 19 18.0 22.1 13:43 13.9 05:26 0.4 0.0 0.4 1.2 16.5 16:37 116 20 18.0 21.4 14:46 14.1 04:26 0.3 0.0 4.8 3.8 24.3 02:30 133 21 15.2 17.2 01:46 11.8 04:11 3.1 0.0 20.0 3.5 26.9 08:25 118 22 14.1 16.1 15:12 11.6 23:58 4.3 0.0 6.4 0.6 10.4 12:56 101 23 13.3 15.3 14:55 11.2 00:47 5.0 0.0 14.0 0.6 11.3 14:03 251 24 11.9 16.4 17:44 7.1 07:06 6.4 0.0 0.4 0.6 10.4 10:19 286 25 14.7 17.7 12:35 12.1 00:00 3.6 0.0 22.0 3.3 20.0 07:39 125 26 13.9 17.2 17:14 11.5 04:14 4.4 0.0 7.4 0.7 9.6 03:56 316 27 13.3 16.7 14:29 10.6 23:28 5.0 0.0 4.6 0.7 9.6 09:27 131 28 10.6 13.9 13:31 7.2 23:26 7.8 0.0 3.2 1.2 16.5 15:21 46 29 9.6 12.7 13:01 4.6 05:43 8.8 0.0 0.0 1.1 10.4 13:43 22 30 10.0 14.2 15:23 5.7 01:19 8.4 0.0 0.0 0.3 7.0 12:03 319 31 12.1 17.2 15:44 7.5 01:36 6.3 0.0 0.0 0.3 9.6 15:01 136 --------------------------------------------------------------------------------------- 15.4 27.2 12 4.6 29 100.9 8.2 169.4 0.9 26.9 21 107