NOAA-Style Climate Reports
Select a Year or Month report
2024: Jan Feb Mar Apr May Jun Jul Aug Sep Oct Nov Dec
2023: Jan Feb Mar Apr May Jun Jul Aug Sep Oct Nov Dec
2022: Jan Feb Mar Apr May Jun Jul Aug Sep Oct Nov Dec
2021: Jan Feb Mar Apr May Jun Jul Aug Sep Oct Nov Dec
2020: Jan Feb Mar Apr May Jun Jul Aug Sep Oct Nov Dec
2019: Jan Feb Mar Apr May Jun Jul Aug Sep Oct Nov Dec
2018: Jan Feb Mar Apr May Jun Jul Aug Sep Oct Nov Dec
2017: Jan Feb Mar Apr May Jun Jul Aug Sep Oct Nov Dec
2016: Jan Feb Mar Apr May Jun Jul Aug Sep Oct Nov Dec
2015: Jan Feb Mar Apr May Jun Jul Aug Sep Oct Nov Dec
2014: Jan Feb Mar Apr May Jun Jul Aug Sep Oct Nov Dec
2013: Jan Feb Mar Apr May Jun Jul Aug Sep Oct Nov Dec
2012: Jan Feb Mar Apr May Jun Jul Aug Sep Oct Nov Dec
2011: Jan Feb Mar Apr May Jun Jul Aug Sep Oct Nov Dec
2024: Jan Feb Mar Apr May Jun Jul Aug Sep Oct Nov Dec
2023: Jan Feb Mar Apr May Jun Jul Aug Sep Oct Nov Dec
2022: Jan Feb Mar Apr May Jun Jul Aug Sep Oct Nov Dec
2021: Jan Feb Mar Apr May Jun Jul Aug Sep Oct Nov Dec
2020: Jan Feb Mar Apr May Jun Jul Aug Sep Oct Nov Dec
2019: Jan Feb Mar Apr May Jun Jul Aug Sep Oct Nov Dec
2018: Jan Feb Mar Apr May Jun Jul Aug Sep Oct Nov Dec
2017: Jan Feb Mar Apr May Jun Jul Aug Sep Oct Nov Dec
2016: Jan Feb Mar Apr May Jun Jul Aug Sep Oct Nov Dec
2015: Jan Feb Mar Apr May Jun Jul Aug Sep Oct Nov Dec
2014: Jan Feb Mar Apr May Jun Jul Aug Sep Oct Nov Dec
2013: Jan Feb Mar Apr May Jun Jul Aug Sep Oct Nov Dec
2012: Jan Feb Mar Apr May Jun Jul Aug Sep Oct Nov Dec
2011: Jan Feb Mar Apr May Jun Jul Aug Sep Oct Nov Dec
Report for 2020 June
MONTHLY CLIMATOLOGICAL SUMMARY for Jun 2020 NAME: High Mosser Gate ELEV: 673 feet LAT: 54-36.48 N LONG: 003-22.02 W TEMPERATURE (C), RAIN (mm), WIND SPEED (knots) HEAT COOL AVG MEAN DEG DEG WIND DOM DAY TEMP HIGH TIME LOW TIME DAYS DAYS RAIN SPEED HIGH TIME DIR --------------------------------------------------------------------------------------- 01 16.6 20.8 17:58 9.7 05:06 1.7 0.0 0.0 1.0 10.4 01:28 286 02 15.9 21.1 13:16 9.9 05:02 2.4 0.0 0.0 0.5 7.8 13:59 292 03 10.1 13.6 00:29 6.8 23:48 8.2 0.0 5.2 1.2 15.6 12:30 43 04 10.1 13.0 17:45 6.3 00:33 8.3 0.0 0.2 1.6 12.2 17:38 292 05 8.1 12.5 15:02 4.0 03:30 10.2 0.0 3.2 4.1 22.6 16:30 294 06 11.1 16.1 18:16 6.7 00:39 7.3 0.0 12.4 3.2 21.7 00:30 322 07 12.3 17.5 14:57 9.3 23:56 6.0 0.0 0.4 0.5 8.7 08:27 359 08 10.3 14.1 16:22 7.6 05:47 8.0 0.0 0.0 0.4 11.3 18:03 300 09 11.0 13.1 16:16 8.4 00:00 7.4 0.0 1.6 0.4 7.0 12:34 287 10 10.5 12.4 15:28 8.2 03:22 7.8 0.0 4.8 0.5 11.3 22:52 115 11 11.4 16.7 13:37 8.7 05:03 6.9 0.0 1.0 1.8 17.4 16:42 58 12 11.9 14.4 12:12 9.8 01:22 6.4 0.0 1.6 1.6 18.2 00:12 42 13 15.6 21.5 15:41 10.4 00:17 2.7 0.0 1.8 0.5 11.3 07:00 68 14 17.7 22.4 17:17 11.9 05:15 0.7 0.0 0.0 0.4 10.4 14:55 31 15 16.1 20.6 12:24 12.3 04:14 2.3 0.0 0.2 0.2 7.0 13:30 310 16 15.5 19.2 10:28 11.5 04:52 2.8 0.0 3.0 0.1 6.1 15:51 315 17 15.9 19.1 13:45 11.7 04:31 2.4 0.0 3.6 0.2 6.1 10:24 304 18 15.0 18.4 16:39 12.5 04:31 3.3 0.0 3.2 0.4 9.6 11:45 41 19 13.8 18.0 10:41 11.1 23:59 4.5 0.0 8.8 0.3 9.6 21:21 112 20 14.5 18.8 16:26 10.8 03:49 3.8 0.0 0.4 0.6 11.3 17:24 125 21 13.5 16.3 15:42 10.9 23:51 4.8 0.0 6.6 1.4 19.1 06:05 115 22 13.1 16.0 11:58 9.9 03:53 5.2 0.0 4.6 4.2 25.2 12:00 133 23 15.5 19.3 19:17 13.1 03:00 2.8 0.0 2.2 1.6 21.7 01:00 116 24 18.1 22.7 13:41 11.3 05:07 0.2 0.0 0.0 0.4 7.0 10:26 295 25 23.8 28.2 14:21 18.2 00:00 0.0 5.4 0.0 1.8 13.9 13:43 124 26 17.7 25.1 15:29 12.7 23:57 0.7 0.0 3.8 0.5 13.0 01:00 161 27 13.4 17.8 14:55 10.6 23:24 4.9 0.0 9.6 0.7 17.4 18:59 107 28 10.4 11.3 10:39 9.9 22:00 7.9 0.0 53.6 1.4 14.8 12:09 105 29 11.9 14.7 18:58 10.0 06:06 6.4 0.0 14.0 2.3 19.1 05:30 232 30 12.1 14.1 13:00 9.7 23:40 6.2 0.0 0.2 0.5 11.3 04:22 257 --------------------------------------------------------------------------------------- 13.8 28.2 25 4.0 05 142.5 5.4 146.0 1.1 25.2 22 65