NOAA-Style Climate Reports
Select a Year or Month report
2024: Jan Feb Mar Apr May Jun Jul Aug Sep Oct Nov Dec
2023: Jan Feb Mar Apr May Jun Jul Aug Sep Oct Nov Dec
2022: Jan Feb Mar Apr May Jun Jul Aug Sep Oct Nov Dec
2021: Jan Feb Mar Apr May Jun Jul Aug Sep Oct Nov Dec
2020: Jan Feb Mar Apr May Jun Jul Aug Sep Oct Nov Dec
2019: Jan Feb Mar Apr May Jun Jul Aug Sep Oct Nov Dec
2018: Jan Feb Mar Apr May Jun Jul Aug Sep Oct Nov Dec
2017: Jan Feb Mar Apr May Jun Jul Aug Sep Oct Nov Dec
2016: Jan Feb Mar Apr May Jun Jul Aug Sep Oct Nov Dec
2015: Jan Feb Mar Apr May Jun Jul Aug Sep Oct Nov Dec
2014: Jan Feb Mar Apr May Jun Jul Aug Sep Oct Nov Dec
2013: Jan Feb Mar Apr May Jun Jul Aug Sep Oct Nov Dec
2012: Jan Feb Mar Apr May Jun Jul Aug Sep Oct Nov Dec
2011: Jan Feb Mar Apr May Jun Jul Aug Sep Oct Nov Dec
2024: Jan Feb Mar Apr May Jun Jul Aug Sep Oct Nov Dec
2023: Jan Feb Mar Apr May Jun Jul Aug Sep Oct Nov Dec
2022: Jan Feb Mar Apr May Jun Jul Aug Sep Oct Nov Dec
2021: Jan Feb Mar Apr May Jun Jul Aug Sep Oct Nov Dec
2020: Jan Feb Mar Apr May Jun Jul Aug Sep Oct Nov Dec
2019: Jan Feb Mar Apr May Jun Jul Aug Sep Oct Nov Dec
2018: Jan Feb Mar Apr May Jun Jul Aug Sep Oct Nov Dec
2017: Jan Feb Mar Apr May Jun Jul Aug Sep Oct Nov Dec
2016: Jan Feb Mar Apr May Jun Jul Aug Sep Oct Nov Dec
2015: Jan Feb Mar Apr May Jun Jul Aug Sep Oct Nov Dec
2014: Jan Feb Mar Apr May Jun Jul Aug Sep Oct Nov Dec
2013: Jan Feb Mar Apr May Jun Jul Aug Sep Oct Nov Dec
2012: Jan Feb Mar Apr May Jun Jul Aug Sep Oct Nov Dec
2011: Jan Feb Mar Apr May Jun Jul Aug Sep Oct Nov Dec
Report for 2020 April
MONTHLY CLIMATOLOGICAL SUMMARY for Apr 2020 NAME: High Mosser Gate ELEV: 673 feet LAT: 54-36.48 N LONG: 003-22.02 W TEMPERATURE (C), RAIN (mm), WIND SPEED (knots) HEAT COOL AVG MEAN DEG DEG WIND DOM DAY TEMP HIGH TIME LOW TIME DAYS DAYS RAIN SPEED HIGH TIME DIR --------------------------------------------------------------------------------------- 01 6.1 8.2 15:00 3.9 05:00 12.2 0.0 0.0 2.5 13.9 15:13 288 02 6.3 8.1 15:37 3.8 23:50 12.0 0.0 0.6 4.7 17.4 14:30 284 03 5.6 8.2 16:18 2.6 05:21 12.7 0.0 2.2 1.5 13.9 12:34 248 04 8.9 11.4 14:05 5.9 04:47 9.4 0.0 0.0 2.5 18.2 20:51 136 05 14.3 18.7 14:32 8.7 05:39 4.1 0.0 0.6 7.5 28.7 23:30 137 06 9.5 14.2 00:57 6.2 23:43 8.9 0.0 7.4 2.8 26.9 00:02 172 07 9.6 14.0 16:32 5.4 04:50 8.7 0.0 0.0 1.7 13.0 14:02 146 08 11.0 15.4 15:32 6.6 05:38 7.4 0.0 0.0 1.0 11.3 00:22 207 09 12.3 17.3 14:53 6.7 01:44 6.0 0.0 0.0 0.8 8.7 12:09 138 10 13.5 19.3 14:47 8.4 05:43 4.8 0.0 0.0 0.5 7.0 15:24 322 11 12.7 15.5 17:55 9.9 21:22 5.6 0.0 0.0 1.1 10.4 11:22 247 12 9.7 13.6 14:46 4.8 23:58 8.6 0.0 0.0 2.7 19.1 21:45 60 13 5.1 8.9 16:39 2.1 05:50 13.2 0.0 0.0 2.7 19.1 00:00 61 14 6.0 10.1 15:15 0.8 04:37 12.3 0.0 0.0 0.6 10.4 13:29 244 15 9.1 14.1 15:36 3.4 03:30 9.3 0.0 0.0 0.6 9.6 14:28 278 16 11.4 16.4 14:42 4.9 05:06 7.0 0.0 0.0 1.8 18.2 13:44 89 17 9.4 13.1 12:20 4.5 23:55 8.9 0.0 0.0 2.6 16.5 14:40 100 18 8.4 14.4 14:23 2.4 05:46 9.9 0.0 0.0 1.0 14.8 14:30 131 19 10.0 16.2 15:58 4.6 04:53 8.3 0.0 0.0 1.1 15.6 15:59 89 20 9.6 13.9 15:40 3.7 05:47 8.8 0.0 0.0 2.5 18.2 12:59 74 21 10.5 15.7 14:40 4.7 01:34 7.8 0.0 0.2 4.1 25.2 20:14 69 22 11.4 18.1 14:47 3.3 05:56 7.0 0.0 0.0 1.5 15.6 15:05 68 23 13.4 18.6 16:42 7.3 00:14 5.0 0.0 0.0 0.8 8.7 17:45 282 24 12.8 16.6 15:55 6.6 04:56 5.6 0.0 0.0 0.6 8.7 12:01 297 25 13.1 19.4 15:55 8.4 23:49 5.3 0.0 0.0 0.4 9.6 15:30 277 26 9.0 12.6 11:51 6.6 23:46 9.3 0.0 0.0 0.4 8.7 11:39 276 27 7.6 11.7 14:55 1.9 04:36 10.7 0.0 0.0 0.8 10.4 16:00 304 28 6.6 8.6 13:41 3.7 03:56 11.7 0.0 0.4 0.3 7.8 11:40 127 29 6.8 10.2 18:43 4.6 06:04 11.6 0.0 1.8 2.4 17.4 13:38 117 30 7.3 9.9 12:18 6.1 21:08 11.0 0.0 2.8 1.0 12.2 10:59 128 --------------------------------------------------------------------------------------- 9.6 19.4 25 0.8 14 262.9 0.0 16.0 1.8 28.7 05 112