NOAA-Style Climate Reports
Select a Year or Month report
2024: Jan Feb Mar Apr May Jun Jul Aug Sep Oct Nov Dec
2023: Jan Feb Mar Apr May Jun Jul Aug Sep Oct Nov Dec
2022: Jan Feb Mar Apr May Jun Jul Aug Sep Oct Nov Dec
2021: Jan Feb Mar Apr May Jun Jul Aug Sep Oct Nov Dec
2020: Jan Feb Mar Apr May Jun Jul Aug Sep Oct Nov Dec
2019: Jan Feb Mar Apr May Jun Jul Aug Sep Oct Nov Dec
2018: Jan Feb Mar Apr May Jun Jul Aug Sep Oct Nov Dec
2017: Jan Feb Mar Apr May Jun Jul Aug Sep Oct Nov Dec
2016: Jan Feb Mar Apr May Jun Jul Aug Sep Oct Nov Dec
2015: Jan Feb Mar Apr May Jun Jul Aug Sep Oct Nov Dec
2014: Jan Feb Mar Apr May Jun Jul Aug Sep Oct Nov Dec
2013: Jan Feb Mar Apr May Jun Jul Aug Sep Oct Nov Dec
2012: Jan Feb Mar Apr May Jun Jul Aug Sep Oct Nov Dec
2011: Jan Feb Mar Apr May Jun Jul Aug Sep Oct Nov Dec
2024: Jan Feb Mar Apr May Jun Jul Aug Sep Oct Nov Dec
2023: Jan Feb Mar Apr May Jun Jul Aug Sep Oct Nov Dec
2022: Jan Feb Mar Apr May Jun Jul Aug Sep Oct Nov Dec
2021: Jan Feb Mar Apr May Jun Jul Aug Sep Oct Nov Dec
2020: Jan Feb Mar Apr May Jun Jul Aug Sep Oct Nov Dec
2019: Jan Feb Mar Apr May Jun Jul Aug Sep Oct Nov Dec
2018: Jan Feb Mar Apr May Jun Jul Aug Sep Oct Nov Dec
2017: Jan Feb Mar Apr May Jun Jul Aug Sep Oct Nov Dec
2016: Jan Feb Mar Apr May Jun Jul Aug Sep Oct Nov Dec
2015: Jan Feb Mar Apr May Jun Jul Aug Sep Oct Nov Dec
2014: Jan Feb Mar Apr May Jun Jul Aug Sep Oct Nov Dec
2013: Jan Feb Mar Apr May Jun Jul Aug Sep Oct Nov Dec
2012: Jan Feb Mar Apr May Jun Jul Aug Sep Oct Nov Dec
2011: Jan Feb Mar Apr May Jun Jul Aug Sep Oct Nov Dec
Report for 2020 February
MONTHLY CLIMATOLOGICAL SUMMARY for Feb 2020 NAME: High Mosser Gate ELEV: 673 feet LAT: 54-36.48 N LONG: 003-22.02 W TEMPERATURE (C), RAIN (mm), WIND SPEED (knots) HEAT COOL AVG MEAN DEG DEG WIND DOM DAY TEMP HIGH TIME LOW TIME DAYS DAYS RAIN SPEED HIGH TIME DIR --------------------------------------------------------------------------------------- 01 6.2 8.3 00:00 3.9 23:02 12.2 0.0 1.8 2.6 20.0 12:16 246 02 6.8 7.9 14:26 4.1 01:53 11.5 0.0 1.8 1.5 15.6 11:09 144 03 5.0 7.3 01:57 3.2 22:21 13.3 0.0 1.6 4.4 22.6 00:00 255 04 5.8 8.3 14:13 2.7 00:13 12.5 0.0 0.4 3.0 23.5 00:51 301 05 4.9 6.9 12:50 2.4 00:13 13.4 0.0 0.0 0.2 9.6 19:30 158 06 4.3 7.6 12:28 1.0 20:37 14.1 0.0 0.2 0.2 6.1 12:18 250 07 7.1 10.8 12:07 1.5 00:51 11.2 0.0 3.4 5.9 26.9 22:30 135 08 6.7 8.3 00:32 4.7 08:40 11.6 0.0 52.2 8.1 40.0 23:30 136 09 6.6 8.7 01:59 3.8 23:34 11.7 0.0 18.6 5.9 37.4 00:00 221 10 3.6 4.9 12:08 2.2 23:52 14.7 0.0 4.6 8.6 33.0 21:49 259 11 2.7 3.3 00:21 0.9 20:34 15.7 0.0 2.8 9.8 33.0 03:00 268 12 2.9 4.2 14:41 1.3 19:14 15.4 0.0 0.0 4.9 22.6 00:00 255 13 3.8 7.1 11:22 1.9 23:55 14.5 0.0 0.4 2.1 20.9 03:00 105 14 6.4 8.7 14:37 1.9 00:00 11.9 0.0 21.6 4.7 34.8 10:16 143 15 7.7 9.6 10:31 5.7 01:05 10.6 0.0 49.8 7.4 42.6 14:30 144 16 5.4 7.0 14:02 4.0 19:49 13.0 0.0 1.2 4.6 28.7 15:55 220 17 5.1 7.2 10:58 2.8 18:57 13.2 0.0 1.4 5.1 24.3 00:00 237 18 4.1 5.4 15:05 2.3 17:00 14.3 0.0 3.0 3.7 21.7 17:00 254 19 5.8 7.7 20:08 2.3 03:22 12.5 0.0 34.8 3.8 20.0 14:00 155 20 4.2 7.7 00:21 1.3 15:07 14.1 0.0 7.2 4.9 29.5 15:00 263 21 6.5 7.7 17:03 3.8 00:00 11.8 0.0 15.8 3.9 20.9 12:55 137 22 4.5 5.6 10:28 2.3 13:20 13.8 0.0 4.0 6.0 28.7 15:30 253 23 4.0 5.1 16:03 1.4 13:12 14.4 0.0 6.0 3.3 29.5 11:30 282 24 5.0 8.7 11:15 1.8 03:27 13.3 0.0 10.0 4.8 24.3 09:30 267 25 2.5 4.0 13:18 0.6 19:26 15.8 0.0 2.4 2.5 15.6 00:00 271 26 2.2 4.8 13:42 0.3 14:22 16.2 0.0 4.0 2.6 18.2 14:30 288 27 2.5 4.5 16:22 0.3 08:00 15.8 0.0 4.6 2.3 17.4 16:30 290 28 6.0 9.4 23:49 2.4 08:32 12.4 0.0 14.6 5.1 28.7 11:11 137 29 4.9 9.8 01:14 2.2 11:46 13.5 0.0 18.6 4.5 33.0 02:00 173 --------------------------------------------------------------------------------------- 4.9 10.8 07 0.3 26 388.4 0.0 286.8 4.4 42.6 15 221