NOAA-Style Climate Reports
Select a Year or Month report
2024: Jan Feb Mar Apr May Jun Jul Aug Sep Oct Nov Dec
2023: Jan Feb Mar Apr May Jun Jul Aug Sep Oct Nov Dec
2022: Jan Feb Mar Apr May Jun Jul Aug Sep Oct Nov Dec
2021: Jan Feb Mar Apr May Jun Jul Aug Sep Oct Nov Dec
2020: Jan Feb Mar Apr May Jun Jul Aug Sep Oct Nov Dec
2019: Jan Feb Mar Apr May Jun Jul Aug Sep Oct Nov Dec
2018: Jan Feb Mar Apr May Jun Jul Aug Sep Oct Nov Dec
2017: Jan Feb Mar Apr May Jun Jul Aug Sep Oct Nov Dec
2016: Jan Feb Mar Apr May Jun Jul Aug Sep Oct Nov Dec
2015: Jan Feb Mar Apr May Jun Jul Aug Sep Oct Nov Dec
2014: Jan Feb Mar Apr May Jun Jul Aug Sep Oct Nov Dec
2013: Jan Feb Mar Apr May Jun Jul Aug Sep Oct Nov Dec
2012: Jan Feb Mar Apr May Jun Jul Aug Sep Oct Nov Dec
2011: Jan Feb Mar Apr May Jun Jul Aug Sep Oct Nov Dec
2024: Jan Feb Mar Apr May Jun Jul Aug Sep Oct Nov Dec
2023: Jan Feb Mar Apr May Jun Jul Aug Sep Oct Nov Dec
2022: Jan Feb Mar Apr May Jun Jul Aug Sep Oct Nov Dec
2021: Jan Feb Mar Apr May Jun Jul Aug Sep Oct Nov Dec
2020: Jan Feb Mar Apr May Jun Jul Aug Sep Oct Nov Dec
2019: Jan Feb Mar Apr May Jun Jul Aug Sep Oct Nov Dec
2018: Jan Feb Mar Apr May Jun Jul Aug Sep Oct Nov Dec
2017: Jan Feb Mar Apr May Jun Jul Aug Sep Oct Nov Dec
2016: Jan Feb Mar Apr May Jun Jul Aug Sep Oct Nov Dec
2015: Jan Feb Mar Apr May Jun Jul Aug Sep Oct Nov Dec
2014: Jan Feb Mar Apr May Jun Jul Aug Sep Oct Nov Dec
2013: Jan Feb Mar Apr May Jun Jul Aug Sep Oct Nov Dec
2012: Jan Feb Mar Apr May Jun Jul Aug Sep Oct Nov Dec
2011: Jan Feb Mar Apr May Jun Jul Aug Sep Oct Nov Dec
Report for 2019 December
MONTHLY CLIMATOLOGICAL SUMMARY for Dec 2019 NAME: High Mosser Gate ELEV: 673 feet LAT: 54-36.48 N LONG: 003-22.02 W TEMPERATURE (C), RAIN (mm), WIND SPEED (knots) HEAT COOL AVG MEAN DEG DEG WIND DOM DAY TEMP HIGH TIME LOW TIME DAYS DAYS RAIN SPEED HIGH TIME DIR --------------------------------------------------------------------------------------- 01 0.2 1.9 11:50 -2.1 16:34 18.1 0.0 0.0 0.1 6.1 00:06 75 02 5.1 6.2 12:30 -0.4 00:07 13.2 0.0 0.6 0.0 7.0 20:00 248 03 6.6 7.4 23:18 4.9 08:59 11.8 0.0 0.0 2.1 16.5 19:00 137 04 6.7 7.6 10:05 4.8 22:55 11.7 0.0 1.6 1.4 18.2 11:00 146 05 9.1 10.2 22:47 7.1 10:11 9.3 0.0 14.2 3.7 19.1 12:30 131 06 7.9 8.8 10:22 6.9 17:37 10.4 0.0 2.8 3.3 19.1 12:31 274 07 8.5 9.8 23:58 7.4 09:34 9.9 0.0 24.4 3.8 31.3 23:05 136 08 6.0 9.9 00:09 5.4 16:32 12.3 0.0 3.8 3.5 22.6 00:00 230 09 4.3 6.6 23:36 2.5 16:33 14.0 0.0 0.0 2.0 13.0 13:31 304 10 9.4 10.9 14:38 5.9 01:39 8.9 0.0 39.8 9.9 37.4 10:15 138 11 3.9 5.3 12:15 3.0 23:14 14.5 0.0 0.0 1.0 13.0 12:41 231 12 3.7 5.2 12:08 1.6 23:38 14.7 0.0 1.8 1.2 16.5 10:23 132 13 5.1 6.2 13:07 4.1 23:57 13.2 0.0 3.8 3.2 15.6 20:06 275 14 3.5 4.5 16:45 0.6 23:47 14.8 0.0 4.4 3.4 24.3 11:38 239 15 3.1 4.7 21:08 -0.3 01:09 15.2 0.0 15.0 2.6 21.7 23:30 135 16 4.1 5.1 12:42 2.7 09:09 14.2 0.0 0.4 1.8 20.9 01:00 142 17 3.9 5.0 14:00 2.3 00:00 14.5 0.0 0.4 0.4 13.0 01:30 139 18 6.4 10.1 23:48 2.4 00:30 11.9 0.0 14.6 7.7 33.9 20:30 130 19 9.3 10.6 00:33 8.1 09:26 9.0 0.0 9.2 4.8 27.8 00:00 133 20 6.1 8.5 00:00 4.6 21:18 12.3 0.0 0.4 1.6 19.1 01:00 230 21 5.5 6.6 13:51 4.0 20:09 12.8 0.0 0.0 2.2 13.0 10:30 134 22 5.4 6.4 23:57 4.2 01:15 12.9 0.0 2.8 0.6 9.6 11:38 155 23 5.9 6.7 11:32 4.4 23:09 12.5 0.0 0.2 1.2 17.4 14:00 227 24 4.9 7.1 11:59 2.4 19:52 13.4 0.0 0.6 0.4 8.7 12:15 296 25 4.4 6.1 12:28 2.4 21:18 13.9 0.0 0.0 0.4 8.7 23:49 154 26 5.1 6.3 10:43 3.9 19:58 13.2 0.0 1.8 1.7 14.8 13:00 117 27 9.6 10.5 12:16 8.8 13:19 8.7 0.0 0.0 5.6 23.5 21:48 134 28 10.1 11.2 13:39 8.9 23:27 8.2 0.0 2.4 7.0 28.7 14:00 138 29 8.3 8.9 00:00 8.1 17:25 10.0 0.0 0.2 4.3 23.5 20:30 135 30 8.2 8.4 01:25 7.4 01:25 10.2 0.0 1.4 2.4 18.2 00:00 151 31 3.2 5.7 12:16 1.9 18:14 15.2 0.0 0.0 0.4 4.3 20:49 132 --------------------------------------------------------------------------------------- 5.8 11.2 28 -2.1 01 384.8 0.0 146.6 2.6 37.4 10 148