NOAA-Style Climate Reports
Select a Year or Month report
2024: Jan Feb Mar Apr May Jun Jul Aug Sep Oct Nov Dec
2023: Jan Feb Mar Apr May Jun Jul Aug Sep Oct Nov Dec
2022: Jan Feb Mar Apr May Jun Jul Aug Sep Oct Nov Dec
2021: Jan Feb Mar Apr May Jun Jul Aug Sep Oct Nov Dec
2020: Jan Feb Mar Apr May Jun Jul Aug Sep Oct Nov Dec
2019: Jan Feb Mar Apr May Jun Jul Aug Sep Oct Nov Dec
2018: Jan Feb Mar Apr May Jun Jul Aug Sep Oct Nov Dec
2017: Jan Feb Mar Apr May Jun Jul Aug Sep Oct Nov Dec
2016: Jan Feb Mar Apr May Jun Jul Aug Sep Oct Nov Dec
2015: Jan Feb Mar Apr May Jun Jul Aug Sep Oct Nov Dec
2014: Jan Feb Mar Apr May Jun Jul Aug Sep Oct Nov Dec
2013: Jan Feb Mar Apr May Jun Jul Aug Sep Oct Nov Dec
2012: Jan Feb Mar Apr May Jun Jul Aug Sep Oct Nov Dec
2011: Jan Feb Mar Apr May Jun Jul Aug Sep Oct Nov Dec
2024: Jan Feb Mar Apr May Jun Jul Aug Sep Oct Nov Dec
2023: Jan Feb Mar Apr May Jun Jul Aug Sep Oct Nov Dec
2022: Jan Feb Mar Apr May Jun Jul Aug Sep Oct Nov Dec
2021: Jan Feb Mar Apr May Jun Jul Aug Sep Oct Nov Dec
2020: Jan Feb Mar Apr May Jun Jul Aug Sep Oct Nov Dec
2019: Jan Feb Mar Apr May Jun Jul Aug Sep Oct Nov Dec
2018: Jan Feb Mar Apr May Jun Jul Aug Sep Oct Nov Dec
2017: Jan Feb Mar Apr May Jun Jul Aug Sep Oct Nov Dec
2016: Jan Feb Mar Apr May Jun Jul Aug Sep Oct Nov Dec
2015: Jan Feb Mar Apr May Jun Jul Aug Sep Oct Nov Dec
2014: Jan Feb Mar Apr May Jun Jul Aug Sep Oct Nov Dec
2013: Jan Feb Mar Apr May Jun Jul Aug Sep Oct Nov Dec
2012: Jan Feb Mar Apr May Jun Jul Aug Sep Oct Nov Dec
2011: Jan Feb Mar Apr May Jun Jul Aug Sep Oct Nov Dec
Report for 2019 November
MONTHLY CLIMATOLOGICAL SUMMARY for Nov 2019 NAME: High Mosser Gate ELEV: 673 feet LAT: 54-36.48 N LONG: 003-22.02 W TEMPERATURE (C), RAIN (mm), WIND SPEED (knots) HEAT COOL AVG MEAN DEG DEG WIND DOM DAY TEMP HIGH TIME LOW TIME DAYS DAYS RAIN SPEED HIGH TIME DIR --------------------------------------------------------------------------------------- 01 11.6 12.9 14:07 7.4 00:58 6.7 0.0 10.6 2.8 17.4 23:00 132 02 8.0 12.1 00:13 4.5 23:36 10.4 0.0 3.6 0.3 15.6 00:30 122 03 7.6 9.3 14:45 4.9 00:00 10.7 0.0 2.0 0.1 5.2 11:30 272 04 8.2 9.8 13:02 7.2 23:43 10.1 0.0 3.8 1.3 20.0 23:54 50 05 5.9 8.1 11:19 2.9 21:00 12.4 0.0 0.0 2.1 21.7 02:30 47 06 4.9 6.2 10:31 3.1 00:53 13.4 0.0 0.4 1.1 10.4 15:24 129 07 5.2 6.9 14:18 2.2 01:46 13.1 0.0 1.4 2.4 16.5 16:38 50 08 3.0 5.3 13:53 -0.3 08:30 15.3 0.0 0.0 0.6 11.3 00:41 56 09 3.4 5.1 14:15 1.7 01:56 14.9 0.0 0.6 2.6 22.6 09:30 106 10 3.9 6.1 13:36 -0.8 08:11 14.5 0.0 6.4 1.7 18.2 23:06 134 11 5.1 6.1 09:30 3.6 01:21 13.2 0.0 14.0 6.2 21.7 23:30 288 12 5.4 7.2 14:43 2.4 23:57 12.9 0.0 2.2 3.2 22.6 00:08 317 13 4.0 6.7 11:43 0.9 01:51 14.4 0.0 0.2 1.5 13.9 19:11 109 14 2.6 4.1 12:42 0.2 01:17 15.8 0.0 0.0 2.9 19.1 15:15 45 15 4.9 6.8 13:33 2.1 00:00 13.5 0.0 0.0 1.5 12.2 14:24 43 16 5.0 6.2 13:54 2.4 01:59 13.3 0.0 0.0 0.2 6.1 00:00 45 17 3.6 5.8 13:29 -0.3 23:28 14.8 0.0 0.4 0.1 4.3 13:38 39 18 1.0 3.6 13:59 -1.7 22:59 17.3 0.0 0.4 0.0 6.1 01:01 68 19 5.4 7.5 20:34 -0.6 01:54 13.0 0.0 0.0 4.2 20.0 18:09 133 20 6.1 7.8 11:40 4.7 21:30 12.2 0.0 1.2 7.9 29.5 19:00 129 21 5.2 6.6 12:49 3.7 01:52 13.2 0.0 0.6 6.1 29.5 01:30 108 22 6.9 8.4 23:59 4.2 01:40 11.5 0.0 0.2 2.0 16.5 00:00 104 23 8.3 9.2 14:09 7.2 20:13 10.0 0.0 0.0 1.3 15.6 00:44 75 24 7.7 8.4 00:00 6.3 20:07 10.6 0.0 0.8 0.0 1.7 11:47 90 25 9.4 10.3 12:08 7.5 22:10 8.9 0.0 0.2 2.1 19.1 09:39 124 26 8.9 10.1 14:49 7.1 23:55 9.4 0.0 1.6 2.6 15.6 13:02 127 27 6.5 7.6 01:52 5.0 09:26 11.9 0.0 2.4 0.5 8.7 14:58 43 28 3.6 6.8 01:00 0.4 23:32 14.8 0.0 2.0 1.6 13.0 10:00 40 29 1.0 2.7 13:12 -0.4 16:29 17.3 0.0 0.0 0.3 6.1 18:58 156 30 2.1 4.7 13:05 -0.4 01:48 16.2 0.0 0.0 1.5 11.3 12:33 132 --------------------------------------------------------------------------------------- 5.4 12.9 01 -1.7 18 385.5 0.0 55.0 2.0 29.5 20 100