NOAA-Style Climate Reports
Select a Year or Month report
2024: Jan Feb Mar Apr May Jun Jul Aug Sep Oct Nov Dec
2023: Jan Feb Mar Apr May Jun Jul Aug Sep Oct Nov Dec
2022: Jan Feb Mar Apr May Jun Jul Aug Sep Oct Nov Dec
2021: Jan Feb Mar Apr May Jun Jul Aug Sep Oct Nov Dec
2020: Jan Feb Mar Apr May Jun Jul Aug Sep Oct Nov Dec
2019: Jan Feb Mar Apr May Jun Jul Aug Sep Oct Nov Dec
2018: Jan Feb Mar Apr May Jun Jul Aug Sep Oct Nov Dec
2017: Jan Feb Mar Apr May Jun Jul Aug Sep Oct Nov Dec
2016: Jan Feb Mar Apr May Jun Jul Aug Sep Oct Nov Dec
2015: Jan Feb Mar Apr May Jun Jul Aug Sep Oct Nov Dec
2014: Jan Feb Mar Apr May Jun Jul Aug Sep Oct Nov Dec
2013: Jan Feb Mar Apr May Jun Jul Aug Sep Oct Nov Dec
2012: Jan Feb Mar Apr May Jun Jul Aug Sep Oct Nov Dec
2011: Jan Feb Mar Apr May Jun Jul Aug Sep Oct Nov Dec
2024: Jan Feb Mar Apr May Jun Jul Aug Sep Oct Nov Dec
2023: Jan Feb Mar Apr May Jun Jul Aug Sep Oct Nov Dec
2022: Jan Feb Mar Apr May Jun Jul Aug Sep Oct Nov Dec
2021: Jan Feb Mar Apr May Jun Jul Aug Sep Oct Nov Dec
2020: Jan Feb Mar Apr May Jun Jul Aug Sep Oct Nov Dec
2019: Jan Feb Mar Apr May Jun Jul Aug Sep Oct Nov Dec
2018: Jan Feb Mar Apr May Jun Jul Aug Sep Oct Nov Dec
2017: Jan Feb Mar Apr May Jun Jul Aug Sep Oct Nov Dec
2016: Jan Feb Mar Apr May Jun Jul Aug Sep Oct Nov Dec
2015: Jan Feb Mar Apr May Jun Jul Aug Sep Oct Nov Dec
2014: Jan Feb Mar Apr May Jun Jul Aug Sep Oct Nov Dec
2013: Jan Feb Mar Apr May Jun Jul Aug Sep Oct Nov Dec
2012: Jan Feb Mar Apr May Jun Jul Aug Sep Oct Nov Dec
2011: Jan Feb Mar Apr May Jun Jul Aug Sep Oct Nov Dec
Report for 2019 August
MONTHLY CLIMATOLOGICAL SUMMARY for Aug 2019 NAME: High Mosser Gate ELEV: 673 feet LAT: 54-36.48 N LONG: 003-22.02 W TEMPERATURE (C), RAIN (mm), WIND SPEED (knots) HEAT COOL AVG MEAN DEG DEG WIND DOM DAY TEMP HIGH TIME LOW TIME DAYS DAYS RAIN SPEED HIGH TIME DIR --------------------------------------------------------------------------------------- 01 N/A N/A N/A N/A N/A 0.0 0.0 0.0 N/A 0.0 00:00 90 02 19.9 21.5 16:30 18.0 21:00 0.0 1.6 0.0 0.3 6.1 14:00 10 03 19.4 22.8 13:21 14.8 06:28 0.0 1.1 3.2 0.2 5.2 14:29 292 04 19.3 22.8 13:30 15.3 21:00 0.0 0.9 0.4 0.5 8.7 11:00 132 05 16.4 18.6 15:00 13.8 07:24 1.9 0.0 0.2 1.0 11.3 20:00 81 06 N/A N/A N/A N/A N/A 0.0 0.0 0.0 N/A 0.0 00:30 90 07 N/A N/A N/A N/A N/A 0.0 0.0 0.0 N/A 0.0 00:30 90 08 N/A N/A N/A N/A N/A 0.0 0.0 0.0 N/A 0.0 00:00 90 09 10 15.9 21.1 19:08 15.3 19:04 2.4 0.0 0.0 0.3 6.1 18:56 292 11 12.0 14.2 12:46 9.7 23:08 6.3 0.0 1.8 1.9 13.0 19:00 287 12 13.4 15.8 17:25 9.1 07:44 5.0 0.0 4.6 1.5 11.3 14:30 290 13 13.3 19.3 19:16 8.8 06:36 5.0 0.0 0.0 1.2 11.3 15:04 285 14 15.0 20.1 18:52 11.0 07:47 3.3 0.0 0.8 1.1 13.9 11:03 131 15 14.7 45.6 18:54 12.2 07:29 3.6 0.0 0.0 4.3 17.4 10:27 292 16 15.0 17.1 18:48 12.9 09:27 3.3 0.0 19.0 3.0 24.3 11:00 126 17 14.8 17.0 15:56 11.9 06:55 3.5 0.0 0.2 1.4 15.6 17:51 94 18 13.9 15.7 15:37 11.9 07:33 4.5 0.0 1.4 1.2 13.9 07:11 89 19 13.7 16.5 14:57 10.8 22:05 4.7 0.0 0.2 2.0 14.8 16:00 267 20 11.1 11.6 07:18 10.9 07:20 7.2 0.0 0.0 0.0 1.7 07:18 90 21 N/A N/A N/A N/A N/A 0.0 0.0 0.0 N/A 0.0 00:00 90 22 N/A N/A N/A N/A N/A 0.0 0.0 0.0 N/A 0.0 00:00 90 23 N/A N/A N/A N/A N/A 0.0 0.0 0.0 N/A 0.0 00:00 90 24 N/A N/A N/A N/A N/A 0.0 0.0 0.0 N/A 0.0 00:00 90 25 N/A N/A N/A N/A N/A 0.0 0.0 0.0 N/A 0.0 00:00 90 26 N/A N/A N/A N/A N/A 0.0 0.0 0.0 N/A 0.0 00:00 90 27 N/A N/A N/A N/A N/A 0.0 0.0 0.0 N/A 0.0 00:00 90 28 13.0 16.9 18:46 11.1 21:37 5.3 0.0 3.0 0.4 11.3 13:26 260 29 15.1 43.5 08:07 12.2 07:19 3.2 0.0 0.0 1.6 14.8 16:51 84 30 15.2 21.0 09:59 14.3 09:52 3.1 0.0 8.8 2.7 17.4 10:45 87 31 12.7 14.9 18:46 10.6 19:46 5.6 0.0 1.6 1.5 12.2 17:30 291 --------------------------------------------------------------------------------------- 15.1 45.6 15 8.8 13 68.0 3.6 45.2 1.5 24.3 16 290