NOAA-Style Climate Reports
Select a Year or Month report
2024: Jan Feb Mar Apr May Jun Jul Aug Sep Oct Nov Dec
2023: Jan Feb Mar Apr May Jun Jul Aug Sep Oct Nov Dec
2022: Jan Feb Mar Apr May Jun Jul Aug Sep Oct Nov Dec
2021: Jan Feb Mar Apr May Jun Jul Aug Sep Oct Nov Dec
2020: Jan Feb Mar Apr May Jun Jul Aug Sep Oct Nov Dec
2019: Jan Feb Mar Apr May Jun Jul Aug Sep Oct Nov Dec
2018: Jan Feb Mar Apr May Jun Jul Aug Sep Oct Nov Dec
2017: Jan Feb Mar Apr May Jun Jul Aug Sep Oct Nov Dec
2016: Jan Feb Mar Apr May Jun Jul Aug Sep Oct Nov Dec
2015: Jan Feb Mar Apr May Jun Jul Aug Sep Oct Nov Dec
2014: Jan Feb Mar Apr May Jun Jul Aug Sep Oct Nov Dec
2013: Jan Feb Mar Apr May Jun Jul Aug Sep Oct Nov Dec
2012: Jan Feb Mar Apr May Jun Jul Aug Sep Oct Nov Dec
2011: Jan Feb Mar Apr May Jun Jul Aug Sep Oct Nov Dec
2024: Jan Feb Mar Apr May Jun Jul Aug Sep Oct Nov Dec
2023: Jan Feb Mar Apr May Jun Jul Aug Sep Oct Nov Dec
2022: Jan Feb Mar Apr May Jun Jul Aug Sep Oct Nov Dec
2021: Jan Feb Mar Apr May Jun Jul Aug Sep Oct Nov Dec
2020: Jan Feb Mar Apr May Jun Jul Aug Sep Oct Nov Dec
2019: Jan Feb Mar Apr May Jun Jul Aug Sep Oct Nov Dec
2018: Jan Feb Mar Apr May Jun Jul Aug Sep Oct Nov Dec
2017: Jan Feb Mar Apr May Jun Jul Aug Sep Oct Nov Dec
2016: Jan Feb Mar Apr May Jun Jul Aug Sep Oct Nov Dec
2015: Jan Feb Mar Apr May Jun Jul Aug Sep Oct Nov Dec
2014: Jan Feb Mar Apr May Jun Jul Aug Sep Oct Nov Dec
2013: Jan Feb Mar Apr May Jun Jul Aug Sep Oct Nov Dec
2012: Jan Feb Mar Apr May Jun Jul Aug Sep Oct Nov Dec
2011: Jan Feb Mar Apr May Jun Jul Aug Sep Oct Nov Dec
Report for 2019 July
MONTHLY CLIMATOLOGICAL SUMMARY for Jul 2019 NAME: High Mosser Gate ELEV: 673 feet LAT: 54-36.48 N LONG: 003-22.02 W TEMPERATURE (C), RAIN (mm), WIND SPEED (knots) HEAT COOL AVG MEAN DEG DEG WIND DOM DAY TEMP HIGH TIME LOW TIME DAYS DAYS RAIN SPEED HIGH TIME DIR --------------------------------------------------------------------------------------- 01 13.3 15.2 14:27 11.5 05:58 5.0 0.0 0.2 3.3 16.5 11:52 286 02 13.8 16.8 17:19 8.4 23:58 4.6 0.0 0.0 2.3 12.2 10:30 296 03 12.9 18.1 18:56 6.3 01:50 5.4 0.0 0.0 0.7 9.6 12:42 310 04 12.8 16.1 16:18 7.7 05:10 5.6 0.0 0.0 0.7 9.6 12:07 282 05 14.3 17.4 13:15 11.6 03:40 4.0 0.0 0.2 0.8 9.6 14:50 279 06 15.0 48.7 19:41 11.7 07:44 3.3 0.0 0.0 1.8 8.7 07:23 310 07 15.5 18.6 14:37 7.6 05:57 2.8 0.0 0.0 1.0 9.6 15:30 302 08 14.9 17.6 12:00 10.8 05:40 3.4 0.0 0.2 0.2 7.0 13:15 299 09 14.6 16.1 17:50 11.4 06:38 3.8 0.0 0.6 0.1 9.6 19:15 228 10 17.8 21.1 13:45 14.3 05:51 0.6 0.0 0.4 0.6 7.8 12:15 121 11 16.5 18.7 14:18 13.9 07:18 1.9 0.0 1.0 0.5 8.7 15:41 297 12 15.9 19.3 14:52 13.1 22:48 2.5 0.0 0.0 1.8 12.2 18:00 296 13 15.2 19.5 16:56 9.9 23:33 3.2 0.0 0.0 0.8 9.6 15:16 293 14 15.0 19.2 21:03 9.6 00:29 3.4 0.0 0.0 0.2 5.2 08:57 304 15 16.9 23.2 15:41 11.2 05:09 1.5 0.0 0.0 0.3 8.7 15:29 258 16 17.5 21.8 15:41 14.1 23:04 0.8 0.0 0.0 0.5 11.3 13:31 200 17 15.6 18.7 12:26 13.5 20:34 2.8 0.0 5.2 1.2 15.6 18:25 108 18 14.5 17.7 15:55 11.9 06:11 3.8 0.0 3.0 0.9 10.4 12:29 262 19 N/A N/A N/A N/A N/A 0.0 0.0 0.0 N/A 0.0 00:00 90 20 13.2 15.1 20:24 11.6 22:20 5.1 0.0 0.0 0.4 5.2 19:56 270 21 16.8 19.7 12:34 11.8 00:01 1.6 0.0 1.2 1.7 19.1 17:36 107 22 17.6 27.1 19:50 15.3 07:25 0.8 0.0 0.0 2.1 19.1 10:41 106 23 21.2 25.5 14:00 16.1 06:56 0.0 2.8 0.0 1.4 11.3 07:01 133 24 18.4 44.2 09:23 15.8 08:19 0.0 0.1 0.0 0.8 13.0 16:59 90 25 25.6 30.4 14:40 16.2 00:00 0.0 7.3 0.0 1.7 16.5 10:57 133 26 19.5 22.8 15:42 16.2 20:47 0.0 1.1 0.0 0.4 9.6 11:52 191 27 15.1 48.6 07:46 13.6 15:54 3.2 0.0 2.0 0.1 4.3 13:04 349 28 17.0 48.8 07:35 13.4 06:28 1.3 0.0 0.0 0.2 6.1 14:40 312 29 17.8 20.6 18:47 13.1 08:01 0.5 0.0 0.2 0.4 7.8 14:45 268 30 N/A N/A N/A N/A N/A 0.0 0.0 0.0 N/A 0.0 00:00 90 31 N/A N/A N/A N/A N/A 0.0 0.0 0.0 N/A 0.0 00:00 90 --------------------------------------------------------------------------------------- 16.1 48.8 28 6.3 03 70.6 11.4 14.2 1.0 19.1 21 291