NOAA-Style Climate Reports
Select a Year or Month report
2024: Jan Feb Mar Apr May Jun Jul Aug Sep Oct Nov Dec
2023: Jan Feb Mar Apr May Jun Jul Aug Sep Oct Nov Dec
2022: Jan Feb Mar Apr May Jun Jul Aug Sep Oct Nov Dec
2021: Jan Feb Mar Apr May Jun Jul Aug Sep Oct Nov Dec
2020: Jan Feb Mar Apr May Jun Jul Aug Sep Oct Nov Dec
2019: Jan Feb Mar Apr May Jun Jul Aug Sep Oct Nov Dec
2018: Jan Feb Mar Apr May Jun Jul Aug Sep Oct Nov Dec
2017: Jan Feb Mar Apr May Jun Jul Aug Sep Oct Nov Dec
2016: Jan Feb Mar Apr May Jun Jul Aug Sep Oct Nov Dec
2015: Jan Feb Mar Apr May Jun Jul Aug Sep Oct Nov Dec
2014: Jan Feb Mar Apr May Jun Jul Aug Sep Oct Nov Dec
2013: Jan Feb Mar Apr May Jun Jul Aug Sep Oct Nov Dec
2012: Jan Feb Mar Apr May Jun Jul Aug Sep Oct Nov Dec
2011: Jan Feb Mar Apr May Jun Jul Aug Sep Oct Nov Dec
2024: Jan Feb Mar Apr May Jun Jul Aug Sep Oct Nov Dec
2023: Jan Feb Mar Apr May Jun Jul Aug Sep Oct Nov Dec
2022: Jan Feb Mar Apr May Jun Jul Aug Sep Oct Nov Dec
2021: Jan Feb Mar Apr May Jun Jul Aug Sep Oct Nov Dec
2020: Jan Feb Mar Apr May Jun Jul Aug Sep Oct Nov Dec
2019: Jan Feb Mar Apr May Jun Jul Aug Sep Oct Nov Dec
2018: Jan Feb Mar Apr May Jun Jul Aug Sep Oct Nov Dec
2017: Jan Feb Mar Apr May Jun Jul Aug Sep Oct Nov Dec
2016: Jan Feb Mar Apr May Jun Jul Aug Sep Oct Nov Dec
2015: Jan Feb Mar Apr May Jun Jul Aug Sep Oct Nov Dec
2014: Jan Feb Mar Apr May Jun Jul Aug Sep Oct Nov Dec
2013: Jan Feb Mar Apr May Jun Jul Aug Sep Oct Nov Dec
2012: Jan Feb Mar Apr May Jun Jul Aug Sep Oct Nov Dec
2011: Jan Feb Mar Apr May Jun Jul Aug Sep Oct Nov Dec
Report for 2019 May
MONTHLY CLIMATOLOGICAL SUMMARY for May 2019 NAME: High Mosser Gate ELEV: 673 feet LAT: 54-36.48 N LONG: 003-22.02 W TEMPERATURE (C), RAIN (mm), WIND SPEED (knots) HEAT COOL AVG MEAN DEG DEG WIND DOM DAY TEMP HIGH TIME LOW TIME DAYS DAYS RAIN SPEED HIGH TIME DIR --------------------------------------------------------------------------------------- 01 10.7 13.2 17:32 7.3 00:44 7.6 0.0 1.2 0.3 7.0 16:03 252 02 10.1 11.8 18:30 8.2 06:58 8.3 0.0 0.2 1.6 9.6 13:00 291 03 7.1 9.4 16:19 4.5 20:28 11.2 0.0 0.2 1.6 10.4 14:14 15 04 6.5 10.2 16:44 0.1 06:31 11.8 0.0 0.0 2.7 13.9 11:30 360 05 6.5 9.1 12:39 2.3 05:09 11.8 0.0 0.0 1.7 11.3 12:33 308 06 6.2 9.7 15:33 1.1 04:05 12.2 0.0 1.0 1.2 8.7 13:52 293 07 8.1 10.9 13:57 5.2 06:36 10.2 0.0 0.2 0.5 8.7 12:04 300 08 7.4 8.9 14:13 5.8 08:06 11.0 0.0 0.8 2.7 15.6 12:08 80 09 6.9 8.6 13:24 3.9 07:21 11.5 0.0 1.0 2.0 11.3 11:18 63 10 8.7 11.6 11:50 4.3 06:16 9.6 0.0 0.4 1.2 10.4 12:22 115 11 9.2 12.4 17:34 3.6 06:03 9.2 0.0 0.0 2.0 11.3 18:43 301 12 8.4 14.1 20:21 1.8 05:23 9.9 0.0 0.0 1.0 9.6 14:09 294 13 11.7 15.8 12:17 4.6 00:14 6.6 0.0 0.0 0.5 7.8 13:30 264 14 14.3 17.9 11:00 10.2 00:30 4.0 0.0 0.0 0.8 7.8 12:00 316 15 14.8 18.5 15:30 10.8 05:00 3.5 0.0 0.0 0.7 8.7 15:00 303 16 13.8 17.6 17:30 10.1 06:30 4.6 0.0 0.0 1.9 13.0 18:30 117 17 12.3 17.8 14:30 7.2 05:30 6.0 0.0 0.2 1.1 13.0 02:30 57 18 10.5 14.0 14:32 7.1 23:20 7.9 0.0 0.0 0.4 7.8 14:18 297 19 10.3 14.0 13:31 7.1 00:13 8.1 0.0 0.0 0.7 10.4 14:08 288 20 11.0 14.1 17:23 6.5 05:13 7.3 0.0 0.0 0.7 9.6 18:27 288 21 10.1 13.6 14:56 6.7 05:24 8.2 0.0 0.0 1.1 13.0 17:02 288 22 9.7 13.8 15:57 4.0 04:54 8.7 0.0 0.0 1.0 10.4 15:05 284 23 10.6 15.2 14:08 5.7 02:30 7.8 0.0 0.0 0.9 13.0 16:44 275 24 10.3 14.4 14:29 5.9 04:10 8.1 0.0 0.0 1.4 13.9 16:30 281 25 9.8 13.4 14:26 5.2 04:38 8.5 0.0 0.6 0.3 7.8 15:30 137 26 12.1 15.3 08:43 10.0 21:17 6.3 0.0 1.6 3.1 16.5 14:33 283 27 10.1 12.6 16:23 8.4 06:39 8.2 0.0 0.4 1.7 13.9 06:30 291 28 10.5 13.9 15:09 5.7 23:58 7.8 0.0 0.0 1.4 11.3 15:38 300 29 9.4 12.9 12:43 5.1 02:30 8.9 0.0 2.0 1.6 13.0 12:43 134 30 13.0 13.9 15:29 11.7 18:28 5.3 0.0 6.8 0.9 12.2 14:44 98 31 12.5 14.1 13:55 11.2 18:57 5.8 0.0 6.0 2.2 20.0 18:30 114 --------------------------------------------------------------------------------------- 10.2 18.5 15 0.1 04 255.7 0.0 22.6 1.3 20.0 31 314