NOAA-Style Climate Reports
Select a Year or Month report
2024: Jan Feb Mar Apr May Jun Jul Aug Sep Oct Nov Dec
2023: Jan Feb Mar Apr May Jun Jul Aug Sep Oct Nov Dec
2022: Jan Feb Mar Apr May Jun Jul Aug Sep Oct Nov Dec
2021: Jan Feb Mar Apr May Jun Jul Aug Sep Oct Nov Dec
2020: Jan Feb Mar Apr May Jun Jul Aug Sep Oct Nov Dec
2019: Jan Feb Mar Apr May Jun Jul Aug Sep Oct Nov Dec
2018: Jan Feb Mar Apr May Jun Jul Aug Sep Oct Nov Dec
2017: Jan Feb Mar Apr May Jun Jul Aug Sep Oct Nov Dec
2016: Jan Feb Mar Apr May Jun Jul Aug Sep Oct Nov Dec
2015: Jan Feb Mar Apr May Jun Jul Aug Sep Oct Nov Dec
2014: Jan Feb Mar Apr May Jun Jul Aug Sep Oct Nov Dec
2013: Jan Feb Mar Apr May Jun Jul Aug Sep Oct Nov Dec
2012: Jan Feb Mar Apr May Jun Jul Aug Sep Oct Nov Dec
2011: Jan Feb Mar Apr May Jun Jul Aug Sep Oct Nov Dec
2024: Jan Feb Mar Apr May Jun Jul Aug Sep Oct Nov Dec
2023: Jan Feb Mar Apr May Jun Jul Aug Sep Oct Nov Dec
2022: Jan Feb Mar Apr May Jun Jul Aug Sep Oct Nov Dec
2021: Jan Feb Mar Apr May Jun Jul Aug Sep Oct Nov Dec
2020: Jan Feb Mar Apr May Jun Jul Aug Sep Oct Nov Dec
2019: Jan Feb Mar Apr May Jun Jul Aug Sep Oct Nov Dec
2018: Jan Feb Mar Apr May Jun Jul Aug Sep Oct Nov Dec
2017: Jan Feb Mar Apr May Jun Jul Aug Sep Oct Nov Dec
2016: Jan Feb Mar Apr May Jun Jul Aug Sep Oct Nov Dec
2015: Jan Feb Mar Apr May Jun Jul Aug Sep Oct Nov Dec
2014: Jan Feb Mar Apr May Jun Jul Aug Sep Oct Nov Dec
2013: Jan Feb Mar Apr May Jun Jul Aug Sep Oct Nov Dec
2012: Jan Feb Mar Apr May Jun Jul Aug Sep Oct Nov Dec
2011: Jan Feb Mar Apr May Jun Jul Aug Sep Oct Nov Dec
Report for 2019 February
MONTHLY CLIMATOLOGICAL SUMMARY for Feb 2019 NAME: High Mosser Gate ELEV: 673 feet LAT: 54-36.48 N LONG: 003-22.02 W TEMPERATURE (C), RAIN (mm), WIND SPEED (knots) HEAT COOL AVG MEAN DEG DEG WIND DOM DAY TEMP HIGH TIME LOW TIME DAYS DAYS RAIN SPEED HIGH TIME DIR --------------------------------------------------------------------------------------- 01 -1.4 0.7 14:51 -3.8 23:57 19.7 0.0 0.0 0.3 9.6 00:00 74 02 -0.7 2.1 14:22 -4.1 01:39 19.0 0.0 0.0 0.5 9.6 13:37 350 03 3.3 7.6 14:48 -2.1 00:18 15.0 0.0 7.2 2.4 19.1 12:00 154 04 4.3 5.9 11:54 2.3 23:56 14.0 0.0 0.0 1.5 11.3 09:57 276 05 5.6 9.3 14:51 1.7 01:18 12.7 0.0 0.6 0.9 17.4 14:49 132 06 6.8 7.6 12:36 5.4 08:48 11.6 0.0 0.8 3.0 21.7 13:50 136 07 4.8 5.9 14:52 3.2 09:21 13.6 0.0 0.4 2.5 13.9 11:09 269 08 7.7 9.1 10:46 6.3 16:38 10.7 0.0 0.6 5.2 26.1 10:18 141 09 6.3 8.7 09:58 5.3 09:55 12.0 0.0 0.2 5.9 22.6 10:56 254 10 4.0 4.8 15:00 2.2 17:38 14.4 0.0 0.4 2.8 13.0 12:40 281 11 4.6 7.6 14:39 1.2 08:42 13.8 0.0 0.0 0.7 12.2 23:30 148 12 7.1 8.8 14:19 5.2 01:59 11.2 0.0 2.0 2.1 14.8 12:56 134 13 7.9 8.3 12:39 7.1 16:08 10.5 0.0 0.4 4.2 23.5 13:00 135 14 8.5 12.3 14:27 5.5 21:45 9.8 0.0 0.0 1.0 12.2 09:55 136 15 11.4 13.8 16:07 5.1 01:58 7.0 0.0 0.2 3.9 25.2 19:30 138 16 9.3 11.1 23:04 7.4 08:37 9.1 0.0 0.0 4.8 26.9 20:00 142 17 9.3 10.4 10:19 7.2 17:30 9.1 0.0 0.8 6.3 25.2 11:26 135 18 6.3 7.3 11:47 5.4 16:38 12.1 0.0 0.8 2.0 13.9 13:00 206 19 6.8 10.6 08:30 5.0 08:25 11.6 0.0 0.4 1.5 15.6 16:00 160 20 8.4 9.7 11:02 7.5 09:17 9.9 0.0 4.0 7.3 24.3 14:00 132 21 9.3 16.2 11:13 8.3 10:34 9.1 0.0 0.0 2.4 18.2 12:48 134 22 13.4 16.7 13:14 10.7 23:15 5.0 0.0 0.0 4.3 18.2 09:00 133 23 12.7 14.7 11:26 9.2 16:11 5.7 0.0 0.0 5.1 22.6 12:19 134 24 10.4 14.0 12:47 3.5 08:02 7.9 0.0 0.0 0.7 11.3 17:07 133 25 10.2 14.1 16:06 6.8 21:11 8.1 0.0 0.0 0.4 7.8 22:14 147 26 11.9 15.0 14:09 7.1 00:11 6.5 0.0 0.0 0.7 9.6 21:14 155 27 8.4 12.6 11:06 3.2 22:59 9.9 0.0 0.0 0.7 10.4 16:00 186 28 5.9 7.5 12:49 3.2 01:30 12.5 0.0 0.0 0.1 7.0 15:13 248 --------------------------------------------------------------------------------------- 7.3 16.7 22 -4.1 02 311.2 0.0 18.8 2.3 26.9 16 150