NOAA-Style Climate Reports
Select a Year or Month report
2024: Jan Feb Mar Apr May Jun Jul Aug Sep Oct Nov Dec
2023: Jan Feb Mar Apr May Jun Jul Aug Sep Oct Nov Dec
2022: Jan Feb Mar Apr May Jun Jul Aug Sep Oct Nov Dec
2021: Jan Feb Mar Apr May Jun Jul Aug Sep Oct Nov Dec
2020: Jan Feb Mar Apr May Jun Jul Aug Sep Oct Nov Dec
2019: Jan Feb Mar Apr May Jun Jul Aug Sep Oct Nov Dec
2018: Jan Feb Mar Apr May Jun Jul Aug Sep Oct Nov Dec
2017: Jan Feb Mar Apr May Jun Jul Aug Sep Oct Nov Dec
2016: Jan Feb Mar Apr May Jun Jul Aug Sep Oct Nov Dec
2015: Jan Feb Mar Apr May Jun Jul Aug Sep Oct Nov Dec
2014: Jan Feb Mar Apr May Jun Jul Aug Sep Oct Nov Dec
2013: Jan Feb Mar Apr May Jun Jul Aug Sep Oct Nov Dec
2012: Jan Feb Mar Apr May Jun Jul Aug Sep Oct Nov Dec
2011: Jan Feb Mar Apr May Jun Jul Aug Sep Oct Nov Dec
2024: Jan Feb Mar Apr May Jun Jul Aug Sep Oct Nov Dec
2023: Jan Feb Mar Apr May Jun Jul Aug Sep Oct Nov Dec
2022: Jan Feb Mar Apr May Jun Jul Aug Sep Oct Nov Dec
2021: Jan Feb Mar Apr May Jun Jul Aug Sep Oct Nov Dec
2020: Jan Feb Mar Apr May Jun Jul Aug Sep Oct Nov Dec
2019: Jan Feb Mar Apr May Jun Jul Aug Sep Oct Nov Dec
2018: Jan Feb Mar Apr May Jun Jul Aug Sep Oct Nov Dec
2017: Jan Feb Mar Apr May Jun Jul Aug Sep Oct Nov Dec
2016: Jan Feb Mar Apr May Jun Jul Aug Sep Oct Nov Dec
2015: Jan Feb Mar Apr May Jun Jul Aug Sep Oct Nov Dec
2014: Jan Feb Mar Apr May Jun Jul Aug Sep Oct Nov Dec
2013: Jan Feb Mar Apr May Jun Jul Aug Sep Oct Nov Dec
2012: Jan Feb Mar Apr May Jun Jul Aug Sep Oct Nov Dec
2011: Jan Feb Mar Apr May Jun Jul Aug Sep Oct Nov Dec
Report for 2018 December
MONTHLY CLIMATOLOGICAL SUMMARY for Dec 2018 NAME: High Mosser Gate ELEV: 673 feet LAT: 54-36.48 N LONG: 003-22.02 W TEMPERATURE (C), RAIN (mm), WIND SPEED (knots) HEAT COOL AVG MEAN DEG DEG WIND DOM DAY TEMP HIGH TIME LOW TIME DAYS DAYS RAIN SPEED HIGH TIME DIR --------------------------------------------------------------------------------------- 01 7.3 8.6 22:04 4.1 01:13 11.1 0.0 4.2 0.2 7.8 10:24 117 02 9.6 10.4 18:02 8.1 00:38 8.7 0.0 7.2 1.9 16.5 22:50 210 03 3.3 5.1 13:22 1.6 22:10 15.1 0.0 0.0 0.0 12.2 00:00 292 04 4.1 6.2 12:15 0.8 01:29 14.3 0.0 0.2 0.2 6.1 10:04 135 05 6.3 7.7 12:38 2.7 00:55 12.0 0.0 5.0 1.7 16.5 11:41 136 06 10.2 10.6 12:11 9.8 12:08 8.1 0.0 5.2 2.6 17.4 11:06 160 07 6.3 7.3 21:44 5.6 17:32 12.0 0.0 1.0 6.0 26.1 21:26 249 08 7.1 7.4 09:54 6.0 12:28 11.3 0.0 0.2 3.5 16.5 09:55 249 09 5.2 6.2 11:51 3.7 21:11 13.2 0.0 0.0 0.8 8.7 15:05 302 10 6.2 6.6 13:48 4.4 09:26 12.1 0.0 0.0 0.0 0.9 09:19 90 11 8.6 9.1 11:05 7.6 09:43 9.7 0.0 0.0 2.1 12.2 12:01 136 12 6.5 7.4 12:43 4.7 18:42 11.8 0.0 0.0 7.4 24.3 17:00 121 13 3.4 4.3 13:51 1.8 00:00 15.0 0.0 0.0 7.9 26.1 14:26 118 14 2.4 3.2 13:38 1.4 15:46 15.9 0.0 0.0 4.4 19.1 10:25 134 15 3.4 4.3 11:32 2.9 10:07 15.0 0.0 6.0 13.9 36.5 14:30 130 16 6.5 24.9 14:13 4.9 09:48 11.8 0.0 1.0 3.6 16.5 13:42 139 17 7.2 8.4 15:26 4.7 09:01 11.1 0.0 0.2 4.5 21.7 15:20 135 18 9.4 9.9 10:08 8.6 12:17 8.9 0.0 8.2 11.8 32.2 10:30 135 19 7.0 8.2 09:54 6.0 15:04 11.3 0.0 0.8 5.5 20.9 15:00 140 20 6.6 10.4 12:47 5.6 15:46 11.8 0.0 0.8 0.9 10.4 11:26 218 21 5.5 6.0 13:22 4.8 17:01 12.8 0.0 0.2 0.1 5.2 12:08 191 22 6.5 7.1 13:53 5.8 17:53 11.8 0.0 0.2 1.6 13.0 12:47 253 23 5.9 6.5 14:19 5.1 14:18 12.5 0.0 1.0 0.0 2.6 12:24 90 24 2.4 4.7 12:41 0.6 19:46 15.9 0.0 0.0 0.2 5.2 16:30 142 25 9.0 9.2 14:27 0.9 00:01 9.4 0.0 0.2 0.9 9.6 14:30 159 26 9.2 9.7 11:50 8.7 21:32 9.1 0.0 0.0 1.6 13.9 19:12 132 27 8.2 9.4 13:15 7.5 14:54 10.2 0.0 0.0 0.2 7.8 00:05 135 28 7.9 9.5 22:16 5.5 16:37 10.4 0.0 0.2 1.2 13.0 12:28 183 29 7.2 9.3 00:00 5.4 17:52 11.2 0.0 0.8 2.0 15.6 11:00 262 30 8.8 9.7 13:33 7.5 00:00 9.5 0.0 0.0 1.3 12.2 13:43 242 31 8.3 8.7 12:30 7.7 22:28 10.0 0.0 0.0 1.6 13.0 17:06 226 --------------------------------------------------------------------------------------- 6.4 24.9 16 0.6 24 362.8 0.0 42.6 2.3 36.5 15 154