NOAA-Style Climate Reports
Select a Year or Month report
2024: Jan Feb Mar Apr May Jun Jul Aug Sep Oct Nov Dec
2023: Jan Feb Mar Apr May Jun Jul Aug Sep Oct Nov Dec
2022: Jan Feb Mar Apr May Jun Jul Aug Sep Oct Nov Dec
2021: Jan Feb Mar Apr May Jun Jul Aug Sep Oct Nov Dec
2020: Jan Feb Mar Apr May Jun Jul Aug Sep Oct Nov Dec
2019: Jan Feb Mar Apr May Jun Jul Aug Sep Oct Nov Dec
2018: Jan Feb Mar Apr May Jun Jul Aug Sep Oct Nov Dec
2017: Jan Feb Mar Apr May Jun Jul Aug Sep Oct Nov Dec
2016: Jan Feb Mar Apr May Jun Jul Aug Sep Oct Nov Dec
2015: Jan Feb Mar Apr May Jun Jul Aug Sep Oct Nov Dec
2014: Jan Feb Mar Apr May Jun Jul Aug Sep Oct Nov Dec
2013: Jan Feb Mar Apr May Jun Jul Aug Sep Oct Nov Dec
2012: Jan Feb Mar Apr May Jun Jul Aug Sep Oct Nov Dec
2011: Jan Feb Mar Apr May Jun Jul Aug Sep Oct Nov Dec
2024: Jan Feb Mar Apr May Jun Jul Aug Sep Oct Nov Dec
2023: Jan Feb Mar Apr May Jun Jul Aug Sep Oct Nov Dec
2022: Jan Feb Mar Apr May Jun Jul Aug Sep Oct Nov Dec
2021: Jan Feb Mar Apr May Jun Jul Aug Sep Oct Nov Dec
2020: Jan Feb Mar Apr May Jun Jul Aug Sep Oct Nov Dec
2019: Jan Feb Mar Apr May Jun Jul Aug Sep Oct Nov Dec
2018: Jan Feb Mar Apr May Jun Jul Aug Sep Oct Nov Dec
2017: Jan Feb Mar Apr May Jun Jul Aug Sep Oct Nov Dec
2016: Jan Feb Mar Apr May Jun Jul Aug Sep Oct Nov Dec
2015: Jan Feb Mar Apr May Jun Jul Aug Sep Oct Nov Dec
2014: Jan Feb Mar Apr May Jun Jul Aug Sep Oct Nov Dec
2013: Jan Feb Mar Apr May Jun Jul Aug Sep Oct Nov Dec
2012: Jan Feb Mar Apr May Jun Jul Aug Sep Oct Nov Dec
2011: Jan Feb Mar Apr May Jun Jul Aug Sep Oct Nov Dec
Report for 2018 November
MONTHLY CLIMATOLOGICAL SUMMARY for Nov 2018 NAME: High Mosser Gate ELEV: 673 feet LAT: 54-36.48 N LONG: 003-22.02 W TEMPERATURE (C), RAIN (mm), WIND SPEED (knots) HEAT COOL AVG MEAN DEG DEG WIND DOM DAY TEMP HIGH TIME LOW TIME DAYS DAYS RAIN SPEED HIGH TIME DIR --------------------------------------------------------------------------------------- 01 4.9 8.1 00:18 2.7 20:45 13.4 0.0 0.6 0.5 12.2 00:30 256 02 7.0 8.9 12:08 2.8 00:51 11.3 0.0 0.0 0.6 14.8 19:30 144 03 11.6 11.9 12:28 11.2 16:04 6.8 0.0 58.4 10.4 34.8 16:30 138 04 10.7 11.8 14:20 9.4 22:08 7.7 0.0 0.2 1.9 20.0 00:00 133 05 10.2 12.9 22:21 7.7 19:00 8.1 0.0 0.2 1.1 16.5 00:00 126 06 12.5 13.7 13:47 11.3 11:10 5.8 0.0 3.6 5.6 31.3 22:24 135 07 9.6 13.1 12:13 7.4 23:54 8.7 0.0 6.6 2.4 24.3 10:05 134 08 9.1 10.6 17:14 6.7 00:31 9.3 0.0 12.2 5.2 27.8 17:43 136 09 9.9 10.8 17:28 8.8 00:17 8.4 0.0 23.8 8.9 32.2 21:30 131 10 8.6 10.2 00:24 7.4 23:56 9.7 0.0 3.0 2.3 24.3 00:00 135 11 8.2 9.6 18:26 6.2 18:55 10.2 0.0 13.8 3.4 20.9 23:19 137 12 8.4 9.8 09:45 6.9 18:02 9.9 0.0 34.8 5.6 26.9 20:00 135 13 9.6 10.7 23:59 7.6 00:54 8.8 0.0 0.2 2.9 22.6 21:30 152 14 11.1 12.1 18:43 9.4 01:00 7.2 0.0 6.8 8.2 33.9 09:30 136 15 12.4 14.3 17:11 9.5 08:48 6.0 0.0 0.0 3.3 17.4 13:00 135 16 10.3 13.7 11:35 6.7 22:28 8.0 0.0 0.2 0.5 12.2 01:00 139 17 9.2 12.3 13:39 5.1 08:29 9.1 0.0 0.0 1.6 13.0 15:19 131 18 7.6 12.3 11:28 3.8 22:55 10.8 0.0 0.0 0.6 11.3 00:00 104 19 6.3 8.2 11:13 4.2 23:56 12.0 0.0 0.0 2.3 15.6 13:27 69 20 5.2 6.7 13:11 3.5 01:22 13.1 0.0 0.8 4.0 20.0 19:25 64 21 4.0 4.8 00:00 2.3 23:43 14.3 0.0 0.2 4.6 20.9 14:14 113 22 4.3 5.8 13:01 0.7 01:43 14.0 0.0 0.0 0.6 8.7 16:57 86 23 4.4 6.7 12:17 2.8 16:52 14.0 0.0 0.0 0.5 9.6 17:39 131 24 4.4 6.9 11:30 1.4 19:43 14.0 0.0 0.0 0.7 9.6 14:15 80 25 4.2 5.8 11:58 2.2 22:00 14.2 0.0 0.0 1.3 13.9 17:38 67 26 2.7 4.8 13:21 0.8 19:06 15.7 0.0 0.0 0.4 8.7 00:00 132 27 5.2 6.4 18:56 1.6 00:42 13.1 0.0 22.0 8.7 33.9 10:56 125 28 10.2 13.2 11:51 5.5 00:31 8.1 0.0 46.6 6.8 39.1 13:30 146 29 8.3 12.8 09:31 6.4 11:41 10.0 0.0 17.0 3.8 32.2 11:00 180 30 5.9 7.4 00:30 2.6 16:54 12.4 0.0 1.6 2.6 19.1 15:33 234 --------------------------------------------------------------------------------------- 7.8 14.3 15 0.7 22 314.1 0.0 252.6 3.3 39.1 28 131