NOAA-Style Climate Reports
Select a Year or Month report
2024: Jan Feb Mar Apr May Jun Jul Aug Sep Oct Nov Dec
2023: Jan Feb Mar Apr May Jun Jul Aug Sep Oct Nov Dec
2022: Jan Feb Mar Apr May Jun Jul Aug Sep Oct Nov Dec
2021: Jan Feb Mar Apr May Jun Jul Aug Sep Oct Nov Dec
2020: Jan Feb Mar Apr May Jun Jul Aug Sep Oct Nov Dec
2019: Jan Feb Mar Apr May Jun Jul Aug Sep Oct Nov Dec
2018: Jan Feb Mar Apr May Jun Jul Aug Sep Oct Nov Dec
2017: Jan Feb Mar Apr May Jun Jul Aug Sep Oct Nov Dec
2016: Jan Feb Mar Apr May Jun Jul Aug Sep Oct Nov Dec
2015: Jan Feb Mar Apr May Jun Jul Aug Sep Oct Nov Dec
2014: Jan Feb Mar Apr May Jun Jul Aug Sep Oct Nov Dec
2013: Jan Feb Mar Apr May Jun Jul Aug Sep Oct Nov Dec
2012: Jan Feb Mar Apr May Jun Jul Aug Sep Oct Nov Dec
2011: Jan Feb Mar Apr May Jun Jul Aug Sep Oct Nov Dec
2024: Jan Feb Mar Apr May Jun Jul Aug Sep Oct Nov Dec
2023: Jan Feb Mar Apr May Jun Jul Aug Sep Oct Nov Dec
2022: Jan Feb Mar Apr May Jun Jul Aug Sep Oct Nov Dec
2021: Jan Feb Mar Apr May Jun Jul Aug Sep Oct Nov Dec
2020: Jan Feb Mar Apr May Jun Jul Aug Sep Oct Nov Dec
2019: Jan Feb Mar Apr May Jun Jul Aug Sep Oct Nov Dec
2018: Jan Feb Mar Apr May Jun Jul Aug Sep Oct Nov Dec
2017: Jan Feb Mar Apr May Jun Jul Aug Sep Oct Nov Dec
2016: Jan Feb Mar Apr May Jun Jul Aug Sep Oct Nov Dec
2015: Jan Feb Mar Apr May Jun Jul Aug Sep Oct Nov Dec
2014: Jan Feb Mar Apr May Jun Jul Aug Sep Oct Nov Dec
2013: Jan Feb Mar Apr May Jun Jul Aug Sep Oct Nov Dec
2012: Jan Feb Mar Apr May Jun Jul Aug Sep Oct Nov Dec
2011: Jan Feb Mar Apr May Jun Jul Aug Sep Oct Nov Dec
Report for 2018 September
MONTHLY CLIMATOLOGICAL SUMMARY for Sep 2018 NAME: High Mosser Gate ELEV: 673 feet LAT: 54-36.48 N LONG: 003-22.02 W TEMPERATURE (C), RAIN (mm), WIND SPEED (knots) HEAT COOL AVG MEAN DEG DEG WIND DOM DAY TEMP HIGH TIME LOW TIME DAYS DAYS RAIN SPEED HIGH TIME DIR --------------------------------------------------------------------------------------- 01 15.7 17.2 13:13 14.5 07:11 2.7 0.0 0.6 1.0 11.3 13:39 132 02 16.9 19.6 12:23 15.3 20:26 1.4 0.0 0.8 1.5 13.9 16:00 128 03 12.2 16.5 00:00 9.6 23:32 6.1 0.0 5.8 0.6 8.7 06:00 7 04 11.0 16.1 15:36 6.2 06:37 7.3 0.0 0.2 0.3 8.7 14:00 24 05 11.7 16.2 15:47 6.0 06:13 6.7 0.0 0.6 0.1 7.0 14:01 304 06 10.3 13.7 15:45 5.7 06:41 8.1 0.0 0.6 0.6 11.3 13:30 304 07 10.6 19.8 23:26 5.5 05:35 7.8 0.0 0.2 1.1 11.3 14:30 296 08 13.6 16.8 22:49 9.6 00:51 4.7 0.0 2.0 0.4 11.3 15:12 216 09 13.7 19.1 07:44 11.6 21:47 4.6 0.0 2.0 1.3 14.8 16:42 225 10 12.4 29.1 18:07 10.4 04:47 5.9 0.0 3.8 0.8 8.7 03:48 120 11 13.0 35.3 07:35 10.1 07:29 5.3 0.0 0.0 2.4 16.5 13:03 271 12 12.4 14.1 16:34 9.4 07:46 5.9 0.0 0.0 1.6 12.2 13:00 289 13 12.4 13.7 15:18 10.3 07:34 6.0 0.0 0.2 1.1 19.1 13:01 230 14 12.6 14.4 13:45 9.8 07:52 5.7 0.0 3.8 1.6 15.6 11:11 262 15 12.8 15.1 15:30 8.6 07:34 5.6 0.0 0.0 0.4 8.7 16:25 117 16 13.6 15.8 16:18 11.9 21:18 4.8 0.0 0.2 1.2 13.0 08:45 249 17 15.4 17.1 18:46 12.1 07:39 2.9 0.0 1.0 2.4 19.1 14:25 121 18 15.2 16.2 08:10 13.9 14:02 3.1 0.0 1.2 2.5 18.2 18:30 114 19 12.5 15.9 12:18 9.1 22:20 5.8 0.0 13.8 4.5 37.4 10:04 162 20 9.8 12.4 12:30 6.3 23:57 8.6 0.0 11.8 0.5 20.9 00:37 59 21 8.7 11.9 16:58 5.1 01:20 9.7 0.0 12.6 3.8 20.9 01:00 295 22 8.8 12.3 16:23 4.2 23:28 9.6 0.0 0.0 1.1 12.2 01:07 291 23 8.1 11.8 15:33 4.1 01:33 10.3 0.0 0.2 1.2 13.0 15:28 316 24 9.2 11.6 16:32 5.1 00:20 9.2 0.0 0.4 0.7 10.4 14:00 292 25 11.1 13.6 14:42 7.8 00:14 7.3 0.0 5.6 1.4 16.5 15:27 107 26 14.3 16.1 16:08 11.8 00:00 4.0 0.0 1.0 0.8 16.5 03:00 108 27 11.6 15.0 08:59 6.1 23:43 6.7 0.0 0.0 1.1 13.0 17:42 287 28 8.7 11.9 17:31 4.1 08:21 9.7 0.0 0.0 0.3 6.1 14:21 315 29 9.8 12.2 12:48 7.0 00:39 8.5 0.0 0.0 1.0 17.4 13:42 260 30 8.6 11.2 12:00 4.7 23:54 9.8 0.0 1.0 2.6 16.5 14:00 293 --------------------------------------------------------------------------------------- 11.8 35.3 11 4.1 23 193.5 0.0 69.4 1.3 37.4 19 253