NOAA-Style Climate Reports
Select a Year or Month report
2024: Jan Feb Mar Apr May Jun Jul Aug Sep Oct Nov Dec
2023: Jan Feb Mar Apr May Jun Jul Aug Sep Oct Nov Dec
2022: Jan Feb Mar Apr May Jun Jul Aug Sep Oct Nov Dec
2021: Jan Feb Mar Apr May Jun Jul Aug Sep Oct Nov Dec
2020: Jan Feb Mar Apr May Jun Jul Aug Sep Oct Nov Dec
2019: Jan Feb Mar Apr May Jun Jul Aug Sep Oct Nov Dec
2018: Jan Feb Mar Apr May Jun Jul Aug Sep Oct Nov Dec
2017: Jan Feb Mar Apr May Jun Jul Aug Sep Oct Nov Dec
2016: Jan Feb Mar Apr May Jun Jul Aug Sep Oct Nov Dec
2015: Jan Feb Mar Apr May Jun Jul Aug Sep Oct Nov Dec
2014: Jan Feb Mar Apr May Jun Jul Aug Sep Oct Nov Dec
2013: Jan Feb Mar Apr May Jun Jul Aug Sep Oct Nov Dec
2012: Jan Feb Mar Apr May Jun Jul Aug Sep Oct Nov Dec
2011: Jan Feb Mar Apr May Jun Jul Aug Sep Oct Nov Dec
2024: Jan Feb Mar Apr May Jun Jul Aug Sep Oct Nov Dec
2023: Jan Feb Mar Apr May Jun Jul Aug Sep Oct Nov Dec
2022: Jan Feb Mar Apr May Jun Jul Aug Sep Oct Nov Dec
2021: Jan Feb Mar Apr May Jun Jul Aug Sep Oct Nov Dec
2020: Jan Feb Mar Apr May Jun Jul Aug Sep Oct Nov Dec
2019: Jan Feb Mar Apr May Jun Jul Aug Sep Oct Nov Dec
2018: Jan Feb Mar Apr May Jun Jul Aug Sep Oct Nov Dec
2017: Jan Feb Mar Apr May Jun Jul Aug Sep Oct Nov Dec
2016: Jan Feb Mar Apr May Jun Jul Aug Sep Oct Nov Dec
2015: Jan Feb Mar Apr May Jun Jul Aug Sep Oct Nov Dec
2014: Jan Feb Mar Apr May Jun Jul Aug Sep Oct Nov Dec
2013: Jan Feb Mar Apr May Jun Jul Aug Sep Oct Nov Dec
2012: Jan Feb Mar Apr May Jun Jul Aug Sep Oct Nov Dec
2011: Jan Feb Mar Apr May Jun Jul Aug Sep Oct Nov Dec
Report for 2018 August
MONTHLY CLIMATOLOGICAL SUMMARY for Aug 2018 NAME: High Mosser Gate ELEV: 673 feet LAT: 54-36.48 N LONG: 003-22.02 W TEMPERATURE (C), RAIN (mm), WIND SPEED (knots) HEAT COOL AVG MEAN DEG DEG WIND DOM DAY TEMP HIGH TIME LOW TIME DAYS DAYS RAIN SPEED HIGH TIME DIR --------------------------------------------------------------------------------------- 01 N/A N/A N/A N/A N/A 0.0 0.0 0.0 N/A 0.0 00:00 90 02 17.0 17.8 11:45 16.1 17:57 1.3 0.0 0.4 1.2 9.6 14:00 90 03 N/A N/A N/A N/A N/A 0.0 0.0 0.0 N/A 0.0 00:00 90 04 N/A N/A N/A N/A N/A 0.0 0.0 0.0 N/A 0.0 00:00 90 05 19.2 20.4 13:30 16.4 20:30 0.0 0.8 0.0 0.5 8.7 15:30 90 06 15.5 15.8 07:00 15.0 07:54 2.9 0.0 0.0 0.9 11.3 07:00 90 07 14.7 16.6 16:58 11.7 21:15 3.6 0.0 1.6 0.5 10.4 16:44 90 08 13.8 30.3 07:24 11.1 06:33 4.5 0.0 4.6 0.4 9.6 16:09 90 09 15.5 21.6 18:48 9.3 06:43 2.8 0.0 0.0 0.7 8.7 14:45 90 10 13.0 17.2 19:36 9.2 10:02 5.3 0.0 2.6 1.2 10.4 16:13 90 11 16.7 20.3 18:55 9.3 06:37 1.6 0.0 0.2 0.4 7.8 10:19 90 12 18.4 41.8 08:55 15.4 08:29 0.0 0.1 1.2 0.5 9.6 08:39 90 13 16.5 23.4 11:43 14.7 20:21 1.8 0.0 0.4 0.9 8.7 17:11 90 14 16.0 29.7 09:07 13.4 07:18 2.4 0.0 1.0 0.1 10.4 12:59 90 15 16.3 25.0 09:42 14.7 07:55 2.0 0.0 2.4 1.1 10.4 12:53 90 16 13.9 15.8 16:59 11.4 22:02 4.5 0.0 2.4 0.8 13.9 19:20 90 17 12.4 13.3 09:31 11.4 05:32 5.9 0.0 0.0 0.2 6.1 04:58 90 18 16.1 16.2 23:01 16.1 23:22 2.2 0.0 0.0 1.7 10.4 23:27 90 19 16.2 18.7 16:19 14.1 23:49 2.1 0.0 24.4 0.9 17.4 03:30 90 20 15.0 17.2 16:54 13.3 03:00 3.3 0.0 3.0 0.0 4.3 17:59 90 21 15.5 17.8 16:05 12.6 04:52 2.9 0.0 0.0 0.5 12.2 17:27 90 22 14.1 15.9 10:34 8.4 22:41 4.2 0.0 8.6 1.2 13.9 04:54 90 23 11.7 14.9 14:02 9.1 00:00 6.6 0.0 0.0 0.7 13.9 21:57 90 24 10.9 12.9 13:27 9.3 10:39 7.5 0.0 11.6 2.4 15.6 08:21 90 25 11.4 15.7 16:48 7.7 03:51 7.0 0.0 0.0 0.6 8.7 14:50 90 26 11.8 14.8 17:18 9.5 11:36 6.6 0.0 6.8 2.0 20.9 11:20 90 27 13.0 15.3 23:48 11.8 01:30 5.3 0.0 1.4 1.6 13.0 03:56 90 28 14.2 15.3 13:18 12.5 19:12 4.1 0.0 0.0 0.7 12.2 08:51 90 29 12.2 15.0 09:58 9.7 07:27 6.1 0.0 0.2 0.1 16.5 09:48 90 30 10.9 13.4 18:07 9.2 21:02 7.4 0.0 0.0 0.0 0.9 18:14 90 31 14.0 18.8 14:11 7.8 00:33 4.4 0.0 0.0 0.9 11.3 12:28 130 --------------------------------------------------------------------------------------- 14.2 41.8 12 7.7 25 108.2 0.9 72.8 0.9 20.9 26 130