NOAA-Style Climate Reports
Select a Year or Month report
2024: Jan Feb Mar Apr May Jun Jul Aug Sep Oct Nov Dec
2023: Jan Feb Mar Apr May Jun Jul Aug Sep Oct Nov Dec
2022: Jan Feb Mar Apr May Jun Jul Aug Sep Oct Nov Dec
2021: Jan Feb Mar Apr May Jun Jul Aug Sep Oct Nov Dec
2020: Jan Feb Mar Apr May Jun Jul Aug Sep Oct Nov Dec
2019: Jan Feb Mar Apr May Jun Jul Aug Sep Oct Nov Dec
2018: Jan Feb Mar Apr May Jun Jul Aug Sep Oct Nov Dec
2017: Jan Feb Mar Apr May Jun Jul Aug Sep Oct Nov Dec
2016: Jan Feb Mar Apr May Jun Jul Aug Sep Oct Nov Dec
2015: Jan Feb Mar Apr May Jun Jul Aug Sep Oct Nov Dec
2014: Jan Feb Mar Apr May Jun Jul Aug Sep Oct Nov Dec
2013: Jan Feb Mar Apr May Jun Jul Aug Sep Oct Nov Dec
2012: Jan Feb Mar Apr May Jun Jul Aug Sep Oct Nov Dec
2011: Jan Feb Mar Apr May Jun Jul Aug Sep Oct Nov Dec
2024: Jan Feb Mar Apr May Jun Jul Aug Sep Oct Nov Dec
2023: Jan Feb Mar Apr May Jun Jul Aug Sep Oct Nov Dec
2022: Jan Feb Mar Apr May Jun Jul Aug Sep Oct Nov Dec
2021: Jan Feb Mar Apr May Jun Jul Aug Sep Oct Nov Dec
2020: Jan Feb Mar Apr May Jun Jul Aug Sep Oct Nov Dec
2019: Jan Feb Mar Apr May Jun Jul Aug Sep Oct Nov Dec
2018: Jan Feb Mar Apr May Jun Jul Aug Sep Oct Nov Dec
2017: Jan Feb Mar Apr May Jun Jul Aug Sep Oct Nov Dec
2016: Jan Feb Mar Apr May Jun Jul Aug Sep Oct Nov Dec
2015: Jan Feb Mar Apr May Jun Jul Aug Sep Oct Nov Dec
2014: Jan Feb Mar Apr May Jun Jul Aug Sep Oct Nov Dec
2013: Jan Feb Mar Apr May Jun Jul Aug Sep Oct Nov Dec
2012: Jan Feb Mar Apr May Jun Jul Aug Sep Oct Nov Dec
2011: Jan Feb Mar Apr May Jun Jul Aug Sep Oct Nov Dec
Report for 2018 June
MONTHLY CLIMATOLOGICAL SUMMARY for Jun 2018 NAME: High Mosser Gate ELEV: 673 feet LAT: 54-36.48 N LONG: 003-22.02 W TEMPERATURE (C), RAIN (mm), WIND SPEED (knots) HEAT COOL AVG MEAN DEG DEG WIND DOM DAY TEMP HIGH TIME LOW TIME DAYS DAYS RAIN SPEED HIGH TIME DIR --------------------------------------------------------------------------------------- 01 19.4 21.4 17:11 15.4 05:43 0.0 1.1 0.4 0.7 7.0 11:39 90 02 15.8 17.9 14:38 12.5 22:40 2.5 0.0 1.0 0.2 6.1 11:38 90 03 15.7 17.3 10:50 13.1 06:38 2.7 0.0 0.0 0.7 6.1 10:51 90 04 17.2 21.4 14:09 9.9 23:58 1.1 0.0 0.2 0.5 7.8 14:31 90 05 13.7 19.7 16:18 8.0 03:21 4.6 0.0 0.0 0.5 7.8 15:02 90 06 15.3 20.3 18:52 6.6 05:24 3.0 0.0 0.0 0.8 10.4 14:03 90 07 16.6 22.2 16:29 10.6 04:57 1.7 0.0 0.0 0.6 10.4 12:50 90 08 15.2 20.8 16:54 10.2 04:53 3.2 0.0 0.0 0.7 7.8 16:08 90 09 16.1 20.1 15:48 10.7 02:30 2.3 0.0 0.0 0.7 7.8 14:17 90 10 16.7 20.9 15:47 11.2 04:24 1.7 0.0 0.0 0.9 8.7 12:28 90 11 14.3 18.8 17:13 10.2 23:58 4.0 0.0 0.0 1.1 8.7 15:49 90 12 13.6 17.6 13:46 8.9 23:47 4.7 0.0 0.0 0.8 9.6 14:06 90 13 12.4 17.0 15:11 7.2 04:25 5.9 0.0 17.6 1.9 22.6 23:47 90 14 13.0 15.9 18:49 10.3 23:33 5.3 0.0 15.2 3.8 30.4 03:00 90 15 11.2 13.6 17:02 9.2 05:14 7.1 0.0 0.8 0.8 11.3 03:30 90 16 11.7 14.9 17:32 10.1 00:48 6.7 0.0 7.0 1.2 15.6 11:34 90 17 12.5 15.2 12:21 9.8 02:30 5.8 0.0 1.4 0.7 12.2 16:13 90 18 12.7 15.8 13:59 10.8 04:24 5.7 0.0 0.4 0.7 11.3 12:07 90 19 12.5 15.2 13:10 7.2 05:11 5.9 0.0 1.4 1.3 17.4 20:01 90 20 12.5 14.7 01:04 7.9 23:23 5.8 0.0 6.0 3.0 19.1 01:25 90 21 11.1 15.2 16:14 7.4 04:54 7.2 0.0 0.0 3.8 17.4 01:06 90 22 11.7 16.2 19:20 5.3 04:53 6.6 0.0 0.0 0.9 9.6 13:31 90 23 10.9 15.0 16:47 6.4 04:13 7.5 0.0 0.0 0.6 8.7 12:11 90 24 17.4 20.3 20:16 8.6 05:40 0.9 0.0 0.0 0.9 8.7 16:36 90 25 20.2 23.0 15:40 10.9 05:35 0.0 1.9 0.0 1.0 7.0 12:07 90 26 23.4 24.9 14:30 21.1 09:31 0.0 5.0 0.0 0.9 7.8 13:37 90 27 24.7 27.2 20:48 22.4 10:13 0.0 6.4 0.0 1.3 9.6 14:20 90 28 N/A N/A N/A N/A N/A 0.0 0.0 0.0 0.0 0.9 08:30 90 29 24.5 27.1 18:18 19.6 22:13 0.0 6.2 0.0 0.9 7.8 17:58 90 30 N/A N/A N/A N/A N/A 0.0 0.0 0.0 N/A 0.0 00:00 90 --------------------------------------------------------------------------------------- 14.4 27.2 27 5.3 22 101.8 20.6 51.4 1.2 30.4 14 90