NOAA-Style Climate Reports
Select a Year or Month report
2024: Jan Feb Mar Apr May Jun Jul Aug Sep Oct Nov Dec
2023: Jan Feb Mar Apr May Jun Jul Aug Sep Oct Nov Dec
2022: Jan Feb Mar Apr May Jun Jul Aug Sep Oct Nov Dec
2021: Jan Feb Mar Apr May Jun Jul Aug Sep Oct Nov Dec
2020: Jan Feb Mar Apr May Jun Jul Aug Sep Oct Nov Dec
2019: Jan Feb Mar Apr May Jun Jul Aug Sep Oct Nov Dec
2018: Jan Feb Mar Apr May Jun Jul Aug Sep Oct Nov Dec
2017: Jan Feb Mar Apr May Jun Jul Aug Sep Oct Nov Dec
2016: Jan Feb Mar Apr May Jun Jul Aug Sep Oct Nov Dec
2015: Jan Feb Mar Apr May Jun Jul Aug Sep Oct Nov Dec
2014: Jan Feb Mar Apr May Jun Jul Aug Sep Oct Nov Dec
2013: Jan Feb Mar Apr May Jun Jul Aug Sep Oct Nov Dec
2012: Jan Feb Mar Apr May Jun Jul Aug Sep Oct Nov Dec
2011: Jan Feb Mar Apr May Jun Jul Aug Sep Oct Nov Dec
2024: Jan Feb Mar Apr May Jun Jul Aug Sep Oct Nov Dec
2023: Jan Feb Mar Apr May Jun Jul Aug Sep Oct Nov Dec
2022: Jan Feb Mar Apr May Jun Jul Aug Sep Oct Nov Dec
2021: Jan Feb Mar Apr May Jun Jul Aug Sep Oct Nov Dec
2020: Jan Feb Mar Apr May Jun Jul Aug Sep Oct Nov Dec
2019: Jan Feb Mar Apr May Jun Jul Aug Sep Oct Nov Dec
2018: Jan Feb Mar Apr May Jun Jul Aug Sep Oct Nov Dec
2017: Jan Feb Mar Apr May Jun Jul Aug Sep Oct Nov Dec
2016: Jan Feb Mar Apr May Jun Jul Aug Sep Oct Nov Dec
2015: Jan Feb Mar Apr May Jun Jul Aug Sep Oct Nov Dec
2014: Jan Feb Mar Apr May Jun Jul Aug Sep Oct Nov Dec
2013: Jan Feb Mar Apr May Jun Jul Aug Sep Oct Nov Dec
2012: Jan Feb Mar Apr May Jun Jul Aug Sep Oct Nov Dec
2011: Jan Feb Mar Apr May Jun Jul Aug Sep Oct Nov Dec
Report for 2018 May
MONTHLY CLIMATOLOGICAL SUMMARY for May 2018 NAME: High Mosser Gate ELEV: 673 feet LAT: 54-36.48 N LONG: 003-22.02 W TEMPERATURE (C), RAIN (mm), WIND SPEED (knots) HEAT COOL AVG MEAN DEG DEG WIND DOM DAY TEMP HIGH TIME LOW TIME DAYS DAYS RAIN SPEED HIGH TIME DIR --------------------------------------------------------------------------------------- 01 7.1 10.9 14:30 3.4 04:31 11.2 0.0 7.4 2.6 26.9 20:06 90 02 7.9 10.0 14:27 5.6 20:29 10.4 0.0 0.2 4.1 20.0 10:51 90 03 8.6 10.8 09:44 5.4 05:48 9.7 0.0 0.6 2.1 20.0 17:23 90 04 11.0 14.5 17:41 8.1 04:03 7.4 0.0 0.2 1.3 13.9 16:26 90 05 12.6 18.3 15:39 7.0 05:53 5.7 0.0 0.0 0.7 13.0 13:26 90 06 13.7 21.6 14:53 7.1 03:31 4.6 0.0 0.0 0.6 8.7 13:43 90 07 15.4 20.6 13:12 8.8 05:24 3.0 0.0 0.0 0.5 11.3 13:18 90 08 10.6 14.2 00:38 7.4 23:57 7.8 0.0 1.6 0.5 12.2 08:40 90 09 8.9 10.9 12:36 6.1 01:11 9.5 0.0 10.6 1.8 19.1 17:09 90 10 8.4 12.7 16:19 5.7 23:57 10.0 0.0 0.2 1.1 13.9 14:00 90 11 10.1 13.8 14:13 5.0 02:50 8.3 0.0 2.6 3.4 19.1 09:42 90 12 9.3 12.6 16:00 5.0 05:00 9.1 0.0 0.8 0.8 8.7 16:30 90 13 10.1 14.2 15:30 6.9 05:30 8.2 0.0 1.6 1.0 12.2 13:00 90 14 10.8 14.4 15:00 6.6 03:00 7.5 0.0 0.0 0.9 9.6 13:30 90 15 11.4 16.9 14:36 6.5 03:30 7.0 0.0 0.8 0.8 9.6 15:58 90 16 10.1 14.3 14:56 5.2 23:50 8.2 0.0 0.0 1.2 13.0 13:24 90 17 9.7 15.0 15:02 3.8 05:19 8.7 0.0 0.0 0.8 19.1 15:04 90 18 11.2 16.1 12:18 5.5 05:01 7.1 0.0 0.0 0.6 9.6 12:42 90 19 13.2 18.6 13:30 5.9 04:23 5.1 0.0 0.0 0.5 11.3 09:48 90 20 14.1 17.1 15:16 11.5 01:50 4.2 0.0 0.0 1.9 17.4 10:40 90 21 13.7 17.4 11:35 8.2 05:41 4.6 0.0 0.0 0.7 8.7 14:29 90 22 11.5 17.1 16:34 6.4 23:58 6.9 0.0 0.0 1.2 14.8 17:21 90 23 13.4 21.0 16:22 5.1 05:28 4.9 0.0 0.0 0.7 9.6 12:46 90 24 17.2 23.2 14:31 10.2 03:00 1.1 0.0 0.0 0.9 8.7 11:08 90 25 15.1 18.3 15:20 12.3 23:52 3.3 0.0 2.8 1.3 12.2 16:48 90 26 17.2 21.3 13:59 10.3 03:24 1.2 0.0 0.0 2.8 18.2 13:54 90 27 22.1 48.7 19:45 17.3 22:05 0.0 3.8 0.0 2.5 16.5 14:34 90 28 21.4 24.3 15:51 13.9 05:33 0.0 3.0 0.0 0.6 9.6 13:16 90 29 17.5 20.6 15:34 10.9 23:58 0.8 0.0 0.0 1.2 11.3 15:20 90 30 14.8 20.1 14:19 9.1 05:23 3.6 0.0 0.4 0.5 12.2 13:04 90 31 17.5 20.4 12:33 13.8 00:33 0.8 0.0 0.0 0.3 5.2 12:10 90 --------------------------------------------------------------------------------------- 12.5 48.7 27 3.4 01 179.7 6.8 29.8 1.2 26.9 01 90