NOAA-Style Climate Reports
Select a Year or Month report
2024: Jan Feb Mar Apr May Jun Jul Aug Sep Oct Nov Dec
2023: Jan Feb Mar Apr May Jun Jul Aug Sep Oct Nov Dec
2022: Jan Feb Mar Apr May Jun Jul Aug Sep Oct Nov Dec
2021: Jan Feb Mar Apr May Jun Jul Aug Sep Oct Nov Dec
2020: Jan Feb Mar Apr May Jun Jul Aug Sep Oct Nov Dec
2019: Jan Feb Mar Apr May Jun Jul Aug Sep Oct Nov Dec
2018: Jan Feb Mar Apr May Jun Jul Aug Sep Oct Nov Dec
2017: Jan Feb Mar Apr May Jun Jul Aug Sep Oct Nov Dec
2016: Jan Feb Mar Apr May Jun Jul Aug Sep Oct Nov Dec
2015: Jan Feb Mar Apr May Jun Jul Aug Sep Oct Nov Dec
2014: Jan Feb Mar Apr May Jun Jul Aug Sep Oct Nov Dec
2013: Jan Feb Mar Apr May Jun Jul Aug Sep Oct Nov Dec
2012: Jan Feb Mar Apr May Jun Jul Aug Sep Oct Nov Dec
2011: Jan Feb Mar Apr May Jun Jul Aug Sep Oct Nov Dec
2024: Jan Feb Mar Apr May Jun Jul Aug Sep Oct Nov Dec
2023: Jan Feb Mar Apr May Jun Jul Aug Sep Oct Nov Dec
2022: Jan Feb Mar Apr May Jun Jul Aug Sep Oct Nov Dec
2021: Jan Feb Mar Apr May Jun Jul Aug Sep Oct Nov Dec
2020: Jan Feb Mar Apr May Jun Jul Aug Sep Oct Nov Dec
2019: Jan Feb Mar Apr May Jun Jul Aug Sep Oct Nov Dec
2018: Jan Feb Mar Apr May Jun Jul Aug Sep Oct Nov Dec
2017: Jan Feb Mar Apr May Jun Jul Aug Sep Oct Nov Dec
2016: Jan Feb Mar Apr May Jun Jul Aug Sep Oct Nov Dec
2015: Jan Feb Mar Apr May Jun Jul Aug Sep Oct Nov Dec
2014: Jan Feb Mar Apr May Jun Jul Aug Sep Oct Nov Dec
2013: Jan Feb Mar Apr May Jun Jul Aug Sep Oct Nov Dec
2012: Jan Feb Mar Apr May Jun Jul Aug Sep Oct Nov Dec
2011: Jan Feb Mar Apr May Jun Jul Aug Sep Oct Nov Dec
Report for 2018 April
MONTHLY CLIMATOLOGICAL SUMMARY for Apr 2018 NAME: High Mosser Gate ELEV: 673 feet LAT: 54-36.48 N LONG: 003-22.02 W TEMPERATURE (C), RAIN (mm), WIND SPEED (knots) HEAT COOL AVG MEAN DEG DEG WIND DOM DAY TEMP HIGH TIME LOW TIME DAYS DAYS RAIN SPEED HIGH TIME DIR --------------------------------------------------------------------------------------- 01 3.1 6.3 13:27 0.4 00:00 15.3 0.0 0.0 1.3 13.0 23:17 90 02 3.1 5.5 23:53 0.9 05:57 15.2 0.0 5.6 3.5 16.5 14:57 90 03 6.8 10.3 16:15 3.7 05:46 11.5 0.0 8.4 1.5 17.4 15:30 90 04 4.3 7.3 03:43 0.3 19:19 14.0 0.0 4.8 2.5 13.0 23:17 90 05 3.9 8.6 17:11 -1.7 04:54 14.4 0.0 0.6 1.4 13.9 23:22 90 06 9.0 12.3 14:40 5.8 03:26 9.4 0.0 1.4 5.8 21.7 12:48 90 07 7.9 10.2 10:59 6.3 23:54 10.4 0.0 3.2 0.9 13.9 02:30 90 08 7.3 10.7 14:48 4.2 22:40 11.1 0.0 0.0 0.6 9.6 15:20 90 09 8.0 11.8 18:13 2.7 05:00 10.3 0.0 0.2 1.4 15.6 21:46 90 10 6.5 8.2 00:00 5.1 22:31 11.8 0.0 1.0 3.7 19.1 11:17 90 11 7.9 13.1 15:27 4.4 02:30 10.4 0.0 0.0 2.5 13.9 11:10 90 12 7.0 11.7 12:58 4.2 23:19 11.3 0.0 1.2 2.6 12.2 14:39 90 13 6.3 8.0 14:07 4.2 00:24 12.1 0.0 1.0 0.9 9.6 23:02 90 14 10.0 13.9 15:33 6.2 00:31 8.3 0.0 0.0 1.6 12.2 10:56 90 15 11.4 13.4 12:37 9.9 23:59 6.9 0.0 0.2 5.4 25.2 12:07 90 16 9.5 12.3 15:36 7.3 10:29 8.9 0.0 6.8 3.4 26.9 22:27 90 17 10.7 12.2 15:32 9.4 00:00 7.7 0.0 26.4 8.5 33.0 14:05 90 18 14.3 18.6 22:23 10.6 00:44 4.1 0.0 2.8 5.6 22.6 23:36 90 19 13.6 17.6 00:01 9.1 22:05 4.8 0.0 0.0 1.5 22.6 00:00 90 20 10.5 13.8 16:00 6.3 06:46 7.9 0.0 0.0 1.5 10.4 11:18 90 21 16.4 19.6 18:30 13.1 08:30 1.9 0.0 0.0 1.7 11.3 22:00 90 22 10.7 16.3 02:00 7.4 23:30 7.6 0.0 5.2 1.9 16.5 03:00 90 23 8.3 11.3 12:41 6.8 22:35 10.1 0.0 5.0 2.7 20.9 17:01 90 24 8.3 11.5 10:48 6.0 05:43 10.0 0.0 1.2 1.6 17.4 03:48 90 25 8.3 10.8 13:04 5.7 06:21 10.0 0.0 1.4 1.5 13.9 18:45 90 26 7.6 9.5 13:11 5.4 02:34 10.8 0.0 0.4 3.9 20.9 12:10 90 27 7.5 11.4 16:59 2.6 05:47 10.8 0.0 0.0 1.0 8.7 12:56 90 28 6.2 10.7 14:24 2.2 05:40 12.2 0.0 0.0 0.7 12.2 15:12 90 29 6.0 10.8 15:20 1.9 04:06 12.3 0.0 0.0 1.3 12.2 16:02 90 30 5.8 10.6 17:27 1.3 04:03 12.5 0.0 0.0 2.1 14.8 13:32 90 --------------------------------------------------------------------------------------- 8.1 19.6 21 -1.7 05 304.1 0.0 76.8 2.5 33.0 17 90