NOAA-Style Climate Reports
Select a Year or Month report
2024: Jan Feb Mar Apr May Jun Jul Aug Sep Oct Nov Dec
2023: Jan Feb Mar Apr May Jun Jul Aug Sep Oct Nov Dec
2022: Jan Feb Mar Apr May Jun Jul Aug Sep Oct Nov Dec
2021: Jan Feb Mar Apr May Jun Jul Aug Sep Oct Nov Dec
2020: Jan Feb Mar Apr May Jun Jul Aug Sep Oct Nov Dec
2019: Jan Feb Mar Apr May Jun Jul Aug Sep Oct Nov Dec
2018: Jan Feb Mar Apr May Jun Jul Aug Sep Oct Nov Dec
2017: Jan Feb Mar Apr May Jun Jul Aug Sep Oct Nov Dec
2016: Jan Feb Mar Apr May Jun Jul Aug Sep Oct Nov Dec
2015: Jan Feb Mar Apr May Jun Jul Aug Sep Oct Nov Dec
2014: Jan Feb Mar Apr May Jun Jul Aug Sep Oct Nov Dec
2013: Jan Feb Mar Apr May Jun Jul Aug Sep Oct Nov Dec
2012: Jan Feb Mar Apr May Jun Jul Aug Sep Oct Nov Dec
2011: Jan Feb Mar Apr May Jun Jul Aug Sep Oct Nov Dec
2024: Jan Feb Mar Apr May Jun Jul Aug Sep Oct Nov Dec
2023: Jan Feb Mar Apr May Jun Jul Aug Sep Oct Nov Dec
2022: Jan Feb Mar Apr May Jun Jul Aug Sep Oct Nov Dec
2021: Jan Feb Mar Apr May Jun Jul Aug Sep Oct Nov Dec
2020: Jan Feb Mar Apr May Jun Jul Aug Sep Oct Nov Dec
2019: Jan Feb Mar Apr May Jun Jul Aug Sep Oct Nov Dec
2018: Jan Feb Mar Apr May Jun Jul Aug Sep Oct Nov Dec
2017: Jan Feb Mar Apr May Jun Jul Aug Sep Oct Nov Dec
2016: Jan Feb Mar Apr May Jun Jul Aug Sep Oct Nov Dec
2015: Jan Feb Mar Apr May Jun Jul Aug Sep Oct Nov Dec
2014: Jan Feb Mar Apr May Jun Jul Aug Sep Oct Nov Dec
2013: Jan Feb Mar Apr May Jun Jul Aug Sep Oct Nov Dec
2012: Jan Feb Mar Apr May Jun Jul Aug Sep Oct Nov Dec
2011: Jan Feb Mar Apr May Jun Jul Aug Sep Oct Nov Dec
Report for 2018 March
MONTHLY CLIMATOLOGICAL SUMMARY for Mar 2018 NAME: High Mosser Gate ELEV: 673 feet LAT: 54-36.48 N LONG: 003-22.02 W TEMPERATURE (C), RAIN (mm), WIND SPEED (knots) HEAT COOL AVG MEAN DEG DEG WIND DOM DAY TEMP HIGH TIME LOW TIME DAYS DAYS RAIN SPEED HIGH TIME DIR --------------------------------------------------------------------------------------- 01 -3.0 -0.9 23:55 -5.6 00:00 21.3 0.0 0.0 6.8 26.9 10:09 90 02 -0.6 0.2 22:19 -1.2 00:49 19.0 0.0 0.2 6.2 33.9 01:01 90 03 -0.2 2.2 14:25 -1.0 03:23 18.5 0.0 0.4 5.4 23.5 03:30 90 04 2.7 5.4 15:47 -0.6 00:05 15.7 0.0 0.0 2.8 14.8 07:26 90 05 4.8 7.2 13:13 1.8 02:30 13.6 0.0 0.0 2.4 16.5 21:44 90 06 3.4 5.3 13:52 1.9 05:38 15.0 0.0 0.8 0.8 7.8 03:30 90 07 4.2 6.3 12:44 3.0 00:00 14.1 0.0 2.0 2.2 13.9 19:35 90 08 3.0 6.3 13:33 0.9 05:08 15.3 0.0 1.0 0.8 9.6 00:00 90 09 4.3 7.8 14:35 0.7 06:54 14.0 0.0 0.2 1.1 12.2 20:53 90 10 7.5 11.7 15:42 4.4 00:07 10.8 0.0 9.8 2.1 19.1 17:10 90 11 7.3 12.2 14:15 4.0 07:00 11.0 0.0 0.0 1.3 8.7 00:00 90 12 5.4 6.9 17:05 2.7 23:55 12.9 0.0 0.2 1.0 7.8 14:20 90 13 4.8 8.6 14:11 2.1 20:15 13.5 0.0 0.0 1.3 9.6 13:59 90 14 7.8 10.4 12:28 3.8 00:00 10.6 0.0 1.0 8.8 30.4 17:38 90 15 6.8 8.2 00:27 4.8 22:57 11.6 0.0 3.0 6.5 22.6 03:51 90 16 5.1 6.7 10:52 3.1 21:59 13.3 0.0 0.2 6.6 27.8 11:16 90 17 -0.2 4.1 00:02 -2.6 22:59 18.5 0.0 1.4 6.7 30.4 13:45 90 18 -0.6 1.6 10:30 -3.2 00:10 18.9 0.0 0.2 5.7 24.3 00:36 90 19 2.0 5.3 14:08 -1.1 23:58 16.3 0.0 0.0 3.9 17.4 07:22 90 20 2.5 6.8 13:00 -2.5 00:51 15.8 0.0 0.0 0.7 9.6 16:06 90 21 4.0 6.7 12:27 0.9 00:08 14.3 0.0 2.4 1.4 16.5 11:37 90 22 6.0 7.2 13:17 4.7 06:42 12.3 0.0 9.2 4.3 28.7 23:34 90 23 5.5 7.4 15:30 4.3 10:13 12.8 0.0 12.8 3.4 29.5 03:46 90 24 5.2 8.2 17:36 2.7 23:53 13.2 0.0 0.6 0.7 8.7 11:56 90 25 4.3 7.8 13:51 1.2 07:14 14.0 0.0 0.0 1.2 12.2 16:59 90 26 N/A N/A N/A N/A N/A 0.0 0.0 0.0 N/A 0.0 00:00 90 27 6.1 7.8 10:38 3.6 23:48 12.3 0.0 5.0 3.2 20.0 04:30 90 28 3.8 6.1 17:14 1.9 23:43 14.6 0.0 0.8 2.1 12.2 13:56 90 29 4.5 9.0 14:40 1.2 04:40 13.8 0.0 0.6 3.3 18.2 20:46 90 30 4.7 7.7 13:42 2.7 07:02 13.6 0.0 0.2 1.8 13.0 01:18 90 31 2.8 4.5 00:27 0.4 23:57 15.5 0.0 0.4 3.3 16.5 07:24 90 --------------------------------------------------------------------------------------- 3.8 12.2 11 -5.6 01 436.0 0.0 52.4 3.3 33.9 02 90