NOAA-Style Climate Reports
Select a Year or Month report
2024: Jan Feb Mar Apr May Jun Jul Aug Sep Oct Nov Dec
2023: Jan Feb Mar Apr May Jun Jul Aug Sep Oct Nov Dec
2022: Jan Feb Mar Apr May Jun Jul Aug Sep Oct Nov Dec
2021: Jan Feb Mar Apr May Jun Jul Aug Sep Oct Nov Dec
2020: Jan Feb Mar Apr May Jun Jul Aug Sep Oct Nov Dec
2019: Jan Feb Mar Apr May Jun Jul Aug Sep Oct Nov Dec
2018: Jan Feb Mar Apr May Jun Jul Aug Sep Oct Nov Dec
2017: Jan Feb Mar Apr May Jun Jul Aug Sep Oct Nov Dec
2016: Jan Feb Mar Apr May Jun Jul Aug Sep Oct Nov Dec
2015: Jan Feb Mar Apr May Jun Jul Aug Sep Oct Nov Dec
2014: Jan Feb Mar Apr May Jun Jul Aug Sep Oct Nov Dec
2013: Jan Feb Mar Apr May Jun Jul Aug Sep Oct Nov Dec
2012: Jan Feb Mar Apr May Jun Jul Aug Sep Oct Nov Dec
2011: Jan Feb Mar Apr May Jun Jul Aug Sep Oct Nov Dec
2024: Jan Feb Mar Apr May Jun Jul Aug Sep Oct Nov Dec
2023: Jan Feb Mar Apr May Jun Jul Aug Sep Oct Nov Dec
2022: Jan Feb Mar Apr May Jun Jul Aug Sep Oct Nov Dec
2021: Jan Feb Mar Apr May Jun Jul Aug Sep Oct Nov Dec
2020: Jan Feb Mar Apr May Jun Jul Aug Sep Oct Nov Dec
2019: Jan Feb Mar Apr May Jun Jul Aug Sep Oct Nov Dec
2018: Jan Feb Mar Apr May Jun Jul Aug Sep Oct Nov Dec
2017: Jan Feb Mar Apr May Jun Jul Aug Sep Oct Nov Dec
2016: Jan Feb Mar Apr May Jun Jul Aug Sep Oct Nov Dec
2015: Jan Feb Mar Apr May Jun Jul Aug Sep Oct Nov Dec
2014: Jan Feb Mar Apr May Jun Jul Aug Sep Oct Nov Dec
2013: Jan Feb Mar Apr May Jun Jul Aug Sep Oct Nov Dec
2012: Jan Feb Mar Apr May Jun Jul Aug Sep Oct Nov Dec
2011: Jan Feb Mar Apr May Jun Jul Aug Sep Oct Nov Dec
Report for 2017 November
MONTHLY CLIMATOLOGICAL SUMMARY for Nov 2017 NAME: High Mosser Gate ELEV: 673 feet LAT: 54-36.48 N LONG: 003-22.02 W TEMPERATURE (C), RAIN (mm), WIND SPEED (knots) HEAT COOL AVG MEAN DEG DEG WIND DOM DAY TEMP HIGH TIME LOW TIME DAYS DAYS RAIN SPEED HIGH TIME DIR --------------------------------------------------------------------------------------- 01 10.8 11.7 11:07 9.7 07:41 7.5 0.0 3.0 1.2 10.4 00:00 90 02 7.1 9.9 13:24 3.6 18:33 11.3 0.0 0.0 0.4 8.7 00:59 90 03 7.7 9.1 13:42 4.5 01:57 10.6 0.0 0.0 0.5 9.6 10:37 90 04 7.2 9.1 00:22 4.3 22:13 11.2 0.0 5.8 2.2 14.8 13:23 90 05 4.7 7.5 13:12 1.7 22:38 13.7 0.0 0.2 1.6 15.6 03:30 90 06 7.6 10.0 21:07 3.5 00:00 10.7 0.0 5.8 3.6 21.7 16:30 90 07 6.8 10.6 04:55 1.9 23:49 11.5 0.0 12.6 3.0 30.4 01:12 90 08 5.9 9.8 23:48 1.1 03:42 12.4 0.0 4.4 0.6 10.4 19:36 90 09 9.1 10.9 05:37 7.1 23:37 9.3 0.0 1.0 2.8 20.0 06:27 90 10 6.4 8.4 03:22 5.5 14:13 11.9 0.0 3.8 4.0 23.5 03:30 90 11 4.7 7.0 13:13 2.1 23:21 13.6 0.0 0.6 0.5 9.6 13:22 90 12 3.4 5.3 14:29 -0.2 23:47 15.0 0.0 0.0 2.7 14.8 12:28 90 13 4.1 8.5 23:31 -0.6 01:04 14.2 0.0 3.0 0.8 12.2 19:48 90 14 9.3 10.3 07:54 6.3 23:59 9.1 0.0 9.2 0.8 12.2 07:03 90 15 7.4 9.8 23:57 3.7 05:43 10.9 0.0 0.4 0.8 11.3 20:21 90 16 7.2 10.1 00:29 3.8 21:03 11.2 0.0 5.2 2.8 17.4 09:23 90 17 6.4 7.3 11:37 4.3 01:17 11.9 0.0 0.2 3.2 17.4 23:23 90 18 5.7 7.3 01:37 1.9 23:54 12.6 0.0 0.2 3.6 20.0 03:00 90 19 4.2 7.9 23:03 0.0 08:01 14.2 0.0 1.2 1.0 18.2 23:26 90 20 10.1 10.8 13:40 7.8 00:02 8.2 0.0 16.2 2.4 18.2 11:23 90 21 10.9 11.8 16:45 9.6 22:58 7.4 0.0 15.6 1.6 16.5 21:57 90 22 9.3 12.3 10:48 6.8 21:06 9.0 0.0 60.8 1.7 33.0 10:44 90 23 4.0 7.4 00:00 1.1 23:08 14.3 0.0 9.4 2.6 18.2 13:31 90 24 2.4 4.7 13:07 0.8 23:43 15.9 0.0 4.2 0.9 11.3 16:55 90 25 2.8 3.9 13:49 0.9 00:16 15.5 0.0 1.8 3.0 16.5 17:27 90 26 4.6 8.4 23:28 2.4 03:36 13.8 0.0 11.2 2.2 18.2 23:36 90 27 5.1 8.3 00:00 2.1 23:59 13.2 0.0 8.4 4.3 19.1 09:08 90 28 1.9 3.9 13:39 0.2 08:02 16.4 0.0 0.0 1.6 11.3 12:14 90 29 0.6 2.7 14:11 -1.7 21:11 17.8 0.0 0.0 1.5 13.9 04:04 90 30 -0.3 1.6 14:04 -2.1 01:37 18.6 0.0 0.0 2.0 15.6 11:38 90 --------------------------------------------------------------------------------------- 5.9 12.3 22 -2.1 30 373.0 0.0 184.2 2.0 33.0 22 90