NOAA-Style Climate Reports
Select a Year or Month report
2024: Jan Feb Mar Apr May Jun Jul Aug Sep Oct Nov Dec
2023: Jan Feb Mar Apr May Jun Jul Aug Sep Oct Nov Dec
2022: Jan Feb Mar Apr May Jun Jul Aug Sep Oct Nov Dec
2021: Jan Feb Mar Apr May Jun Jul Aug Sep Oct Nov Dec
2020: Jan Feb Mar Apr May Jun Jul Aug Sep Oct Nov Dec
2019: Jan Feb Mar Apr May Jun Jul Aug Sep Oct Nov Dec
2018: Jan Feb Mar Apr May Jun Jul Aug Sep Oct Nov Dec
2017: Jan Feb Mar Apr May Jun Jul Aug Sep Oct Nov Dec
2016: Jan Feb Mar Apr May Jun Jul Aug Sep Oct Nov Dec
2015: Jan Feb Mar Apr May Jun Jul Aug Sep Oct Nov Dec
2014: Jan Feb Mar Apr May Jun Jul Aug Sep Oct Nov Dec
2013: Jan Feb Mar Apr May Jun Jul Aug Sep Oct Nov Dec
2012: Jan Feb Mar Apr May Jun Jul Aug Sep Oct Nov Dec
2011: Jan Feb Mar Apr May Jun Jul Aug Sep Oct Nov Dec
2024: Jan Feb Mar Apr May Jun Jul Aug Sep Oct Nov Dec
2023: Jan Feb Mar Apr May Jun Jul Aug Sep Oct Nov Dec
2022: Jan Feb Mar Apr May Jun Jul Aug Sep Oct Nov Dec
2021: Jan Feb Mar Apr May Jun Jul Aug Sep Oct Nov Dec
2020: Jan Feb Mar Apr May Jun Jul Aug Sep Oct Nov Dec
2019: Jan Feb Mar Apr May Jun Jul Aug Sep Oct Nov Dec
2018: Jan Feb Mar Apr May Jun Jul Aug Sep Oct Nov Dec
2017: Jan Feb Mar Apr May Jun Jul Aug Sep Oct Nov Dec
2016: Jan Feb Mar Apr May Jun Jul Aug Sep Oct Nov Dec
2015: Jan Feb Mar Apr May Jun Jul Aug Sep Oct Nov Dec
2014: Jan Feb Mar Apr May Jun Jul Aug Sep Oct Nov Dec
2013: Jan Feb Mar Apr May Jun Jul Aug Sep Oct Nov Dec
2012: Jan Feb Mar Apr May Jun Jul Aug Sep Oct Nov Dec
2011: Jan Feb Mar Apr May Jun Jul Aug Sep Oct Nov Dec
Report for 2017 October
MONTHLY CLIMATOLOGICAL SUMMARY for Oct 2017 NAME: High Mosser Gate ELEV: 673 feet LAT: 54-36.48 N LONG: 003-22.02 W TEMPERATURE (C), RAIN (mm), WIND SPEED (knots) HEAT COOL AVG MEAN DEG DEG WIND DOM DAY TEMP HIGH TIME LOW TIME DAYS DAYS RAIN SPEED HIGH TIME DIR --------------------------------------------------------------------------------------- 01 12.6 14.9 14:45 7.4 00:00 5.8 0.0 5.2 3.0 24.3 13:07 90 02 11.1 12.2 15:20 9.8 20:49 7.2 0.0 9.4 5.1 24.3 14:39 90 03 10.0 11.6 11:18 8.8 07:10 8.3 0.0 0.6 4.1 20.9 03:00 90 04 10.9 12.8 23:53 10.1 00:00 7.4 0.0 17.6 4.2 19.1 03:58 90 05 10.0 13.5 01:23 6.4 05:24 8.3 0.0 1.0 3.8 20.9 02:30 90 06 9.0 12.0 23:52 4.6 08:06 9.3 0.0 1.2 0.7 13.0 19:32 90 07 11.6 12.6 16:29 10.3 23:46 6.8 0.0 6.8 2.7 16.5 09:08 90 08 11.3 13.2 15:50 9.5 08:02 7.0 0.0 1.2 0.5 7.8 00:43 90 09 11.6 13.7 12:57 10.2 05:15 6.7 0.0 7.6 0.3 8.7 23:47 90 10 11.9 13.6 15:06 9.9 08:03 6.4 0.0 3.4 1.4 13.0 01:44 90 11 11.8 13.5 05:24 9.3 23:52 6.5 0.0 80.2 2.9 20.9 19:11 90 12 11.2 13.6 23:37 8.9 01:25 7.2 0.0 8.2 4.0 27.8 21:49 90 13 14.3 15.1 13:50 12.2 23:31 4.1 0.0 19.8 3.6 25.2 06:10 90 14 13.3 14.7 12:07 11.5 07:38 5.1 0.0 9.0 0.9 20.0 20:56 90 15 13.6 14.6 03:50 12.9 19:15 4.7 0.0 9.8 3.0 20.9 07:00 90 16 14.0 18.8 14:03 11.1 21:23 4.4 0.0 40.2 5.3 37.4 18:11 90 17 10.4 11.9 00:32 9.1 22:33 7.9 0.0 2.0 3.2 25.2 03:00 90 18 10.7 13.5 12:48 8.0 04:02 7.6 0.0 0.2 1.2 13.0 21:14 90 19 12.5 15.0 12:53 11.0 01:15 5.8 0.0 2.8 3.1 14.8 14:43 90 20 11.1 12.5 12:40 9.6 19:06 7.2 0.0 5.6 1.2 19.1 22:26 90 21 11.2 12.5 03:32 9.3 23:36 7.1 0.0 6.4 5.6 27.8 23:51 90 22 9.2 9.9 15:57 8.4 20:12 9.2 0.0 2.2 6.5 27.8 00:00 90 23 12.2 14.2 12:12 8.7 00:12 6.1 0.0 0.4 2.2 18.2 10:42 90 24 11.9 14.0 12:11 9.9 23:43 6.4 0.0 11.0 1.6 24.3 08:30 90 25 10.5 12.3 13:19 9.3 04:31 7.8 0.0 4.6 1.2 13.9 12:50 90 26 9.8 11.5 11:41 6.8 22:38 8.5 0.0 0.0 0.6 9.6 05:38 90 27 7.9 10.3 13:37 4.2 09:01 10.5 0.0 0.2 0.7 7.8 13:01 90 28 11.0 12.4 22:42 7.9 00:00 7.4 0.0 0.8 4.6 20.0 15:47 90 29 6.8 12.2 00:00 2.0 23:41 11.5 0.0 0.0 2.0 22.6 00:30 90 30 6.9 10.7 23:11 1.6 01:09 11.4 0.0 0.0 1.5 16.5 18:20 90 31 11.3 11.8 14:42 10.7 00:00 7.1 0.0 1.4 1.2 12.2 18:39 90 --------------------------------------------------------------------------------------- 11.0 18.8 16 1.6 30 226.6 0.0 258.8 2.6 37.4 16 90