NOAA-Style Climate Reports
Select a Year or Month report
2024: Jan Feb Mar Apr May Jun Jul Aug Sep Oct Nov Dec
2023: Jan Feb Mar Apr May Jun Jul Aug Sep Oct Nov Dec
2022: Jan Feb Mar Apr May Jun Jul Aug Sep Oct Nov Dec
2021: Jan Feb Mar Apr May Jun Jul Aug Sep Oct Nov Dec
2020: Jan Feb Mar Apr May Jun Jul Aug Sep Oct Nov Dec
2019: Jan Feb Mar Apr May Jun Jul Aug Sep Oct Nov Dec
2018: Jan Feb Mar Apr May Jun Jul Aug Sep Oct Nov Dec
2017: Jan Feb Mar Apr May Jun Jul Aug Sep Oct Nov Dec
2016: Jan Feb Mar Apr May Jun Jul Aug Sep Oct Nov Dec
2015: Jan Feb Mar Apr May Jun Jul Aug Sep Oct Nov Dec
2014: Jan Feb Mar Apr May Jun Jul Aug Sep Oct Nov Dec
2013: Jan Feb Mar Apr May Jun Jul Aug Sep Oct Nov Dec
2012: Jan Feb Mar Apr May Jun Jul Aug Sep Oct Nov Dec
2011: Jan Feb Mar Apr May Jun Jul Aug Sep Oct Nov Dec
2024: Jan Feb Mar Apr May Jun Jul Aug Sep Oct Nov Dec
2023: Jan Feb Mar Apr May Jun Jul Aug Sep Oct Nov Dec
2022: Jan Feb Mar Apr May Jun Jul Aug Sep Oct Nov Dec
2021: Jan Feb Mar Apr May Jun Jul Aug Sep Oct Nov Dec
2020: Jan Feb Mar Apr May Jun Jul Aug Sep Oct Nov Dec
2019: Jan Feb Mar Apr May Jun Jul Aug Sep Oct Nov Dec
2018: Jan Feb Mar Apr May Jun Jul Aug Sep Oct Nov Dec
2017: Jan Feb Mar Apr May Jun Jul Aug Sep Oct Nov Dec
2016: Jan Feb Mar Apr May Jun Jul Aug Sep Oct Nov Dec
2015: Jan Feb Mar Apr May Jun Jul Aug Sep Oct Nov Dec
2014: Jan Feb Mar Apr May Jun Jul Aug Sep Oct Nov Dec
2013: Jan Feb Mar Apr May Jun Jul Aug Sep Oct Nov Dec
2012: Jan Feb Mar Apr May Jun Jul Aug Sep Oct Nov Dec
2011: Jan Feb Mar Apr May Jun Jul Aug Sep Oct Nov Dec
Report for 2017 August
MONTHLY CLIMATOLOGICAL SUMMARY for Aug 2017 NAME: High Mosser Gate ELEV: 673 feet LAT: 54-36.48 N LONG: 003-22.02 W TEMPERATURE (C), RAIN (mm), WIND SPEED (knots) HEAT COOL AVG MEAN DEG DEG WIND DOM DAY TEMP HIGH TIME LOW TIME DAYS DAYS RAIN SPEED HIGH TIME DIR --------------------------------------------------------------------------------------- 01 14.0 17.9 15:03 11.1 07:45 4.3 0.0 3.8 0.6 7.8 13:58 90 02 14.6 17.7 19:01 12.4 06:06 3.7 0.0 1.8 2.1 16.5 15:51 90 03 14.5 18.3 16:41 13.1 10:49 3.8 0.0 20.6 1.4 17.4 02:30 90 04 13.3 15.4 17:22 9.0 23:41 5.0 0.0 2.0 2.9 16.5 14:30 90 05 12.1 15.5 14:30 8.6 00:31 6.2 0.0 2.4 1.6 11.3 13:48 90 06 12.5 15.8 11:27 9.1 03:51 5.9 0.0 11.2 1.1 13.9 12:24 90 07 12.9 16.4 16:49 11.3 06:31 5.4 0.0 8.0 0.6 10.4 07:55 90 08 12.7 17.4 15:12 9.3 05:53 5.6 0.0 1.4 0.6 8.7 13:31 90 09 13.4 17.9 15:34 9.4 01:25 5.0 0.0 0.0 1.2 12.2 12:30 90 10 12.2 15.8 13:45 8.2 06:25 6.1 0.0 0.0 0.8 9.6 15:37 90 11 13.8 15.8 18:50 11.9 00:22 4.6 0.0 7.8 1.2 14.8 10:28 90 12 13.4 16.7 13:39 7.9 23:58 4.9 0.0 3.8 1.8 13.0 13:43 90 13 12.4 16.9 16:21 6.2 04:38 5.9 0.0 0.0 0.7 7.8 13:06 90 14 14.2 16.3 17:25 12.4 08:52 4.2 0.0 21.8 2.5 16.5 13:10 90 15 13.9 16.7 16:54 12.4 09:25 4.4 0.0 16.6 0.7 10.4 14:02 90 16 14.7 17.7 13:35 13.1 00:53 3.6 0.0 11.8 4.2 24.3 21:43 90 17 15.5 18.8 10:05 12.7 06:53 2.8 0.0 5.2 1.3 15.6 01:29 90 18 12.9 15.0 13:17 11.3 07:03 5.4 0.0 12.6 2.3 16.5 01:53 90 19 12.7 15.2 17:06 11.2 10:09 5.7 0.0 4.0 4.0 16.5 15:15 90 20 12.7 15.6 13:32 8.8 21:59 5.7 0.0 0.0 0.7 12.2 00:00 90 21 14.0 16.6 09:54 10.1 00:17 4.3 0.0 6.2 0.2 7.0 10:23 90 22 18.6 23.1 15:27 15.2 01:28 0.0 0.3 0.0 1.1 12.2 20:50 90 23 16.2 19.1 00:42 13.1 20:35 2.2 0.0 8.2 1.3 13.9 05:28 90 24 14.3 16.9 16:00 13.0 07:21 4.1 0.0 1.6 0.7 12.2 21:03 90 25 14.1 16.4 12:11 12.6 21:21 4.2 0.0 2.6 0.6 8.7 22:35 90 26 14.1 17.4 14:10 12.1 06:03 4.2 0.0 0.0 0.8 10.4 14:01 90 27 15.2 18.7 14:42 11.7 05:42 3.1 0.0 0.0 1.5 13.0 22:32 90 28 15.2 17.4 12:02 11.9 23:59 3.2 0.0 8.6 1.3 14.8 01:23 90 29 11.7 13.3 16:18 9.4 23:04 6.6 0.0 0.0 0.6 9.6 09:42 90 30 12.2 15.6 17:37 9.4 06:36 6.1 0.0 0.0 0.7 9.6 11:08 90 31 12.2 15.4 13:37 8.8 23:54 6.1 0.0 13.8 0.7 8.7 15:01 90 --------------------------------------------------------------------------------------- 13.7 23.1 22 6.2 13 142.4 0.3 175.8 1.4 24.3 16 90