NOAA-Style Climate Reports
Select a Year or Month report
2024: Jan Feb Mar Apr May Jun Jul Aug Sep Oct Nov Dec
2023: Jan Feb Mar Apr May Jun Jul Aug Sep Oct Nov Dec
2022: Jan Feb Mar Apr May Jun Jul Aug Sep Oct Nov Dec
2021: Jan Feb Mar Apr May Jun Jul Aug Sep Oct Nov Dec
2020: Jan Feb Mar Apr May Jun Jul Aug Sep Oct Nov Dec
2019: Jan Feb Mar Apr May Jun Jul Aug Sep Oct Nov Dec
2018: Jan Feb Mar Apr May Jun Jul Aug Sep Oct Nov Dec
2017: Jan Feb Mar Apr May Jun Jul Aug Sep Oct Nov Dec
2016: Jan Feb Mar Apr May Jun Jul Aug Sep Oct Nov Dec
2015: Jan Feb Mar Apr May Jun Jul Aug Sep Oct Nov Dec
2014: Jan Feb Mar Apr May Jun Jul Aug Sep Oct Nov Dec
2013: Jan Feb Mar Apr May Jun Jul Aug Sep Oct Nov Dec
2012: Jan Feb Mar Apr May Jun Jul Aug Sep Oct Nov Dec
2011: Jan Feb Mar Apr May Jun Jul Aug Sep Oct Nov Dec
2024: Jan Feb Mar Apr May Jun Jul Aug Sep Oct Nov Dec
2023: Jan Feb Mar Apr May Jun Jul Aug Sep Oct Nov Dec
2022: Jan Feb Mar Apr May Jun Jul Aug Sep Oct Nov Dec
2021: Jan Feb Mar Apr May Jun Jul Aug Sep Oct Nov Dec
2020: Jan Feb Mar Apr May Jun Jul Aug Sep Oct Nov Dec
2019: Jan Feb Mar Apr May Jun Jul Aug Sep Oct Nov Dec
2018: Jan Feb Mar Apr May Jun Jul Aug Sep Oct Nov Dec
2017: Jan Feb Mar Apr May Jun Jul Aug Sep Oct Nov Dec
2016: Jan Feb Mar Apr May Jun Jul Aug Sep Oct Nov Dec
2015: Jan Feb Mar Apr May Jun Jul Aug Sep Oct Nov Dec
2014: Jan Feb Mar Apr May Jun Jul Aug Sep Oct Nov Dec
2013: Jan Feb Mar Apr May Jun Jul Aug Sep Oct Nov Dec
2012: Jan Feb Mar Apr May Jun Jul Aug Sep Oct Nov Dec
2011: Jan Feb Mar Apr May Jun Jul Aug Sep Oct Nov Dec
Report for 2017 July
MONTHLY CLIMATOLOGICAL SUMMARY for Jul 2017 NAME: High Mosser Gate ELEV: 673 feet LAT: 54-36.48 N LONG: 003-22.02 W TEMPERATURE (C), RAIN (mm), WIND SPEED (knots) HEAT COOL AVG MEAN DEG DEG WIND DOM DAY TEMP HIGH TIME LOW TIME DAYS DAYS RAIN SPEED HIGH TIME DIR --------------------------------------------------------------------------------------- 01 12.3 16.4 13:02 10.6 07:48 6.0 0.0 3.8 1.0 11.3 11:07 90 02 12.2 14.9 18:47 9.8 05:52 6.1 0.0 0.2 1.5 12.2 12:32 90 03 13.1 15.6 16:11 10.9 21:47 5.3 0.0 0.2 1.7 13.0 11:14 90 04 12.4 14.8 12:18 9.8 04:10 6.0 0.0 19.0 0.3 10.4 11:34 90 05 14.1 17.2 17:49 11.6 05:32 4.2 0.0 0.4 0.3 6.1 10:13 90 06 15.9 19.9 14:12 12.4 04:38 2.5 0.0 0.2 0.6 6.1 13:21 90 07 14.0 16.1 07:32 8.7 22:47 4.3 0.0 1.8 0.5 9.6 12:55 90 08 12.9 16.4 17:05 8.2 05:22 5.5 0.0 0.0 1.2 8.7 09:10 90 09 15.0 18.9 13:47 12.9 00:00 3.3 0.0 0.0 1.0 12.2 12:02 90 10 13.2 16.4 15:36 10.1 22:36 5.1 0.0 5.0 1.0 11.3 15:16 90 11 13.0 18.1 17:51 10.2 00:47 5.3 0.0 1.8 0.4 6.1 21:36 90 12 13.7 18.3 17:20 7.3 05:34 4.6 0.0 0.0 0.9 9.6 14:48 90 13 14.7 18.9 13:47 10.8 04:53 3.6 0.0 6.4 1.3 12.2 11:15 90 14 12.5 15.4 15:30 10.8 02:30 5.8 0.0 3.6 2.1 13.9 07:41 90 15 15.1 18.2 17:21 11.4 00:02 3.2 0.0 5.4 1.8 12.2 12:16 90 16 14.0 16.8 16:47 10.3 23:57 4.3 0.0 0.2 1.5 12.2 10:17 90 17 14.6 19.5 17:15 9.6 05:43 3.7 0.0 0.0 1.0 9.6 12:39 90 18 19.4 25.1 13:11 10.7 03:23 0.0 1.0 0.0 2.0 13.9 18:11 90 19 18.3 22.8 13:16 13.9 05:10 0.0 0.0 6.4 2.3 16.5 01:53 90 20 12.7 15.9 00:00 10.9 05:55 5.6 0.0 2.4 1.4 11.3 12:12 90 21 14.7 18.8 17:27 10.7 01:51 3.7 0.0 2.6 4.8 20.0 16:44 90 22 14.2 16.2 20:06 10.9 22:46 4.1 0.0 9.0 0.7 12.2 01:13 90 23 14.1 18.3 12:57 10.8 05:40 4.2 0.0 4.2 0.9 12.2 20:33 90 24 16.1 20.7 16:40 11.0 05:39 2.2 0.0 0.0 0.5 10.4 13:41 90 25 13.9 17.4 19:00 10.5 04:19 4.4 0.0 0.0 0.1 7.0 11:41 90 26 14.7 16.9 16:58 10.9 23:52 3.7 0.0 15.2 1.7 15.6 09:38 90 27 12.6 16.4 17:19 10.1 04:32 5.7 0.0 7.4 1.1 13.0 01:14 90 28 13.5 16.6 17:26 11.4 03:57 4.8 0.0 2.0 1.1 13.9 09:41 90 29 14.0 17.5 15:38 12.3 03:51 4.4 0.0 0.8 1.3 13.9 22:12 90 30 13.7 16.8 13:39 10.7 05:56 4.6 0.0 4.0 1.0 14.8 16:23 90 31 13.4 16.8 13:53 10.9 03:30 5.0 0.0 10.6 1.0 11.3 08:17 90 --------------------------------------------------------------------------------------- 14.1 25.1 18 7.3 12 131.3 1.0 112.6 1.2 20.0 21 90