NOAA-Style Climate Reports
Select a Year or Month report
2024: Jan Feb Mar Apr May Jun Jul Aug Sep Oct Nov Dec
2023: Jan Feb Mar Apr May Jun Jul Aug Sep Oct Nov Dec
2022: Jan Feb Mar Apr May Jun Jul Aug Sep Oct Nov Dec
2021: Jan Feb Mar Apr May Jun Jul Aug Sep Oct Nov Dec
2020: Jan Feb Mar Apr May Jun Jul Aug Sep Oct Nov Dec
2019: Jan Feb Mar Apr May Jun Jul Aug Sep Oct Nov Dec
2018: Jan Feb Mar Apr May Jun Jul Aug Sep Oct Nov Dec
2017: Jan Feb Mar Apr May Jun Jul Aug Sep Oct Nov Dec
2016: Jan Feb Mar Apr May Jun Jul Aug Sep Oct Nov Dec
2015: Jan Feb Mar Apr May Jun Jul Aug Sep Oct Nov Dec
2014: Jan Feb Mar Apr May Jun Jul Aug Sep Oct Nov Dec
2013: Jan Feb Mar Apr May Jun Jul Aug Sep Oct Nov Dec
2012: Jan Feb Mar Apr May Jun Jul Aug Sep Oct Nov Dec
2011: Jan Feb Mar Apr May Jun Jul Aug Sep Oct Nov Dec
2024: Jan Feb Mar Apr May Jun Jul Aug Sep Oct Nov Dec
2023: Jan Feb Mar Apr May Jun Jul Aug Sep Oct Nov Dec
2022: Jan Feb Mar Apr May Jun Jul Aug Sep Oct Nov Dec
2021: Jan Feb Mar Apr May Jun Jul Aug Sep Oct Nov Dec
2020: Jan Feb Mar Apr May Jun Jul Aug Sep Oct Nov Dec
2019: Jan Feb Mar Apr May Jun Jul Aug Sep Oct Nov Dec
2018: Jan Feb Mar Apr May Jun Jul Aug Sep Oct Nov Dec
2017: Jan Feb Mar Apr May Jun Jul Aug Sep Oct Nov Dec
2016: Jan Feb Mar Apr May Jun Jul Aug Sep Oct Nov Dec
2015: Jan Feb Mar Apr May Jun Jul Aug Sep Oct Nov Dec
2014: Jan Feb Mar Apr May Jun Jul Aug Sep Oct Nov Dec
2013: Jan Feb Mar Apr May Jun Jul Aug Sep Oct Nov Dec
2012: Jan Feb Mar Apr May Jun Jul Aug Sep Oct Nov Dec
2011: Jan Feb Mar Apr May Jun Jul Aug Sep Oct Nov Dec
Report for 2017 May
MONTHLY CLIMATOLOGICAL SUMMARY for May 2017 NAME: High Mosser Gate ELEV: 673 feet LAT: 54-36.48 N LONG: 003-22.02 W TEMPERATURE (C), RAIN (mm), WIND SPEED (knots) HEAT COOL AVG MEAN DEG DEG WIND DOM DAY TEMP HIGH TIME LOW TIME DAYS DAYS RAIN SPEED HIGH TIME DIR --------------------------------------------------------------------------------------- 01 11.0 16.5 15:37 7.3 04:33 7.3 0.0 0.0 2.3 14.8 13:43 60 02 10.6 15.4 14:49 5.7 05:17 7.7 0.0 0.0 2.3 13.0 15:17 58 03 9.4 15.9 14:51 2.8 05:35 8.9 0.0 0.0 3.0 19.1 13:55 47 04 9.7 15.5 14:24 5.1 05:50 8.7 0.0 0.0 3.7 20.9 14:02 58 05 9.5 15.0 14:24 3.4 05:22 8.8 0.0 0.0 3.8 17.4 16:00 67 06 9.0 14.7 14:19 2.3 04:23 9.4 0.0 0.0 2.0 13.9 06:41 69 07 9.3 14.7 16:02 3.5 04:56 9.1 0.0 0.0 2.0 13.0 17:05 53 08 8.2 13.1 16:44 3.7 23:33 10.1 0.0 0.0 3.0 15.6 07:55 53 09 6.5 10.2 16:18 1.5 01:58 11.8 0.0 0.0 1.4 8.7 13:00 273 10 9.5 15.2 15:30 3.5 05:48 8.8 0.0 0.0 1.1 8.7 10:11 248 11 13.4 18.5 15:39 6.1 00:03 4.9 0.0 0.0 2.3 13.9 11:35 132 12 13.5 20.1 12:18 9.6 23:57 4.9 0.0 0.8 1.4 12.2 00:31 138 13 11.5 14.4 16:06 8.7 12:16 6.8 0.0 5.2 2.2 18.2 17:06 133 14 11.4 14.6 14:36 8.4 05:40 6.9 0.0 2.8 2.2 19.1 01:42 128 15 12.0 13.7 14:04 9.2 01:57 6.3 0.0 44.0 6.1 29.5 14:59 133 16 12.7 14.7 13:41 10.3 21:32 5.6 0.0 11.4 4.0 23.5 11:00 131 17 11.5 14.7 11:29 7.9 23:16 6.9 0.0 0.0 1.4 10.4 00:44 150 18 10.9 14.2 13:54 7.1 23:25 7.4 0.0 0.0 1.1 10.4 14:13 224 19 9.6 13.7 15:06 4.8 05:04 8.7 0.0 0.0 0.9 7.8 14:47 295 20 10.0 13.3 15:49 7.3 05:05 8.3 0.0 2.2 1.0 10.4 18:46 117 21 12.0 16.2 16:46 8.8 03:00 6.3 0.0 2.0 1.3 15.6 10:48 109 22 14.2 19.7 13:58 10.8 23:59 4.2 0.0 0.0 2.2 16.5 14:44 120 23 13.3 17.2 18:02 8.4 03:28 5.0 0.0 0.0 1.1 11.3 18:47 215 24 14.5 18.0 12:26 10.6 23:18 3.9 0.0 0.0 0.9 9.6 12:27 241 25 16.9 23.7 16:54 8.7 04:51 1.4 0.0 0.0 0.5 7.8 17:00 306 26 21.5 26.2 16:40 15.2 05:23 0.0 3.2 0.0 2.6 16.5 13:18 124 27 18.4 25.2 13:15 12.5 23:59 0.0 0.0 0.8 2.1 14.8 00:00 132 28 12.7 16.9 16:32 10.6 22:01 5.7 0.0 0.8 1.5 12.2 03:30 255 29 14.0 15.4 14:43 12.4 00:33 4.4 0.0 4.8 0.9 12.2 13:01 119 30 12.7 17.4 11:53 8.5 23:59 5.6 0.0 4.0 1.1 11.3 16:16 274 31 13.1 19.8 17:50 5.0 05:16 5.3 0.0 0.0 0.7 9.6 14:57 242 --------------------------------------------------------------------------------------- 12.0 26.2 26 1.5 09 199.0 3.3 78.8 2.0 29.5 15 104