NOAA-Style Climate Reports
Select a Year or Month report
2024: Jan Feb Mar Apr May Jun Jul Aug Sep Oct Nov Dec
2023: Jan Feb Mar Apr May Jun Jul Aug Sep Oct Nov Dec
2022: Jan Feb Mar Apr May Jun Jul Aug Sep Oct Nov Dec
2021: Jan Feb Mar Apr May Jun Jul Aug Sep Oct Nov Dec
2020: Jan Feb Mar Apr May Jun Jul Aug Sep Oct Nov Dec
2019: Jan Feb Mar Apr May Jun Jul Aug Sep Oct Nov Dec
2018: Jan Feb Mar Apr May Jun Jul Aug Sep Oct Nov Dec
2017: Jan Feb Mar Apr May Jun Jul Aug Sep Oct Nov Dec
2016: Jan Feb Mar Apr May Jun Jul Aug Sep Oct Nov Dec
2015: Jan Feb Mar Apr May Jun Jul Aug Sep Oct Nov Dec
2014: Jan Feb Mar Apr May Jun Jul Aug Sep Oct Nov Dec
2013: Jan Feb Mar Apr May Jun Jul Aug Sep Oct Nov Dec
2012: Jan Feb Mar Apr May Jun Jul Aug Sep Oct Nov Dec
2011: Jan Feb Mar Apr May Jun Jul Aug Sep Oct Nov Dec
2024: Jan Feb Mar Apr May Jun Jul Aug Sep Oct Nov Dec
2023: Jan Feb Mar Apr May Jun Jul Aug Sep Oct Nov Dec
2022: Jan Feb Mar Apr May Jun Jul Aug Sep Oct Nov Dec
2021: Jan Feb Mar Apr May Jun Jul Aug Sep Oct Nov Dec
2020: Jan Feb Mar Apr May Jun Jul Aug Sep Oct Nov Dec
2019: Jan Feb Mar Apr May Jun Jul Aug Sep Oct Nov Dec
2018: Jan Feb Mar Apr May Jun Jul Aug Sep Oct Nov Dec
2017: Jan Feb Mar Apr May Jun Jul Aug Sep Oct Nov Dec
2016: Jan Feb Mar Apr May Jun Jul Aug Sep Oct Nov Dec
2015: Jan Feb Mar Apr May Jun Jul Aug Sep Oct Nov Dec
2014: Jan Feb Mar Apr May Jun Jul Aug Sep Oct Nov Dec
2013: Jan Feb Mar Apr May Jun Jul Aug Sep Oct Nov Dec
2012: Jan Feb Mar Apr May Jun Jul Aug Sep Oct Nov Dec
2011: Jan Feb Mar Apr May Jun Jul Aug Sep Oct Nov Dec
Report for 2017 March
MONTHLY CLIMATOLOGICAL SUMMARY for Mar 2017 NAME: High Mosser Gate ELEV: 673 feet LAT: 54-36.48 N LONG: 003-22.02 W TEMPERATURE (C), RAIN (mm), WIND SPEED (knots) HEAT COOL AVG MEAN DEG DEG WIND DOM DAY TEMP HIGH TIME LOW TIME DAYS DAYS RAIN SPEED HIGH TIME DIR --------------------------------------------------------------------------------------- 01 3.2 5.8 10:37 0.9 02:55 15.2 0.0 4.4 1.2 12.2 14:00 203 02 3.8 5.6 14:30 1.6 07:00 14.6 0.0 14.0 2.8 21.7 22:00 215 03 5.6 7.7 13:10 4.2 19:56 12.8 0.0 18.4 3.0 16.5 17:50 112 04 6.3 9.3 14:31 3.9 20:49 12.0 0.0 4.0 1.1 14.8 00:01 112 05 5.4 7.8 14:33 3.5 19:23 12.9 0.0 1.2 1.2 10.4 07:59 120 06 5.3 8.2 15:46 3.4 06:45 13.1 0.0 1.0 1.1 10.4 15:01 257 07 5.1 6.9 13:19 2.0 06:17 13.3 0.0 4.0 3.4 26.9 19:00 138 08 7.7 10.6 15:15 5.3 06:34 10.6 0.0 4.6 2.2 20.0 00:54 184 09 6.8 8.6 15:30 5.1 18:30 11.5 0.0 0.6 3.2 18.2 06:00 246 10 8.5 10.3 20:23 5.0 03:32 9.9 0.0 0.4 2.1 16.5 11:30 137 11 8.8 9.6 12:37 8.2 04:17 9.6 0.0 1.2 1.7 13.0 01:41 135 12 7.4 9.2 00:00 4.3 23:19 10.9 0.0 2.2 1.3 12.2 08:40 218 13 7.5 10.4 15:15 4.0 03:00 10.8 0.0 0.4 2.6 12.2 09:48 206 14 9.1 11.4 14:24 6.1 23:45 9.3 0.0 0.4 3.7 20.9 12:53 231 15 7.7 11.2 11:16 5.1 04:59 10.6 0.0 0.0 2.3 18.2 23:20 162 16 6.7 9.8 11:31 3.8 23:33 11.7 0.0 5.2 3.9 16.5 03:52 225 17 6.3 8.9 21:00 3.9 00:01 12.1 0.0 27.2 5.5 23.5 21:03 230 18 8.6 9.4 13:39 7.7 17:15 9.8 0.0 14.6 3.6 16.5 00:00 245 19 8.2 9.3 11:32 5.2 21:41 10.1 0.0 22.8 2.8 17.4 01:31 220 20 6.3 8.6 03:38 2.5 19:40 12.1 0.0 4.4 3.8 19.1 22:32 230 21 3.4 6.2 15:46 1.2 22:58 14.9 0.0 0.2 5.2 23.5 07:02 240 22 2.8 4.6 15:22 0.7 05:56 15.5 0.0 11.8 3.3 15.6 03:56 59 23 4.8 8.5 14:12 2.1 01:27 13.5 0.0 2.6 3.0 15.6 10:15 59 24 6.6 11.8 14:35 1.4 03:00 11.7 0.0 0.0 1.2 7.8 03:46 110 25 8.3 13.8 14:45 3.1 06:11 10.1 0.0 0.0 0.9 6.1 13:04 55 26 9.3 15.4 16:29 6.5 07:10 9.1 0.0 0.0 1.1 10.4 21:07 106 27 8.5 13.2 12:38 4.5 06:50 9.8 0.0 0.0 1.3 9.6 14:30 206 28 8.0 12.0 17:41 3.8 06:17 10.3 0.0 2.2 1.1 17.4 20:23 140 29 9.8 11.8 15:39 7.9 00:39 8.5 0.0 5.8 3.9 20.9 15:00 136 30 11.0 12.3 21:02 9.9 07:04 7.3 0.0 26.6 4.7 26.9 14:00 135 31 10.6 12.2 03:00 9.0 22:47 7.8 0.0 4.2 4.9 26.9 09:00 135 --------------------------------------------------------------------------------------- 7.0 15.4 26 0.7 22 351.1 0.0 184.4 2.7 26.9 07 180