NOAA-Style Climate Reports
Select a Year or Month report
2024: Jan Feb Mar Apr May Jun Jul Aug Sep Oct Nov Dec
2023: Jan Feb Mar Apr May Jun Jul Aug Sep Oct Nov Dec
2022: Jan Feb Mar Apr May Jun Jul Aug Sep Oct Nov Dec
2021: Jan Feb Mar Apr May Jun Jul Aug Sep Oct Nov Dec
2020: Jan Feb Mar Apr May Jun Jul Aug Sep Oct Nov Dec
2019: Jan Feb Mar Apr May Jun Jul Aug Sep Oct Nov Dec
2018: Jan Feb Mar Apr May Jun Jul Aug Sep Oct Nov Dec
2017: Jan Feb Mar Apr May Jun Jul Aug Sep Oct Nov Dec
2016: Jan Feb Mar Apr May Jun Jul Aug Sep Oct Nov Dec
2015: Jan Feb Mar Apr May Jun Jul Aug Sep Oct Nov Dec
2014: Jan Feb Mar Apr May Jun Jul Aug Sep Oct Nov Dec
2013: Jan Feb Mar Apr May Jun Jul Aug Sep Oct Nov Dec
2012: Jan Feb Mar Apr May Jun Jul Aug Sep Oct Nov Dec
2011: Jan Feb Mar Apr May Jun Jul Aug Sep Oct Nov Dec
2024: Jan Feb Mar Apr May Jun Jul Aug Sep Oct Nov Dec
2023: Jan Feb Mar Apr May Jun Jul Aug Sep Oct Nov Dec
2022: Jan Feb Mar Apr May Jun Jul Aug Sep Oct Nov Dec
2021: Jan Feb Mar Apr May Jun Jul Aug Sep Oct Nov Dec
2020: Jan Feb Mar Apr May Jun Jul Aug Sep Oct Nov Dec
2019: Jan Feb Mar Apr May Jun Jul Aug Sep Oct Nov Dec
2018: Jan Feb Mar Apr May Jun Jul Aug Sep Oct Nov Dec
2017: Jan Feb Mar Apr May Jun Jul Aug Sep Oct Nov Dec
2016: Jan Feb Mar Apr May Jun Jul Aug Sep Oct Nov Dec
2015: Jan Feb Mar Apr May Jun Jul Aug Sep Oct Nov Dec
2014: Jan Feb Mar Apr May Jun Jul Aug Sep Oct Nov Dec
2013: Jan Feb Mar Apr May Jun Jul Aug Sep Oct Nov Dec
2012: Jan Feb Mar Apr May Jun Jul Aug Sep Oct Nov Dec
2011: Jan Feb Mar Apr May Jun Jul Aug Sep Oct Nov Dec
Report for 2017 January
MONTHLY CLIMATOLOGICAL SUMMARY for Jan 2017 NAME: High Mosser Gate ELEV: 673 feet LAT: 54-36.48 N LONG: 003-22.02 W TEMPERATURE (C), RAIN (mm), WIND SPEED (knots) HEAT COOL AVG MEAN DEG DEG WIND DOM DAY TEMP HIGH TIME LOW TIME DAYS DAYS RAIN SPEED HIGH TIME DIR --------------------------------------------------------------------------------------- 01 2.3 5.3 00:00 0.4 09:20 16.1 0.0 2.0 2.8 13.0 04:48 43 02 0.8 3.7 23:56 -2.2 04:52 17.5 0.0 0.2 0.3 6.1 22:59 168 03 5.5 6.7 23:59 3.6 00:03 12.9 0.0 0.8 4.2 16.5 12:15 278 04 2.7 6.7 00:00 -0.7 23:51 15.6 0.0 0.0 1.8 13.9 04:58 351 05 1.3 5.8 23:52 -1.8 09:12 17.0 0.0 0.0 2.0 16.5 22:54 141 06 7.4 9.1 22:02 5.2 03:43 10.9 0.0 7.0 4.2 22.6 12:40 137 07 8.2 8.9 00:13 7.3 23:55 10.1 0.0 3.6 0.2 7.8 22:32 261 08 7.7 8.3 23:26 7.1 00:16 10.6 0.0 1.6 1.0 18.2 23:58 143 09 6.3 8.5 01:52 4.6 18:09 12.1 0.0 13.4 4.9 23.5 23:34 216 10 6.4 7.9 23:52 4.7 01:30 11.9 0.0 4.8 3.9 23.5 00:00 263 11 5.1 9.2 01:37 2.4 17:38 13.2 0.0 5.0 9.0 32.2 09:40 287 12 2.0 4.0 00:27 0.1 23:46 16.3 0.0 1.2 4.9 20.9 00:25 276 13 1.7 3.3 10:52 0.0 00:01 16.6 0.0 0.8 6.3 28.7 05:00 309 14 3.3 4.8 22:30 2.0 18:49 15.0 0.0 2.4 2.1 13.9 02:00 299 15 7.3 8.5 14:06 4.3 00:48 11.0 0.0 9.4 1.8 14.8 05:29 285 16 7.3 7.9 00:08 4.9 22:09 11.0 0.0 1.2 0.0 4.3 00:49 90 17 7.8 9.2 13:34 6.2 00:04 10.6 0.0 2.0 0.1 7.0 05:48 143 18 7.1 7.3 01:27 5.9 16:04 11.2 0.0 0.8 0.0 6.1 08:38 90 19 5.5 7.7 15:00 4.9 23:21 12.8 0.0 2.4 0.1 5.2 09:41 261 20 3.6 5.4 14:33 1.6 23:45 14.7 0.0 0.0 0.3 7.0 06:09 128 21 2.2 5.7 12:33 0.2 17:30 16.2 0.0 0.0 0.1 5.2 19:51 135 22 2.2 3.4 14:02 1.0 09:01 16.1 0.0 0.2 0.7 7.8 08:07 135 23 4.2 6.9 14:24 1.1 06:21 14.1 0.0 0.0 1.3 14.8 20:57 135 24 7.2 8.3 20:41 5.5 00:30 11.2 0.0 3.2 4.6 21.7 21:11 135 25 6.3 8.7 11:50 2.6 23:59 12.1 0.0 0.4 3.7 20.9 01:30 129 26 0.8 4.9 23:53 -2.2 22:54 17.5 0.0 0.0 0.9 14.8 23:53 115 27 5.1 7.9 12:39 2.9 06:46 13.2 0.0 0.0 5.4 20.0 11:29 126 28 3.6 5.1 01:37 1.7 23:59 14.7 0.0 12.0 0.9 13.9 14:09 232 29 3.6 6.1 12:58 1.6 00:03 14.8 0.0 1.8 0.8 9.6 16:50 134 30 4.9 8.4 23:40 1.4 07:35 13.4 0.0 0.0 1.6 15.6 23:40 124 31 8.4 9.9 05:16 6.8 21:14 10.0 0.0 8.0 5.9 24.3 05:49 129 --------------------------------------------------------------------------------------- 4.7 9.9 31 -2.2 02 420.5 0.0 84.2 2.5 32.2 11 204