NOAA-Style Climate Reports
Select a Year or Month report
2024: Jan Feb Mar Apr May Jun Jul Aug Sep Oct Nov Dec
2023: Jan Feb Mar Apr May Jun Jul Aug Sep Oct Nov Dec
2022: Jan Feb Mar Apr May Jun Jul Aug Sep Oct Nov Dec
2021: Jan Feb Mar Apr May Jun Jul Aug Sep Oct Nov Dec
2020: Jan Feb Mar Apr May Jun Jul Aug Sep Oct Nov Dec
2019: Jan Feb Mar Apr May Jun Jul Aug Sep Oct Nov Dec
2018: Jan Feb Mar Apr May Jun Jul Aug Sep Oct Nov Dec
2017: Jan Feb Mar Apr May Jun Jul Aug Sep Oct Nov Dec
2016: Jan Feb Mar Apr May Jun Jul Aug Sep Oct Nov Dec
2015: Jan Feb Mar Apr May Jun Jul Aug Sep Oct Nov Dec
2014: Jan Feb Mar Apr May Jun Jul Aug Sep Oct Nov Dec
2013: Jan Feb Mar Apr May Jun Jul Aug Sep Oct Nov Dec
2012: Jan Feb Mar Apr May Jun Jul Aug Sep Oct Nov Dec
2011: Jan Feb Mar Apr May Jun Jul Aug Sep Oct Nov Dec
2024: Jan Feb Mar Apr May Jun Jul Aug Sep Oct Nov Dec
2023: Jan Feb Mar Apr May Jun Jul Aug Sep Oct Nov Dec
2022: Jan Feb Mar Apr May Jun Jul Aug Sep Oct Nov Dec
2021: Jan Feb Mar Apr May Jun Jul Aug Sep Oct Nov Dec
2020: Jan Feb Mar Apr May Jun Jul Aug Sep Oct Nov Dec
2019: Jan Feb Mar Apr May Jun Jul Aug Sep Oct Nov Dec
2018: Jan Feb Mar Apr May Jun Jul Aug Sep Oct Nov Dec
2017: Jan Feb Mar Apr May Jun Jul Aug Sep Oct Nov Dec
2016: Jan Feb Mar Apr May Jun Jul Aug Sep Oct Nov Dec
2015: Jan Feb Mar Apr May Jun Jul Aug Sep Oct Nov Dec
2014: Jan Feb Mar Apr May Jun Jul Aug Sep Oct Nov Dec
2013: Jan Feb Mar Apr May Jun Jul Aug Sep Oct Nov Dec
2012: Jan Feb Mar Apr May Jun Jul Aug Sep Oct Nov Dec
2011: Jan Feb Mar Apr May Jun Jul Aug Sep Oct Nov Dec
Report for 2016 November
MONTHLY CLIMATOLOGICAL SUMMARY for Nov 2016 NAME: High Mosser Gate ELEV: 673 feet LAT: 54-36.48 N LONG: 003-22.02 W TEMPERATURE (C), RAIN (mm), WIND SPEED (knots) HEAT COOL AVG MEAN DEG DEG WIND DOM DAY TEMP HIGH TIME LOW TIME DAYS DAYS RAIN SPEED HIGH TIME DIR --------------------------------------------------------------------------------------- 01 6.2 9.3 01:43 1.6 21:30 12.1 0.0 0.0 0.7 10.4 06:07 31 02 4.7 8.9 14:19 1.5 06:28 13.6 0.0 0.2 0.2 6.1 00:30 302 03 7.5 8.7 20:49 5.5 00:00 10.8 0.0 8.8 0.9 10.4 20:44 213 04 5.3 8.1 00:00 2.5 20:45 13.0 0.0 13.2 0.7 13.0 04:26 278 05 3.1 5.7 14:34 0.6 20:58 15.2 0.0 0.2 2.9 17.4 12:00 29 06 3.3 5.6 13:30 0.8 02:54 15.0 0.0 0.4 2.6 16.5 14:48 37 07 2.7 5.8 14:11 0.4 06:41 15.6 0.0 0.2 0.5 8.7 15:18 17 08 2.4 4.9 12:04 -0.7 03:09 16.0 0.0 16.4 1.9 18.2 23:21 120 09 2.7 4.9 22:31 1.1 19:04 15.6 0.0 9.0 0.4 15.6 00:30 149 10 5.0 7.2 13:07 1.4 21:28 13.3 0.0 4.4 2.4 19.1 05:34 299 11 5.4 7.8 23:37 0.7 02:30 13.0 0.0 5.8 3.3 22.6 23:09 136 12 8.1 9.9 10:52 4.4 23:54 10.2 0.0 5.0 2.0 23.5 00:08 168 13 8.4 10.3 22:40 3.9 01:41 9.9 0.0 3.4 1.0 10.4 22:10 163 14 11.7 12.6 15:34 9.4 01:11 6.7 0.0 3.6 1.2 10.4 11:44 167 15 8.3 10.1 12:47 6.8 18:35 10.0 0.0 0.0 0.4 9.6 14:06 239 16 7.4 9.1 06:06 4.9 23:59 10.9 0.0 12.6 4.4 17.4 08:30 253 17 4.4 6.2 11:06 1.7 22:36 13.9 0.0 11.0 2.3 17.4 08:15 234 18 1.9 3.5 14:59 0.4 03:33 16.4 0.0 19.6 0.8 12.2 00:34 278 19 2.1 3.7 13:31 1.0 00:36 16.3 0.0 9.2 0.2 9.6 14:02 164 20 -0.3 1.9 00:00 -1.7 07:03 18.6 0.0 0.0 0.2 6.1 03:48 73 21 1.4 3.4 15:04 -1.7 01:10 17.0 0.0 7.0 3.2 20.0 15:27 48 22 3.0 3.9 15:03 2.1 00:27 15.4 0.0 9.6 2.6 18.2 00:34 40 23 2.7 6.1 14:02 0.7 08:36 15.7 0.0 0.0 0.3 7.8 13:09 131 24 2.1 5.3 12:17 -0.1 21:43 16.3 0.0 0.0 0.3 5.2 05:30 134 25 1.6 5.1 13:04 -0.6 21:55 16.7 0.0 0.0 0.0 2.6 00:54 169 26 5.0 10.3 19:48 -1.2 00:23 13.3 0.0 0.0 0.3 9.6 22:27 131 27 5.2 6.7 03:27 2.3 23:59 13.2 0.0 0.0 0.5 7.0 11:59 78 28 3.6 6.4 11:33 1.1 19:51 14.8 0.0 0.0 0.7 8.7 11:10 130 29 4.6 6.2 22:47 2.7 06:39 13.8 0.0 0.0 1.5 14.8 01:30 141 30 7.1 8.0 11:10 5.8 00:02 11.2 0.0 0.0 1.3 9.6 11:20 253 --------------------------------------------------------------------------------------- 4.3 12.6 14 -1.7 21 413.5 0.0 139.6 1.3 23.5 12 89