NOAA-Style Climate Reports
Select a Year or Month report
2024: Jan Feb Mar Apr May Jun Jul Aug Sep Oct Nov Dec
2023: Jan Feb Mar Apr May Jun Jul Aug Sep Oct Nov Dec
2022: Jan Feb Mar Apr May Jun Jul Aug Sep Oct Nov Dec
2021: Jan Feb Mar Apr May Jun Jul Aug Sep Oct Nov Dec
2020: Jan Feb Mar Apr May Jun Jul Aug Sep Oct Nov Dec
2019: Jan Feb Mar Apr May Jun Jul Aug Sep Oct Nov Dec
2018: Jan Feb Mar Apr May Jun Jul Aug Sep Oct Nov Dec
2017: Jan Feb Mar Apr May Jun Jul Aug Sep Oct Nov Dec
2016: Jan Feb Mar Apr May Jun Jul Aug Sep Oct Nov Dec
2015: Jan Feb Mar Apr May Jun Jul Aug Sep Oct Nov Dec
2014: Jan Feb Mar Apr May Jun Jul Aug Sep Oct Nov Dec
2013: Jan Feb Mar Apr May Jun Jul Aug Sep Oct Nov Dec
2012: Jan Feb Mar Apr May Jun Jul Aug Sep Oct Nov Dec
2011: Jan Feb Mar Apr May Jun Jul Aug Sep Oct Nov Dec
2024: Jan Feb Mar Apr May Jun Jul Aug Sep Oct Nov Dec
2023: Jan Feb Mar Apr May Jun Jul Aug Sep Oct Nov Dec
2022: Jan Feb Mar Apr May Jun Jul Aug Sep Oct Nov Dec
2021: Jan Feb Mar Apr May Jun Jul Aug Sep Oct Nov Dec
2020: Jan Feb Mar Apr May Jun Jul Aug Sep Oct Nov Dec
2019: Jan Feb Mar Apr May Jun Jul Aug Sep Oct Nov Dec
2018: Jan Feb Mar Apr May Jun Jul Aug Sep Oct Nov Dec
2017: Jan Feb Mar Apr May Jun Jul Aug Sep Oct Nov Dec
2016: Jan Feb Mar Apr May Jun Jul Aug Sep Oct Nov Dec
2015: Jan Feb Mar Apr May Jun Jul Aug Sep Oct Nov Dec
2014: Jan Feb Mar Apr May Jun Jul Aug Sep Oct Nov Dec
2013: Jan Feb Mar Apr May Jun Jul Aug Sep Oct Nov Dec
2012: Jan Feb Mar Apr May Jun Jul Aug Sep Oct Nov Dec
2011: Jan Feb Mar Apr May Jun Jul Aug Sep Oct Nov Dec
Report for 2016 October
MONTHLY CLIMATOLOGICAL SUMMARY for Oct 2016 NAME: High Mosser Gate ELEV: 673 feet LAT: 54-36.48 N LONG: 003-22.02 W TEMPERATURE (C), RAIN (mm), WIND SPEED (knots) HEAT COOL AVG MEAN DEG DEG WIND DOM DAY TEMP HIGH TIME LOW TIME DAYS DAYS RAIN SPEED HIGH TIME DIR --------------------------------------------------------------------------------------- 01 9.3 14.0 11:45 5.3 23:56 9.0 0.0 0.4 0.7 8.7 01:09 109 02 8.5 14.7 16:26 4.3 06:11 9.8 0.0 0.2 0.3 7.0 16:37 123 03 11.3 14.8 13:35 7.2 01:27 7.1 0.0 0.0 3.2 14.8 19:03 130 04 13.6 16.4 14:26 10.7 00:47 4.7 0.0 0.0 3.8 16.5 01:25 114 05 12.1 15.7 14:00 6.1 21:30 6.2 0.0 0.0 2.3 20.9 01:00 107 06 10.3 13.7 15:30 6.7 06:30 8.0 0.0 0.0 2.1 14.8 17:00 89 07 11.3 13.6 13:00 9.6 00:30 7.0 0.0 0.0 1.3 12.2 14:00 92 08 11.0 13.9 15:30 7.7 20:00 7.3 0.0 0.0 0.4 7.0 03:00 91 09 9.4 13.5 15:30 6.2 20:30 9.0 0.0 0.0 0.1 7.0 05:30 32 10 7.8 11.1 16:30 4.1 08:30 10.5 0.0 0.0 0.4 8.7 19:00 52 11 9.0 13.3 14:30 5.4 05:00 9.4 0.0 0.0 0.9 13.0 22:30 87 12 8.9 11.3 16:30 5.7 23:30 9.4 0.0 0.2 1.6 17.4 21:00 89 13 8.6 11.2 15:00 5.6 00:30 9.7 0.0 0.0 1.4 14.8 15:30 87 14 15 16 17 18 19 20 21 9.5 11.9 13:41 6.5 23:27 8.8 0.0 0.2 0.1 3.5 22:37 285 22 7.4 11.4 13:12 4.4 22:01 10.9 0.0 0.0 0.3 8.7 17:47 86 23 6.9 9.4 12:57 3.6 23:45 11.5 0.0 0.0 1.0 13.0 12:55 78 24 6.0 10.2 14:31 2.3 03:28 12.3 0.0 0.2 0.5 7.8 12:44 81 25 8.9 13.5 14:36 4.7 08:14 9.5 0.0 0.0 1.1 13.0 00:00 142 26 11.1 11.9 13:00 9.7 07:01 7.2 0.0 0.4 0.9 14.8 01:15 201 27 11.9 12.8 12:42 10.9 01:36 6.5 0.0 2.8 1.8 14.8 22:10 214 28 10.4 12.5 00:28 8.2 06:48 7.9 0.0 0.4 1.0 16.5 02:30 252 29 11.9 13.1 12:34 10.4 22:58 6.5 0.0 1.6 0.0 5.2 10:30 225 30 10.7 12.8 12:19 9.0 23:15 7.7 0.0 0.0 0.3 7.8 01:05 135 31 9.1 12.3 10:34 6.2 05:48 9.2 0.0 0.0 0.1 5.2 13:31 295 --------------------------------------------------------------------------------------- 9.8 16.4 04 2.3 24 204.9 0.0 6.4 1.1 23.5 17 113