NOAA-Style Climate Reports
Select a Year or Month report
2024: Jan Feb Mar Apr May Jun Jul Aug Sep Oct Nov Dec
2023: Jan Feb Mar Apr May Jun Jul Aug Sep Oct Nov Dec
2022: Jan Feb Mar Apr May Jun Jul Aug Sep Oct Nov Dec
2021: Jan Feb Mar Apr May Jun Jul Aug Sep Oct Nov Dec
2020: Jan Feb Mar Apr May Jun Jul Aug Sep Oct Nov Dec
2019: Jan Feb Mar Apr May Jun Jul Aug Sep Oct Nov Dec
2018: Jan Feb Mar Apr May Jun Jul Aug Sep Oct Nov Dec
2017: Jan Feb Mar Apr May Jun Jul Aug Sep Oct Nov Dec
2016: Jan Feb Mar Apr May Jun Jul Aug Sep Oct Nov Dec
2015: Jan Feb Mar Apr May Jun Jul Aug Sep Oct Nov Dec
2014: Jan Feb Mar Apr May Jun Jul Aug Sep Oct Nov Dec
2013: Jan Feb Mar Apr May Jun Jul Aug Sep Oct Nov Dec
2012: Jan Feb Mar Apr May Jun Jul Aug Sep Oct Nov Dec
2011: Jan Feb Mar Apr May Jun Jul Aug Sep Oct Nov Dec
2024: Jan Feb Mar Apr May Jun Jul Aug Sep Oct Nov Dec
2023: Jan Feb Mar Apr May Jun Jul Aug Sep Oct Nov Dec
2022: Jan Feb Mar Apr May Jun Jul Aug Sep Oct Nov Dec
2021: Jan Feb Mar Apr May Jun Jul Aug Sep Oct Nov Dec
2020: Jan Feb Mar Apr May Jun Jul Aug Sep Oct Nov Dec
2019: Jan Feb Mar Apr May Jun Jul Aug Sep Oct Nov Dec
2018: Jan Feb Mar Apr May Jun Jul Aug Sep Oct Nov Dec
2017: Jan Feb Mar Apr May Jun Jul Aug Sep Oct Nov Dec
2016: Jan Feb Mar Apr May Jun Jul Aug Sep Oct Nov Dec
2015: Jan Feb Mar Apr May Jun Jul Aug Sep Oct Nov Dec
2014: Jan Feb Mar Apr May Jun Jul Aug Sep Oct Nov Dec
2013: Jan Feb Mar Apr May Jun Jul Aug Sep Oct Nov Dec
2012: Jan Feb Mar Apr May Jun Jul Aug Sep Oct Nov Dec
2011: Jan Feb Mar Apr May Jun Jul Aug Sep Oct Nov Dec
Report for 2016 September
MONTHLY CLIMATOLOGICAL SUMMARY for Sep 2016 NAME: High Mosser Gate ELEV: 673 feet LAT: 54-36.48 N LONG: 003-22.02 W TEMPERATURE (C), RAIN (mm), WIND SPEED (knots) HEAT COOL AVG MEAN DEG DEG WIND DOM DAY TEMP HIGH TIME LOW TIME DAYS DAYS RAIN SPEED HIGH TIME DIR --------------------------------------------------------------------------------------- 01 13.3 16.4 12:11 10.1 06:17 5.1 0.0 7.0 1.0 14.8 19:54 98 02 14.3 16.4 12:01 12.8 23:33 4.1 0.0 2.2 1.1 11.3 00:00 234 03 13.4 14.8 23:53 12.1 03:45 5.0 0.0 5.2 0.8 16.5 15:49 128 04 14.2 17.4 14:52 12.1 07:49 4.1 0.0 0.6 0.4 7.0 01:47 306 05 16.3 20.1 12:54 13.1 04:31 2.0 0.0 1.2 1.1 15.6 10:30 131 06 17.8 20.3 12:21 16.1 07:02 0.5 0.0 0.0 1.4 13.9 00:04 120 07 18.9 22.4 14:29 16.4 00:52 0.0 0.5 0.4 0.7 9.6 05:47 132 08 15.7 19.8 01:35 12.2 10:03 2.7 0.0 15.4 2.4 26.9 23:00 123 09 14.8 16.1 16:12 12.5 23:59 3.5 0.0 39.6 3.6 26.9 18:00 122 10 12.5 12.6 23:57 12.2 23:05 5.8 0.0 0.4 0.9 7.0 00:00 219 11 13.8 17.0 16:59 10.2 02:58 4.6 0.0 0.0 2.8 20.0 22:00 134 12 17.4 20.1 16:05 14.2 00:34 0.9 0.0 1.6 5.4 24.3 05:00 135 13 18.3 19.9 14:11 16.5 11:03 0.1 0.0 2.2 1.6 12.2 02:30 135 14 19.0 20.2 20:59 18.1 00:00 0.0 0.7 0.0 0.0 4.3 20:49 90 15 17.7 21.6 14:52 14.0 23:48 0.7 0.0 0.0 0.4 7.0 12:19 283 16 13.2 15.8 15:15 9.6 23:58 5.1 0.0 1.8 2.1 14.8 16:30 305 17 11.6 15.9 15:19 8.2 07:08 6.7 0.0 0.0 0.4 6.1 10:25 318 18 13.1 16.3 15:52 9.7 06:58 5.3 0.0 1.6 0.7 10.4 10:13 125 19 11.9 16.2 18:50 8.0 23:56 6.4 0.0 0.2 0.6 7.8 04:32 320 20 11.5 16.9 16:45 7.4 22:06 6.9 0.0 0.0 0.2 7.0 14:19 267 21 13.4 17.1 12:25 7.8 00:16 5.0 0.0 7.2 1.7 20.0 18:05 133 22 12.2 14.6 14:50 10.2 07:14 6.2 0.0 8.0 0.9 11.3 14:01 156 23 12.6 15.5 15:26 9.2 06:52 5.8 0.0 0.0 1.8 19.1 23:59 110 24 15.5 17.4 14:13 13.4 00:11 2.8 0.0 7.0 6.9 30.4 08:00 134 25 11.9 14.6 00:32 8.8 16:56 6.4 0.0 18.6 1.3 16.5 03:12 127 26 10.6 12.8 17:10 8.8 03:44 7.7 0.0 4.0 0.8 10.4 09:35 132 27 13.7 15.2 10:41 11.3 00:01 4.7 0.0 4.8 2.8 24.3 08:00 143 28 14.2 16.2 16:42 12.1 02:30 4.1 0.0 32.2 2.4 20.9 19:30 125 29 11.7 14.8 00:00 9.6 23:27 6.6 0.0 1.6 3.8 23.5 11:00 244 30 10.1 13.8 12:33 8.1 23:55 8.2 0.0 7.2 0.8 12.2 10:54 229 --------------------------------------------------------------------------------------- 14.0 22.4 07 7.4 20 126.8 1.2 170.0 1.8 30.4 24 138