NOAA-Style Climate Reports
Select a Year or Month report
2024: Jan Feb Mar Apr May Jun Jul Aug Sep Oct Nov Dec
2023: Jan Feb Mar Apr May Jun Jul Aug Sep Oct Nov Dec
2022: Jan Feb Mar Apr May Jun Jul Aug Sep Oct Nov Dec
2021: Jan Feb Mar Apr May Jun Jul Aug Sep Oct Nov Dec
2020: Jan Feb Mar Apr May Jun Jul Aug Sep Oct Nov Dec
2019: Jan Feb Mar Apr May Jun Jul Aug Sep Oct Nov Dec
2018: Jan Feb Mar Apr May Jun Jul Aug Sep Oct Nov Dec
2017: Jan Feb Mar Apr May Jun Jul Aug Sep Oct Nov Dec
2016: Jan Feb Mar Apr May Jun Jul Aug Sep Oct Nov Dec
2015: Jan Feb Mar Apr May Jun Jul Aug Sep Oct Nov Dec
2014: Jan Feb Mar Apr May Jun Jul Aug Sep Oct Nov Dec
2013: Jan Feb Mar Apr May Jun Jul Aug Sep Oct Nov Dec
2012: Jan Feb Mar Apr May Jun Jul Aug Sep Oct Nov Dec
2011: Jan Feb Mar Apr May Jun Jul Aug Sep Oct Nov Dec
2024: Jan Feb Mar Apr May Jun Jul Aug Sep Oct Nov Dec
2023: Jan Feb Mar Apr May Jun Jul Aug Sep Oct Nov Dec
2022: Jan Feb Mar Apr May Jun Jul Aug Sep Oct Nov Dec
2021: Jan Feb Mar Apr May Jun Jul Aug Sep Oct Nov Dec
2020: Jan Feb Mar Apr May Jun Jul Aug Sep Oct Nov Dec
2019: Jan Feb Mar Apr May Jun Jul Aug Sep Oct Nov Dec
2018: Jan Feb Mar Apr May Jun Jul Aug Sep Oct Nov Dec
2017: Jan Feb Mar Apr May Jun Jul Aug Sep Oct Nov Dec
2016: Jan Feb Mar Apr May Jun Jul Aug Sep Oct Nov Dec
2015: Jan Feb Mar Apr May Jun Jul Aug Sep Oct Nov Dec
2014: Jan Feb Mar Apr May Jun Jul Aug Sep Oct Nov Dec
2013: Jan Feb Mar Apr May Jun Jul Aug Sep Oct Nov Dec
2012: Jan Feb Mar Apr May Jun Jul Aug Sep Oct Nov Dec
2011: Jan Feb Mar Apr May Jun Jul Aug Sep Oct Nov Dec
Report for 2016 July
MONTHLY CLIMATOLOGICAL SUMMARY for Jul 2016 NAME: High Mosser Gate ELEV: 673 feet LAT: 54-36.48 N LONG: 003-22.02 W TEMPERATURE (C), RAIN (mm), WIND SPEED (knots) HEAT COOL AVG MEAN DEG DEG WIND DOM DAY TEMP HIGH TIME LOW TIME DAYS DAYS RAIN SPEED HIGH TIME DIR --------------------------------------------------------------------------------------- 01 11.1 15.4 13:12 7.5 22:56 7.2 0.0 7.0 2.0 17.4 00:18 264 02 10.5 13.9 15:02 7.6 00:58 7.8 0.0 8.2 2.8 20.9 13:38 264 03 12.0 14.8 13:58 9.2 00:56 6.3 0.0 0.0 2.2 14.8 16:10 271 04 13.0 17.2 11:54 9.7 04:45 5.3 0.0 9.8 0.8 12.2 19:00 120 05 12.2 15.8 13:34 7.5 23:52 6.1 0.0 0.2 2.8 15.6 17:00 298 06 12.2 16.6 15:23 6.4 02:30 6.1 0.0 1.0 1.2 20.9 20:47 114 07 14.5 18.1 16:59 12.3 07:03 3.9 0.0 9.4 1.3 11.3 00:19 125 08 14.2 17.0 16:21 12.4 08:29 4.1 0.0 8.0 2.5 14.8 14:17 249 09 14.6 16.7 13:32 13.4 00:00 3.8 0.0 11.4 2.7 20.9 15:00 116 10 14.1 17.1 15:22 12.8 05:21 4.3 0.0 3.0 2.3 16.5 21:00 97 11 13.2 15.0 14:39 9.6 23:34 5.1 0.0 9.2 2.0 15.6 18:00 284 12 12.0 15.0 12:30 8.6 05:11 6.4 0.0 0.0 1.3 11.3 13:10 290 13 11.7 14.8 16:12 7.8 03:13 6.6 0.0 0.4 2.0 13.9 18:38 278 14 12.7 16.8 14:02 7.4 02:55 5.7 0.0 0.0 1.1 9.6 10:57 284 15 14.7 19.6 17:45 11.2 00:00 3.6 0.0 6.2 2.0 13.9 13:00 122 16 13.9 16.4 18:22 12.6 07:26 4.4 0.0 2.2 1.8 13.0 05:38 275 17 14.8 18.6 19:19 11.6 02:30 3.6 0.0 0.0 1.1 13.0 12:38 214 18 19.0 22.2 15:52 16.3 00:02 0.0 0.6 0.0 0.6 11.3 13:12 142 19 23.4 29.2 16:39 16.4 00:25 0.0 5.0 0.0 1.4 10.4 12:34 128 20 19.4 26.1 00:13 13.6 23:57 0.0 1.0 36.2 1.2 14.8 00:52 142 21 16.1 20.7 14:44 11.6 04:04 2.2 0.0 0.0 0.8 11.3 17:03 123 22 16.4 20.1 14:03 13.1 23:57 1.9 0.0 0.0 1.1 11.3 05:56 134 23 15.7 19.2 15:56 12.8 00:22 2.7 0.0 0.0 0.5 9.6 15:30 130 24 15.6 19.4 14:38 14.1 23:57 2.7 0.0 2.2 0.3 8.7 07:35 125 25 13.6 16.6 16:51 12.1 22:22 4.7 0.0 1.2 0.9 14.8 15:35 252 26 14.5 17.4 16:03 12.2 05:21 3.8 0.0 9.4 0.4 9.6 19:29 109 27 14.1 16.6 14:06 12.0 22:18 4.2 0.0 9.6 2.0 12.2 16:03 300 28 14.2 17.2 16:33 11.6 03:09 4.1 0.0 7.6 0.7 9.6 13:03 134 29 15.4 19.5 16:59 10.1 23:56 2.9 0.0 0.2 1.1 9.6 13:36 311 30 12.6 15.8 18:08 9.1 03:34 5.7 0.0 0.0 1.5 12.2 15:22 280 31 12.6 16.3 15:23 8.1 01:29 5.8 0.0 0.0 1.3 12.2 15:00 288 --------------------------------------------------------------------------------------- 14.3 29.2 19 6.4 06 131.1 6.7 142.4 1.5 20.9 02 252