NOAA-Style Climate Reports
Select a Year or Month report
2024: Jan Feb Mar Apr May Jun Jul Aug Sep Oct Nov Dec
2023: Jan Feb Mar Apr May Jun Jul Aug Sep Oct Nov Dec
2022: Jan Feb Mar Apr May Jun Jul Aug Sep Oct Nov Dec
2021: Jan Feb Mar Apr May Jun Jul Aug Sep Oct Nov Dec
2020: Jan Feb Mar Apr May Jun Jul Aug Sep Oct Nov Dec
2019: Jan Feb Mar Apr May Jun Jul Aug Sep Oct Nov Dec
2018: Jan Feb Mar Apr May Jun Jul Aug Sep Oct Nov Dec
2017: Jan Feb Mar Apr May Jun Jul Aug Sep Oct Nov Dec
2016: Jan Feb Mar Apr May Jun Jul Aug Sep Oct Nov Dec
2015: Jan Feb Mar Apr May Jun Jul Aug Sep Oct Nov Dec
2014: Jan Feb Mar Apr May Jun Jul Aug Sep Oct Nov Dec
2013: Jan Feb Mar Apr May Jun Jul Aug Sep Oct Nov Dec
2012: Jan Feb Mar Apr May Jun Jul Aug Sep Oct Nov Dec
2011: Jan Feb Mar Apr May Jun Jul Aug Sep Oct Nov Dec
2024: Jan Feb Mar Apr May Jun Jul Aug Sep Oct Nov Dec
2023: Jan Feb Mar Apr May Jun Jul Aug Sep Oct Nov Dec
2022: Jan Feb Mar Apr May Jun Jul Aug Sep Oct Nov Dec
2021: Jan Feb Mar Apr May Jun Jul Aug Sep Oct Nov Dec
2020: Jan Feb Mar Apr May Jun Jul Aug Sep Oct Nov Dec
2019: Jan Feb Mar Apr May Jun Jul Aug Sep Oct Nov Dec
2018: Jan Feb Mar Apr May Jun Jul Aug Sep Oct Nov Dec
2017: Jan Feb Mar Apr May Jun Jul Aug Sep Oct Nov Dec
2016: Jan Feb Mar Apr May Jun Jul Aug Sep Oct Nov Dec
2015: Jan Feb Mar Apr May Jun Jul Aug Sep Oct Nov Dec
2014: Jan Feb Mar Apr May Jun Jul Aug Sep Oct Nov Dec
2013: Jan Feb Mar Apr May Jun Jul Aug Sep Oct Nov Dec
2012: Jan Feb Mar Apr May Jun Jul Aug Sep Oct Nov Dec
2011: Jan Feb Mar Apr May Jun Jul Aug Sep Oct Nov Dec
Report for 2016 June
MONTHLY CLIMATOLOGICAL SUMMARY for Jun 2016 NAME: High Mosser Gate ELEV: 673 feet LAT: 54-36.48 N LONG: 003-22.02 W TEMPERATURE (C), RAIN (mm), WIND SPEED (knots) HEAT COOL AVG MEAN DEG DEG WIND DOM DAY TEMP HIGH TIME LOW TIME DAYS DAYS RAIN SPEED HIGH TIME DIR --------------------------------------------------------------------------------------- 01 12.0 15.6 18:22 9.1 23:56 6.3 0.0 0.0 2.4 13.0 13:27 51 02 11.3 17.4 17:29 4.7 03:32 7.0 0.0 0.0 1.8 13.0 00:00 44 03 13.1 18.9 15:55 7.1 04:50 5.3 0.0 0.0 1.0 11.3 15:00 313 04 17.2 22.6 16:02 10.8 04:20 1.1 0.0 0.0 0.9 9.6 15:33 70 05 18.1 22.9 19:17 12.2 05:02 0.2 0.0 0.0 0.7 7.0 12:30 316 06 19.1 23.7 19:39 13.9 05:46 0.0 0.8 0.0 0.8 7.8 12:19 318 07 18.3 21.8 10:51 13.8 23:52 0.0 0.0 0.0 0.9 7.8 11:01 289 08 17.4 21.9 17:15 13.1 01:24 0.9 0.0 0.0 0.9 11.3 14:36 308 09 17.0 21.3 15:17 13.3 03:05 1.4 0.0 0.0 0.6 8.7 18:38 298 10 16.2 21.5 15:05 12.4 02:30 2.1 0.0 0.0 0.6 10.4 15:12 285 11 14.5 16.2 16:46 12.9 06:08 3.8 0.0 18.8 0.0 1.7 16:30 90 12 15.1 19.4 14:25 12.3 03:55 3.2 0.0 9.2 0.4 8.7 17:20 314 13 13.9 15.4 16:19 12.1 23:54 4.4 0.0 13.6 0.0 2.6 17:01 90 14 14.6 18.0 14:09 11.2 04:19 3.8 0.0 0.8 1.1 9.6 12:11 11 15 13.6 19.5 18:15 8.4 04:46 4.7 0.0 0.2 0.5 8.7 18:43 337 16 13.4 16.9 16:19 10.3 03:48 4.9 0.0 0.2 1.2 9.6 18:27 43 17 11.9 14.7 13:48 10.1 04:18 6.4 0.0 0.0 0.7 9.6 16:45 314 18 12.3 16.6 17:14 8.7 04:46 6.1 0.0 0.0 0.9 9.6 15:04 279 19 13.8 16.3 13:42 10.0 00:00 4.6 0.0 19.6 2.6 21.7 19:26 129 20 14.1 16.4 15:28 12.7 06:31 4.2 0.0 1.2 2.4 11.3 03:10 270 21 13.1 15.1 19:30 12.7 23:30 5.2 0.0 0.0 2.6 18.2 00:00 112 22 14.7 18.3 13:30 12.4 04:00 3.6 0.0 0.6 1.7 13.0 02:00 116 23 15.7 19.6 14:52 11.4 05:35 2.7 0.0 0.0 1.5 12.2 13:35 147 24 13.9 16.8 15:30 9.1 23:51 4.4 0.0 1.4 0.8 12.2 15:30 228 25 12.6 17.3 17:04 7.3 03:05 5.7 0.0 2.2 1.0 9.6 12:58 288 26 12.7 15.8 12:03 10.9 04:25 5.6 0.0 4.8 0.9 10.4 21:20 282 27 12.4 14.4 13:47 10.3 06:59 5.9 0.0 0.4 3.6 14.8 15:30 284 28 9.7 11.2 21:00 8.9 21:52 8.6 0.0 0.0 0.2 4.3 22:55 135 29 10.9 13.2 17:16 9.6 01:29 7.4 0.0 16.0 1.0 9.6 19:29 285 30 11.9 15.3 11:11 9.2 01:52 6.4 0.0 11.8 1.0 12.2 23:54 118 --------------------------------------------------------------------------------------- 14.4 23.7 06 4.7 02 126.1 0.8 100.8 1.1 21.7 19 347