NOAA-Style Climate Reports
Select a Year or Month report
2024: Jan Feb Mar Apr May Jun Jul Aug Sep Oct Nov Dec
2023: Jan Feb Mar Apr May Jun Jul Aug Sep Oct Nov Dec
2022: Jan Feb Mar Apr May Jun Jul Aug Sep Oct Nov Dec
2021: Jan Feb Mar Apr May Jun Jul Aug Sep Oct Nov Dec
2020: Jan Feb Mar Apr May Jun Jul Aug Sep Oct Nov Dec
2019: Jan Feb Mar Apr May Jun Jul Aug Sep Oct Nov Dec
2018: Jan Feb Mar Apr May Jun Jul Aug Sep Oct Nov Dec
2017: Jan Feb Mar Apr May Jun Jul Aug Sep Oct Nov Dec
2016: Jan Feb Mar Apr May Jun Jul Aug Sep Oct Nov Dec
2015: Jan Feb Mar Apr May Jun Jul Aug Sep Oct Nov Dec
2014: Jan Feb Mar Apr May Jun Jul Aug Sep Oct Nov Dec
2013: Jan Feb Mar Apr May Jun Jul Aug Sep Oct Nov Dec
2012: Jan Feb Mar Apr May Jun Jul Aug Sep Oct Nov Dec
2011: Jan Feb Mar Apr May Jun Jul Aug Sep Oct Nov Dec
2024: Jan Feb Mar Apr May Jun Jul Aug Sep Oct Nov Dec
2023: Jan Feb Mar Apr May Jun Jul Aug Sep Oct Nov Dec
2022: Jan Feb Mar Apr May Jun Jul Aug Sep Oct Nov Dec
2021: Jan Feb Mar Apr May Jun Jul Aug Sep Oct Nov Dec
2020: Jan Feb Mar Apr May Jun Jul Aug Sep Oct Nov Dec
2019: Jan Feb Mar Apr May Jun Jul Aug Sep Oct Nov Dec
2018: Jan Feb Mar Apr May Jun Jul Aug Sep Oct Nov Dec
2017: Jan Feb Mar Apr May Jun Jul Aug Sep Oct Nov Dec
2016: Jan Feb Mar Apr May Jun Jul Aug Sep Oct Nov Dec
2015: Jan Feb Mar Apr May Jun Jul Aug Sep Oct Nov Dec
2014: Jan Feb Mar Apr May Jun Jul Aug Sep Oct Nov Dec
2013: Jan Feb Mar Apr May Jun Jul Aug Sep Oct Nov Dec
2012: Jan Feb Mar Apr May Jun Jul Aug Sep Oct Nov Dec
2011: Jan Feb Mar Apr May Jun Jul Aug Sep Oct Nov Dec
Report for 2016 May
MONTHLY CLIMATOLOGICAL SUMMARY for May 2016 NAME: High Mosser Gate ELEV: 673 feet LAT: 54-36.48 N LONG: 003-22.02 W TEMPERATURE (C), RAIN (mm), WIND SPEED (knots) HEAT COOL AVG MEAN DEG DEG WIND DOM DAY TEMP HIGH TIME LOW TIME DAYS DAYS RAIN SPEED HIGH TIME DIR --------------------------------------------------------------------------------------- 01 8.3 10.2 21:35 5.9 00:06 10.1 0.0 12.8 5.6 25.2 10:51 140 02 8.6 11.1 14:14 5.5 21:29 9.7 0.0 12.6 5.4 26.9 06:00 210 03 7.5 10.4 16:41 5.6 01:37 10.8 0.0 0.0 3.9 18.2 12:48 247 04 9.1 12.7 16:10 6.8 04:41 9.2 0.0 0.0 3.9 20.9 13:30 145 05 9.7 13.6 15:04 7.7 23:44 8.6 0.0 0.6 2.2 20.9 02:00 151 06 11.6 16.2 15:21 6.5 05:02 6.7 0.0 0.0 1.3 9.6 16:28 344 07 13.5 18.8 17:06 8.5 05:55 4.8 0.0 0.0 2.2 13.9 09:13 67 08 18.0 23.9 14:40 11.6 01:03 0.3 0.0 0.2 3.3 15.6 12:00 124 09 19.4 24.0 14:05 12.1 23:16 0.0 1.0 0.0 3.9 19.1 10:24 85 10 15.4 21.4 12:54 9.9 02:30 3.0 0.0 0.0 2.4 21.7 13:29 73 11 15.1 19.4 16:12 11.0 23:06 3.2 0.0 0.0 2.6 15.6 12:02 51 12 14.5 20.3 14:59 9.9 23:33 3.8 0.0 0.0 2.7 15.6 10:53 52 13 8.4 12.4 11:38 3.7 23:40 9.9 0.0 0.0 2.9 13.9 12:22 52 14 6.8 10.8 17:57 0.9 04:43 11.6 0.0 0.0 1.9 13.9 13:00 341 15 8.8 12.3 16:28 4.7 04:49 9.5 0.0 0.0 1.4 9.6 14:04 293 16 8.0 11.9 16:51 3.4 04:53 10.3 0.0 0.0 1.3 10.4 16:08 289 17 10.5 15.3 14:33 5.8 00:20 7.9 0.0 3.0 2.0 18.2 23:56 135 18 10.8 13.7 13:56 8.6 07:23 7.5 0.0 6.8 2.0 20.0 02:00 184 19 10.5 13.9 10:30 8.3 04:22 7.8 0.0 3.8 2.0 21.7 15:30 133 20 10.9 14.6 13:13 9.0 03:07 7.5 0.0 10.0 2.4 20.0 22:00 170 21 11.5 14.3 14:20 9.4 23:41 6.8 0.0 7.4 2.9 21.7 08:57 129 22 11.4 15.3 18:16 7.4 23:32 7.0 0.0 0.0 1.1 9.6 12:45 250 23 10.6 14.8 20:09 5.4 03:21 7.7 0.0 0.2 1.5 10.4 13:24 295 24 11.8 17.0 13:22 6.9 04:08 6.6 0.0 0.0 1.7 13.0 16:30 49 25 8.0 11.3 16:35 4.8 04:40 10.3 0.0 1.2 2.0 13.9 11:55 49 26 9.1 10.7 12:20 6.9 00:00 9.3 0.0 2.2 1.0 11.3 10:03 47 27 12.1 15.5 15:52 7.4 01:59 6.2 0.0 0.0 0.7 8.7 23:53 294 28 13.0 17.4 17:13 7.4 05:07 5.3 0.0 0.0 1.1 8.7 00:00 356 29 14.0 18.6 17:30 9.0 04:27 4.3 0.0 0.0 1.3 11.3 16:30 332 30 12.9 17.8 16:20 8.3 05:04 5.4 0.0 0.0 1.4 11.3 15:21 44 31 13.1 19.3 15:30 7.4 04:41 5.2 0.0 0.0 2.2 16.5 15:57 45 --------------------------------------------------------------------------------------- 11.4 24.0 09 0.9 14 216.3 1.0 60.8 2.3 26.9 02 101