NOAA-Style Climate Reports
Select a Year or Month report
2024: Jan Feb Mar Apr May Jun Jul Aug Sep Oct Nov Dec
2023: Jan Feb Mar Apr May Jun Jul Aug Sep Oct Nov Dec
2022: Jan Feb Mar Apr May Jun Jul Aug Sep Oct Nov Dec
2021: Jan Feb Mar Apr May Jun Jul Aug Sep Oct Nov Dec
2020: Jan Feb Mar Apr May Jun Jul Aug Sep Oct Nov Dec
2019: Jan Feb Mar Apr May Jun Jul Aug Sep Oct Nov Dec
2018: Jan Feb Mar Apr May Jun Jul Aug Sep Oct Nov Dec
2017: Jan Feb Mar Apr May Jun Jul Aug Sep Oct Nov Dec
2016: Jan Feb Mar Apr May Jun Jul Aug Sep Oct Nov Dec
2015: Jan Feb Mar Apr May Jun Jul Aug Sep Oct Nov Dec
2014: Jan Feb Mar Apr May Jun Jul Aug Sep Oct Nov Dec
2013: Jan Feb Mar Apr May Jun Jul Aug Sep Oct Nov Dec
2012: Jan Feb Mar Apr May Jun Jul Aug Sep Oct Nov Dec
2011: Jan Feb Mar Apr May Jun Jul Aug Sep Oct Nov Dec
2024: Jan Feb Mar Apr May Jun Jul Aug Sep Oct Nov Dec
2023: Jan Feb Mar Apr May Jun Jul Aug Sep Oct Nov Dec
2022: Jan Feb Mar Apr May Jun Jul Aug Sep Oct Nov Dec
2021: Jan Feb Mar Apr May Jun Jul Aug Sep Oct Nov Dec
2020: Jan Feb Mar Apr May Jun Jul Aug Sep Oct Nov Dec
2019: Jan Feb Mar Apr May Jun Jul Aug Sep Oct Nov Dec
2018: Jan Feb Mar Apr May Jun Jul Aug Sep Oct Nov Dec
2017: Jan Feb Mar Apr May Jun Jul Aug Sep Oct Nov Dec
2016: Jan Feb Mar Apr May Jun Jul Aug Sep Oct Nov Dec
2015: Jan Feb Mar Apr May Jun Jul Aug Sep Oct Nov Dec
2014: Jan Feb Mar Apr May Jun Jul Aug Sep Oct Nov Dec
2013: Jan Feb Mar Apr May Jun Jul Aug Sep Oct Nov Dec
2012: Jan Feb Mar Apr May Jun Jul Aug Sep Oct Nov Dec
2011: Jan Feb Mar Apr May Jun Jul Aug Sep Oct Nov Dec
Report for 2016 April
MONTHLY CLIMATOLOGICAL SUMMARY for Apr 2016 NAME: High Mosser Gate ELEV: 673 feet LAT: 54-36.48 N LONG: 003-22.02 W TEMPERATURE (C), RAIN (mm), WIND SPEED (knots) HEAT COOL AVG MEAN DEG DEG WIND DOM DAY TEMP HIGH TIME LOW TIME DAYS DAYS RAIN SPEED HIGH TIME DIR --------------------------------------------------------------------------------------- 01 5.9 7.2 23:58 4.0 00:01 12.4 0.0 49.6 9.2 33.9 18:30 143 02 7.2 8.3 14:53 6.2 06:53 11.1 0.0 13.0 1.0 19.1 00:30 142 03 8.4 11.9 14:26 5.5 07:14 9.9 0.0 1.2 3.0 13.0 04:36 132 04 7.7 9.9 10:16 6.1 19:00 10.6 0.0 5.2 2.0 20.0 12:04 142 05 6.9 9.6 17:32 5.8 21:24 11.5 0.0 5.8 3.4 16.5 15:43 277 06 5.4 6.9 01:51 3.9 23:33 13.0 0.0 8.2 5.7 23.5 13:27 263 07 6.8 10.2 18:44 4.2 00:00 11.5 0.0 1.6 3.8 16.5 04:00 292 08 6.3 9.7 14:07 3.5 03:31 12.0 0.0 2.2 2.1 16.5 20:21 164 09 4.2 7.8 12:14 1.6 06:58 14.1 0.0 10.2 1.5 13.9 00:00 256 10 5.8 11.2 16:50 0.0 06:17 12.6 0.0 0.0 2.5 15.6 20:21 97 11 8.0 13.5 15:38 4.2 00:00 10.4 0.0 0.0 5.1 24.3 18:44 62 12 6.8 8.8 12:52 5.7 03:55 11.5 0.0 14.4 1.2 13.9 00:37 49 13 6.9 8.9 16:37 5.1 23:58 11.5 0.0 3.8 1.5 9.6 17:44 48 14 6.8 9.8 16:58 5.0 00:47 11.5 0.0 0.0 2.0 9.6 10:25 73 15 5.2 8.2 16:05 1.2 23:59 13.2 0.0 1.0 2.3 15.6 18:58 47 16 3.3 7.2 17:48 -0.5 03:08 15.1 0.0 0.0 2.9 13.9 09:56 5 17 4.6 7.6 15:11 -0.3 03:32 13.7 0.0 0.0 2.3 13.0 16:44 250 18 7.0 9.5 15:52 4.6 22:47 11.3 0.0 2.0 4.9 16.5 05:40 265 19 6.7 10.7 14:57 2.1 05:39 11.7 0.0 0.0 1.3 10.4 14:30 294 20 9.0 13.7 13:17 3.2 05:18 9.4 0.0 0.0 1.5 10.4 11:57 247 21 11.1 16.8 16:28 5.1 05:21 7.2 0.0 0.0 2.4 13.9 20:43 64 22 7.5 11.3 15:35 3.4 06:10 10.9 0.0 0.0 3.0 14.8 13:03 60 23 3.6 7.2 12:30 0.4 04:25 14.7 0.0 0.0 1.5 13.0 12:30 357 24 5.6 9.7 17:41 1.6 01:59 12.7 0.0 0.0 1.6 12.2 18:45 304 25 5.6 8.7 10:56 2.0 22:21 12.7 0.0 0.4 4.9 20.0 15:05 352 26 3.3 7.4 15:20 0.2 05:47 15.1 0.0 0.2 4.5 27.8 13:30 16 27 2.8 6.7 13:45 -0.8 03:47 15.6 0.0 0.4 2.2 16.5 18:00 314 28 2.7 5.7 07:57 0.6 04:49 15.6 0.0 5.8 2.3 18.2 13:44 191 29 3.5 6.2 14:33 0.4 06:07 14.8 0.0 3.2 5.9 20.9 11:21 308 30 5.3 9.4 17:40 1.8 03:55 13.0 0.0 0.2 2.3 14.8 13:11 262 --------------------------------------------------------------------------------------- 6.0 16.8 21 -0.8 27 370.1 0.0 128.4 3.0 33.9 01 339