NOAA-Style Climate Reports
Select a Year or Month report
2024: Jan Feb Mar Apr May Jun Jul Aug Sep Oct Nov Dec
2023: Jan Feb Mar Apr May Jun Jul Aug Sep Oct Nov Dec
2022: Jan Feb Mar Apr May Jun Jul Aug Sep Oct Nov Dec
2021: Jan Feb Mar Apr May Jun Jul Aug Sep Oct Nov Dec
2020: Jan Feb Mar Apr May Jun Jul Aug Sep Oct Nov Dec
2019: Jan Feb Mar Apr May Jun Jul Aug Sep Oct Nov Dec
2018: Jan Feb Mar Apr May Jun Jul Aug Sep Oct Nov Dec
2017: Jan Feb Mar Apr May Jun Jul Aug Sep Oct Nov Dec
2016: Jan Feb Mar Apr May Jun Jul Aug Sep Oct Nov Dec
2015: Jan Feb Mar Apr May Jun Jul Aug Sep Oct Nov Dec
2014: Jan Feb Mar Apr May Jun Jul Aug Sep Oct Nov Dec
2013: Jan Feb Mar Apr May Jun Jul Aug Sep Oct Nov Dec
2012: Jan Feb Mar Apr May Jun Jul Aug Sep Oct Nov Dec
2011: Jan Feb Mar Apr May Jun Jul Aug Sep Oct Nov Dec
2024: Jan Feb Mar Apr May Jun Jul Aug Sep Oct Nov Dec
2023: Jan Feb Mar Apr May Jun Jul Aug Sep Oct Nov Dec
2022: Jan Feb Mar Apr May Jun Jul Aug Sep Oct Nov Dec
2021: Jan Feb Mar Apr May Jun Jul Aug Sep Oct Nov Dec
2020: Jan Feb Mar Apr May Jun Jul Aug Sep Oct Nov Dec
2019: Jan Feb Mar Apr May Jun Jul Aug Sep Oct Nov Dec
2018: Jan Feb Mar Apr May Jun Jul Aug Sep Oct Nov Dec
2017: Jan Feb Mar Apr May Jun Jul Aug Sep Oct Nov Dec
2016: Jan Feb Mar Apr May Jun Jul Aug Sep Oct Nov Dec
2015: Jan Feb Mar Apr May Jun Jul Aug Sep Oct Nov Dec
2014: Jan Feb Mar Apr May Jun Jul Aug Sep Oct Nov Dec
2013: Jan Feb Mar Apr May Jun Jul Aug Sep Oct Nov Dec
2012: Jan Feb Mar Apr May Jun Jul Aug Sep Oct Nov Dec
2011: Jan Feb Mar Apr May Jun Jul Aug Sep Oct Nov Dec
Report for 2016 February
MONTHLY CLIMATOLOGICAL SUMMARY for Feb 2016 NAME: High Mosser Gate ELEV: 673 feet LAT: 54-36.48 N LONG: 003-22.02 W TEMPERATURE (C), RAIN (mm), WIND SPEED (knots) HEAT COOL AVG MEAN DEG DEG WIND DOM DAY TEMP HIGH TIME LOW TIME DAYS DAYS RAIN SPEED HIGH TIME DIR --------------------------------------------------------------------------------------- 01 7.9 9.7 00:06 5.1 19:46 10.5 0.0 7.2 5.4 31.3 08:00 180 02 4.5 5.5 15:36 2.5 23:53 13.9 0.0 1.0 8.0 32.2 07:07 267 03 3.8 5.3 13:30 2.0 01:57 14.5 0.0 2.2 3.8 19.1 01:44 286 04 7.2 8.7 19:43 3.6 00:21 11.2 0.0 8.8 2.4 15.6 02:00 254 05 6.7 8.2 11:48 2.7 23:54 11.6 0.0 24.8 3.6 26.1 11:00 134 06 5.2 8.0 16:41 2.7 00:00 13.1 0.0 12.2 5.2 37.4 18:00 135 07 4.5 6.5 20:48 2.8 18:53 13.9 0.0 18.8 3.6 28.7 18:30 125 08 5.0 5.9 14:36 4.1 13:35 13.4 0.0 18.6 4.6 20.9 22:17 256 09 3.7 5.1 12:34 3.0 07:19 14.6 0.0 10.2 2.8 20.9 04:00 248 10 3.1 5.2 13:06 1.1 07:55 15.3 0.0 0.0 1.6 10.4 10:18 290 11 2.8 5.7 13:00 1.6 03:22 15.6 0.0 0.0 0.4 5.2 21:04 145 12 3.7 6.7 13:49 1.4 06:07 14.6 0.0 0.2 2.7 16.5 21:03 112 13 2.3 4.0 14:07 0.4 07:33 16.0 0.0 0.0 2.6 13.9 03:32 81 14 0.6 2.9 14:14 -1.3 08:25 17.7 0.0 0.2 2.5 13.0 14:11 49 15 -0.2 3.0 15:14 -3.2 07:24 18.5 0.0 0.0 1.3 9.6 04:30 77 16 3.6 5.4 11:49 0.9 00:00 14.8 0.0 83.6 11.0 35.6 12:30 144 17 3.1 5.5 05:02 0.4 23:39 15.3 0.0 38.8 4.4 37.4 04:30 152 18 2.2 5.4 12:20 -0.1 04:48 16.1 0.0 1.8 1.1 13.0 14:05 175 19 5.0 7.4 18:45 2.1 01:13 13.3 0.0 19.4 3.8 26.9 12:40 151 20 5.4 6.3 16:35 4.8 04:55 13.0 0.0 7.4 4.5 20.9 01:16 248 21 5.6 7.1 14:49 3.3 23:59 12.7 0.0 22.4 3.0 21.7 19:30 264 22 3.5 5.2 15:19 1.4 23:49 14.9 0.0 0.2 3.2 20.0 00:09 278 23 1.5 4.7 16:14 -1.4 07:10 16.9 0.0 0.2 0.9 9.6 13:44 313 24 1.2 3.7 13:02 -1.1 00:56 17.2 0.0 0.2 0.2 5.2 15:05 344 25 0.8 3.6 14:06 -2.6 04:52 17.6 0.0 0.2 0.7 8.7 23:20 145 26 2.1 5.4 13:28 -1.1 23:17 16.2 0.0 0.2 1.9 12.2 07:00 135 27 2.0 4.9 11:00 -1.1 00:27 16.3 0.0 0.0 0.9 9.6 07:00 87 28 2.1 6.8 14:17 -1.3 05:05 16.2 0.0 0.0 1.2 8.7 13:31 98 29 3.6 5.8 23:47 1.5 00:00 14.7 0.0 2.0 6.5 33.9 22:30 142 --------------------------------------------------------------------------------------- 3.5 9.7 01 -3.2 15 429.5 0.0 280.6 3.2 37.4 06 172