NOAA-Style Climate Reports
Select a Year or Month report
2024: Jan Feb Mar Apr May Jun Jul Aug Sep Oct Nov Dec
2023: Jan Feb Mar Apr May Jun Jul Aug Sep Oct Nov Dec
2022: Jan Feb Mar Apr May Jun Jul Aug Sep Oct Nov Dec
2021: Jan Feb Mar Apr May Jun Jul Aug Sep Oct Nov Dec
2020: Jan Feb Mar Apr May Jun Jul Aug Sep Oct Nov Dec
2019: Jan Feb Mar Apr May Jun Jul Aug Sep Oct Nov Dec
2018: Jan Feb Mar Apr May Jun Jul Aug Sep Oct Nov Dec
2017: Jan Feb Mar Apr May Jun Jul Aug Sep Oct Nov Dec
2016: Jan Feb Mar Apr May Jun Jul Aug Sep Oct Nov Dec
2015: Jan Feb Mar Apr May Jun Jul Aug Sep Oct Nov Dec
2014: Jan Feb Mar Apr May Jun Jul Aug Sep Oct Nov Dec
2013: Jan Feb Mar Apr May Jun Jul Aug Sep Oct Nov Dec
2012: Jan Feb Mar Apr May Jun Jul Aug Sep Oct Nov Dec
2011: Jan Feb Mar Apr May Jun Jul Aug Sep Oct Nov Dec
2024: Jan Feb Mar Apr May Jun Jul Aug Sep Oct Nov Dec
2023: Jan Feb Mar Apr May Jun Jul Aug Sep Oct Nov Dec
2022: Jan Feb Mar Apr May Jun Jul Aug Sep Oct Nov Dec
2021: Jan Feb Mar Apr May Jun Jul Aug Sep Oct Nov Dec
2020: Jan Feb Mar Apr May Jun Jul Aug Sep Oct Nov Dec
2019: Jan Feb Mar Apr May Jun Jul Aug Sep Oct Nov Dec
2018: Jan Feb Mar Apr May Jun Jul Aug Sep Oct Nov Dec
2017: Jan Feb Mar Apr May Jun Jul Aug Sep Oct Nov Dec
2016: Jan Feb Mar Apr May Jun Jul Aug Sep Oct Nov Dec
2015: Jan Feb Mar Apr May Jun Jul Aug Sep Oct Nov Dec
2014: Jan Feb Mar Apr May Jun Jul Aug Sep Oct Nov Dec
2013: Jan Feb Mar Apr May Jun Jul Aug Sep Oct Nov Dec
2012: Jan Feb Mar Apr May Jun Jul Aug Sep Oct Nov Dec
2011: Jan Feb Mar Apr May Jun Jul Aug Sep Oct Nov Dec
Report for 2015 December
MONTHLY CLIMATOLOGICAL SUMMARY for Dec 2015 NAME: High Mosser Gate ELEV: 673 feet LAT: 54-36.48 N LONG: 003-22.02 W TEMPERATURE (C), RAIN (mm), WIND SPEED (knots) HEAT COOL AVG MEAN DEG DEG WIND DOM DAY TEMP HIGH TIME LOW TIME DAYS DAYS RAIN SPEED HIGH TIME DIR --------------------------------------------------------------------------------------- 01 8.9 11.3 17:00 3.1 00:55 9.4 0.0 11.2 3.5 26.9 22:00 130 02 8.5 10.8 11:10 3.4 21:14 9.9 0.0 18.0 3.7 30.4 04:30 132 03 5.9 11.3 15:36 2.7 21:25 12.5 0.0 41.4 2.6 27.8 16:59 129 04 8.1 10.3 19:01 4.0 00:00 10.2 0.0 16.4 4.3 37.4 19:00 133 05 9.7 10.7 22:46 9.3 00:36 8.6 0.0 96.4 6.3 27.8 10:02 119 06 6.7 10.9 05:31 3.5 19:37 11.7 0.0 6.4 3.3 26.9 04:02 152 07 11.0 13.3 18:22 5.4 00:14 7.4 0.0 8.4 7.4 30.4 23:00 136 08 8.4 12.4 00:31 4.3 23:46 9.9 0.0 14.8 5.8 32.2 03:30 148 09 8.2 9.9 20:10 4.1 00:39 10.1 0.0 33.2 5.4 32.2 17:30 133 10 5.8 8.2 00:19 2.4 22:54 12.5 0.0 7.6 2.6 21.7 04:16 206 11 4.9 6.0 17:06 3.4 02:30 13.4 0.0 1.2 5.0 24.3 11:44 261 12 2.8 5.5 07:07 0.9 11:26 15.5 0.0 11.0 2.1 16.5 12:28 66 13 3.0 8.4 23:59 -0.1 07:58 15.4 0.0 1.4 0.7 12.2 23:14 137 14 7.6 9.3 02:30 6.6 17:31 10.7 0.0 0.0 2.7 12.2 01:09 134 15 9.0 11.7 23:37 6.8 02:53 9.4 0.0 0.6 5.4 21.7 20:29 128 16 11.2 12.7 23:41 10.2 15:23 7.2 0.0 4.8 3.7 24.3 00:00 143 17 11.4 12.9 03:45 9.8 23:13 6.9 0.0 13.4 5.9 31.3 08:00 131 18 10.7 12.1 23:51 9.8 04:17 7.6 0.0 13.6 5.4 29.5 15:45 132 19 12.2 14.1 04:17 10.2 23:58 6.1 0.0 47.6 8.4 32.2 04:15 136 20 8.7 10.3 00:10 6.7 09:34 9.7 0.0 33.0 3.1 22.6 09:30 119 21 7.2 9.1 23:53 5.4 04:46 11.1 0.0 33.0 4.6 33.0 12:00 163 22 8.7 11.1 05:26 6.8 17:29 9.6 0.0 27.2 4.9 40.8 03:30 131 23 7.1 10.1 23:36 5.4 05:19 11.3 0.0 42.6 7.4 42.6 23:30 150 24 6.1 9.4 00:05 4.0 17:26 12.3 0.0 46.8 6.6 40.0 01:30 154 25 5.2 10.1 23:47 3.3 15:39 13.2 0.0 5.4 1.2 14.8 00:51 106 26 9.0 10.8 16:31 5.1 23:27 9.3 0.0 34.0 2.0 20.0 18:53 190 27 6.8 12.2 23:58 3.6 06:29 11.5 0.0 0.6 3.1 21.7 21:36 150 28 12.4 15.0 07:51 10.2 21:02 5.9 0.0 8.4 9.1 38.2 08:26 134 29 8.8 11.7 01:01 7.7 20:34 9.5 0.0 49.8 8.9 49.5 21:30 136 30 8.2 11.4 09:06 4.1 22:11 10.1 0.0 147.0 9.9 43.4 14:30 137 31 4.6 6.0 11:53 1.8 23:47 13.8 0.0 19.0 3.5 25.2 14:30 153 --------------------------------------------------------------------------------------- 8.0 15.0 28 -0.1 13 321.6 0.0 794.2 4.8 49.5 29 137