NOAA-Style Climate Reports
Select a Year or Month report
2024: Jan Feb Mar Apr May Jun Jul Aug Sep Oct Nov Dec
2023: Jan Feb Mar Apr May Jun Jul Aug Sep Oct Nov Dec
2022: Jan Feb Mar Apr May Jun Jul Aug Sep Oct Nov Dec
2021: Jan Feb Mar Apr May Jun Jul Aug Sep Oct Nov Dec
2020: Jan Feb Mar Apr May Jun Jul Aug Sep Oct Nov Dec
2019: Jan Feb Mar Apr May Jun Jul Aug Sep Oct Nov Dec
2018: Jan Feb Mar Apr May Jun Jul Aug Sep Oct Nov Dec
2017: Jan Feb Mar Apr May Jun Jul Aug Sep Oct Nov Dec
2016: Jan Feb Mar Apr May Jun Jul Aug Sep Oct Nov Dec
2015: Jan Feb Mar Apr May Jun Jul Aug Sep Oct Nov Dec
2014: Jan Feb Mar Apr May Jun Jul Aug Sep Oct Nov Dec
2013: Jan Feb Mar Apr May Jun Jul Aug Sep Oct Nov Dec
2012: Jan Feb Mar Apr May Jun Jul Aug Sep Oct Nov Dec
2011: Jan Feb Mar Apr May Jun Jul Aug Sep Oct Nov Dec
2024: Jan Feb Mar Apr May Jun Jul Aug Sep Oct Nov Dec
2023: Jan Feb Mar Apr May Jun Jul Aug Sep Oct Nov Dec
2022: Jan Feb Mar Apr May Jun Jul Aug Sep Oct Nov Dec
2021: Jan Feb Mar Apr May Jun Jul Aug Sep Oct Nov Dec
2020: Jan Feb Mar Apr May Jun Jul Aug Sep Oct Nov Dec
2019: Jan Feb Mar Apr May Jun Jul Aug Sep Oct Nov Dec
2018: Jan Feb Mar Apr May Jun Jul Aug Sep Oct Nov Dec
2017: Jan Feb Mar Apr May Jun Jul Aug Sep Oct Nov Dec
2016: Jan Feb Mar Apr May Jun Jul Aug Sep Oct Nov Dec
2015: Jan Feb Mar Apr May Jun Jul Aug Sep Oct Nov Dec
2014: Jan Feb Mar Apr May Jun Jul Aug Sep Oct Nov Dec
2013: Jan Feb Mar Apr May Jun Jul Aug Sep Oct Nov Dec
2012: Jan Feb Mar Apr May Jun Jul Aug Sep Oct Nov Dec
2011: Jan Feb Mar Apr May Jun Jul Aug Sep Oct Nov Dec
Report for 2015 November
MONTHLY CLIMATOLOGICAL SUMMARY for Nov 2015 NAME: High Mosser Gate ELEV: 673 feet LAT: 54-36.48 N LONG: 003-22.02 W TEMPERATURE (C), RAIN (mm), WIND SPEED (knots) HEAT COOL AVG MEAN DEG DEG WIND DOM DAY TEMP HIGH TIME LOW TIME DAYS DAYS RAIN SPEED HIGH TIME DIR --------------------------------------------------------------------------------------- 01 12.0 15.7 12:55 9.1 23:56 6.3 0.0 0.0 0.7 9.6 10:59 144 02 8.1 10.7 13:15 5.2 23:57 10.2 0.0 0.6 0.0 2.6 11:22 90 03 7.0 8.3 11:40 4.2 01:37 11.3 0.0 1.4 0.1 4.3 05:50 315 04 9.7 11.7 23:19 7.2 01:03 8.7 0.0 4.6 0.3 7.8 23:07 135 05 11.7 13.7 14:40 8.1 06:22 6.7 0.0 7.6 1.5 13.0 11:58 134 06 12.0 13.9 12:17 10.2 21:16 6.3 0.0 6.8 2.5 24.3 12:54 129 07 10.1 11.6 02:30 8.4 18:37 8.3 0.0 30.6 1.3 13.0 02:30 151 08 9.8 12.8 14:26 6.7 19:59 8.5 0.0 45.8 5.1 33.0 14:00 142 09 11.3 13.9 22:59 7.3 00:05 7.0 0.0 28.0 3.9 22.6 05:53 100 10 13.3 13.9 00:15 12.4 23:56 5.1 0.0 6.8 4.0 21.7 10:26 118 11 11.1 12.5 00:00 8.7 20:39 7.2 0.0 53.8 1.5 13.9 06:34 97 12 9.5 11.8 16:38 7.1 21:39 8.8 0.0 26.4 4.8 33.0 18:30 131 13 6.2 7.6 01:18 4.4 12:41 12.1 0.0 4.0 6.2 23.5 12:24 263 14 7.7 12.6 23:09 5.7 00:43 10.6 0.0 32.8 2.8 21.7 03:53 246 15 12.4 12.8 09:50 12.1 20:09 5.9 0.0 67.4 4.0 27.8 23:30 111 16 7.3 12.2 00:00 5.8 23:56 11.0 0.0 3.8 4.3 29.5 01:50 252 17 7.3 11.6 15:31 4.3 03:22 11.1 0.0 11.4 3.0 26.1 14:30 224 18 8.9 11.0 10:09 6.4 00:00 9.5 0.0 28.0 4.7 30.4 20:33 233 19 7.5 8.7 11:31 5.6 16:04 10.8 0.0 2.2 5.1 21.7 00:24 270 20 4.2 6.4 01:43 -0.1 23:57 14.1 0.0 1.8 4.8 20.9 15:00 279 21 1.2 3.0 23:24 -0.4 00:35 17.1 0.0 0.8 3.6 21.7 09:11 1 22 2.3 4.4 13:23 -0.9 23:59 16.0 0.0 0.0 0.8 10.4 11:50 53 23 5.2 8.6 20:46 -1.2 00:14 13.1 0.0 12.8 1.7 15.6 21:00 122 24 6.4 7.3 00:29 4.7 22:42 12.0 0.0 10.0 2.8 16.5 12:30 284 25 7.0 8.2 12:17 4.8 00:29 11.3 0.0 0.6 2.0 11.3 13:00 295 26 9.2 10.7 22:28 6.9 00:07 9.2 0.0 4.4 0.7 7.8 14:56 201 27 7.1 10.4 00:00 3.1 18:28 11.3 0.0 11.0 3.3 23.5 13:55 323 28 5.4 7.1 16:11 3.5 00:47 12.9 0.0 15.8 5.4 27.8 17:12 253 29 6.3 9.8 11:37 2.6 22:22 12.0 0.0 12.8 8.1 38.2 12:00 283 30 3.3 5.4 02:30 1.1 15:37 15.0 0.0 10.2 1.2 18.2 02:30 248 --------------------------------------------------------------------------------------- 8.0 15.7 01 -1.2 23 309.5 0.0 442.2 3.0 38.2 29 230